[INFO] cloning repository https://github.com/octplane/durite
[INFO] running `Command { std: "git" "-c" "credential.helper=" "-c" "credential.helper=/workspace/cargo-home/bin/git-credential-null" "clone" "--bare" "https://github.com/octplane/durite" "/workspace/cache/git-repos/https%3A%2F%2Fgithub.com%2Foctplane%2Fdurite", kill_on_drop: false }`
[INFO] [stderr] Cloning into bare repository '/workspace/cache/git-repos/https%3A%2F%2Fgithub.com%2Foctplane%2Fdurite'...
[INFO] running `Command { std: "git" "rev-parse" "HEAD", kill_on_drop: false }`
[INFO] [stdout] f2248f1db292009ed5e72676422c306aae060a84
[INFO] checking octplane/durite against beta-2021-10-15 for beta-1.56-3
[INFO] running `Command { std: "git" "clone" "/workspace/cache/git-repos/https%3A%2F%2Fgithub.com%2Foctplane%2Fdurite" "/workspace/builds/worker-14/source", kill_on_drop: false }`
[INFO] [stderr] Cloning into '/workspace/builds/worker-14/source'...
[INFO] [stderr] done.
[INFO] validating manifest of git repo https://github.com/octplane/durite on toolchain beta-2021-10-15
[INFO] running `Command { std: "/workspace/cargo-home/bin/cargo" "+beta-2021-10-15" "metadata" "--manifest-path" "Cargo.toml" "--no-deps", kill_on_drop: false }`
[INFO] started tweaking git repo https://github.com/octplane/durite
[INFO] finished tweaking git repo https://github.com/octplane/durite
[INFO] tweaked toml for git repo https://github.com/octplane/durite written to /workspace/builds/worker-14/source/Cargo.toml
[INFO] crate git repo https://github.com/octplane/durite already has a lockfile, it will not be regenerated
[INFO] running `Command { std: "/workspace/cargo-home/bin/cargo" "+beta-2021-10-15" "fetch" "--manifest-path" "Cargo.toml", kill_on_drop: false }`
[INFO] [stderr]  Downloading crates ...
[INFO] [stderr]   Downloaded time v0.1.32
[INFO] [stderr]   Downloaded regex-syntax v0.2.1
[INFO] [stderr]   Downloaded chrono v0.2.15
[INFO] [stderr]   Downloaded rand v0.3.10
[INFO] [stderr]   Downloaded winapi v0.2.2
[INFO] [stderr]   Downloaded aho-corasick v0.3.0
[INFO] [stderr]   Downloaded regex v0.1.41
[INFO] [stderr]   Downloaded docopt v0.6.70
[INFO] [stderr]   Downloaded riemann_client v0.6.0
[INFO] [stderr]   Downloaded memchr v0.1.5
[INFO] [stderr]   Downloaded num v0.1.26
[INFO] [stderr]   Downloaded protobuf v1.0.2
[INFO] running `Command { std: "docker" "create" "-v" "/var/lib/crater-agent-workspace/builds/worker-14/target:/opt/rustwide/target:rw,Z" "-v" "/var/lib/crater-agent-workspace/builds/worker-14/source:/opt/rustwide/workdir:ro,Z" "-v" "/var/lib/crater-agent-workspace/cargo-home:/opt/rustwide/cargo-home:ro,Z" "-v" "/var/lib/crater-agent-workspace/rustup-home:/opt/rustwide/rustup-home:ro,Z" "-e" "SOURCE_DIR=/opt/rustwide/workdir" "-e" "CARGO_TARGET_DIR=/opt/rustwide/target" "-e" "CARGO_HOME=/opt/rustwide/cargo-home" "-e" "RUSTUP_HOME=/opt/rustwide/rustup-home" "-w" "/opt/rustwide/workdir" "-m" "1610612736" "--user" "0:0" "--network" "none" "ghcr.io/rust-lang/crates-build-env/linux@sha256:a89201d6b5b9fd45c15d5952ece0a0129e7e80cb26ec023fd59cf09bc26f1604" "/opt/rustwide/cargo-home/bin/cargo" "+beta-2021-10-15" "metadata" "--no-deps" "--format-version=1", kill_on_drop: false }`
[INFO] [stderr] WARNING: Your kernel does not support swap limit capabilities or the cgroup is not mounted. Memory limited without swap.
[INFO] [stdout] 3267d5117f3df2b8f375a34a33f675fc6a4b0855bb9ee1113b0ac40b5405f2f5
[INFO] running `Command { std: "docker" "start" "-a" "3267d5117f3df2b8f375a34a33f675fc6a4b0855bb9ee1113b0ac40b5405f2f5", kill_on_drop: false }`
[INFO] running `Command { std: "docker" "inspect" "3267d5117f3df2b8f375a34a33f675fc6a4b0855bb9ee1113b0ac40b5405f2f5", kill_on_drop: false }`
[INFO] running `Command { std: "docker" "rm" "-f" "3267d5117f3df2b8f375a34a33f675fc6a4b0855bb9ee1113b0ac40b5405f2f5", kill_on_drop: false }`
[INFO] [stdout] 3267d5117f3df2b8f375a34a33f675fc6a4b0855bb9ee1113b0ac40b5405f2f5
[INFO] running `Command { std: "docker" "create" "-v" "/var/lib/crater-agent-workspace/builds/worker-14/target:/opt/rustwide/target:rw,Z" "-v" "/var/lib/crater-agent-workspace/builds/worker-14/source:/opt/rustwide/workdir:ro,Z" "-v" "/var/lib/crater-agent-workspace/cargo-home:/opt/rustwide/cargo-home:ro,Z" "-v" "/var/lib/crater-agent-workspace/rustup-home:/opt/rustwide/rustup-home:ro,Z" "-e" "SOURCE_DIR=/opt/rustwide/workdir" "-e" "CARGO_TARGET_DIR=/opt/rustwide/target" "-e" "CARGO_INCREMENTAL=0" "-e" "RUST_BACKTRACE=full" "-e" "RUSTFLAGS=--cap-lints=warn" "-e" "CARGO_HOME=/opt/rustwide/cargo-home" "-e" "RUSTUP_HOME=/opt/rustwide/rustup-home" "-w" "/opt/rustwide/workdir" "-m" "1610612736" "--user" "0:0" "--network" "none" "ghcr.io/rust-lang/crates-build-env/linux@sha256:a89201d6b5b9fd45c15d5952ece0a0129e7e80cb26ec023fd59cf09bc26f1604" "/opt/rustwide/cargo-home/bin/cargo" "+beta-2021-10-15" "check" "--frozen" "--all" "--all-targets" "--message-format=json", kill_on_drop: false }`
[INFO] [stdout] f6b077ce5f7e4c40e54ecd34d9177ea93cb2561d79309671c488f835ae828752
[INFO] [stderr] WARNING: Your kernel does not support swap limit capabilities or the cgroup is not mounted. Memory limited without swap.
[INFO] running `Command { std: "docker" "start" "-a" "f6b077ce5f7e4c40e54ecd34d9177ea93cb2561d79309671c488f835ae828752", kill_on_drop: false }`
[INFO] [stderr]     Checking libc v0.1.10
[INFO] [stderr]     Checking winapi v0.2.2
[INFO] [stderr]     Checking rustc-serialize v0.3.16
[INFO] [stderr]     Checking regex-syntax v0.2.1
[INFO] [stderr]     Checking strsim v0.3.0
[INFO] [stderr]     Checking protobuf v1.0.2
[INFO] [stderr]    Compiling advapi32-sys v0.1.2
[INFO] [stderr]    Compiling kernel32-sys v0.1.4
[INFO] [stderr]     Checking memchr v0.1.5
[INFO] [stdout] error[E0642]: patterns aren't allowed in functions without bodies
[INFO] [stdout]    --> /opt/rustwide/cargo-home/registry/src/github.com-1ecc6299db9ec823/rustc-serialize-0.3.16/src/serialize.rs:145:45
[INFO] [stdout]     |
[INFO] [stdout] 145 | ...                   &f_name: &str,
[INFO] [stdout]     |                       ^^^^^^^ pattern not allowed in function without body
[INFO] [stdout] 
[INFO] [stdout] 
[INFO] [stdout] error[E0532]: expected tuple struct or tuple variant, found unit variant `RustType::Bool`
[INFO] [stdout]    --> /opt/rustwide/cargo-home/registry/src/github.com-1ecc6299db9ec823/protobuf-1.0.2/src/lib/codegen.rs:166:13
[INFO] [stdout]     |
[INFO] [stdout] 33  |     Bool,
[INFO] [stdout]     |     ---- `RustType::Bool` defined here
[INFO] [stdout] ...
[INFO] [stdout] 166 |             RustType::Bool(..)                       => "false".to_string(),
[INFO] [stdout]     |             ^^^^^^^^^^^^^^^^^^
[INFO] [stdout]     |
[INFO] [stdout] help: use this syntax instead
[INFO] [stdout]     |
[INFO] [stdout] 166 |             RustType::Bool                       => "false".to_string(),
[INFO] [stdout]     |             ~~~~~~~~~~~~~~
[INFO] [stdout] help: consider importing one of these items instead
[INFO] [stdout]     |
[INFO] [stdout] 1   | use reflect::accessor::RepeatedGet::Bool;
[INFO] [stdout]     |
[INFO] [stdout] 1   | use reflect::accessor::SingularGet::Bool;
[INFO] [stdout]     |
[INFO] [stdout] 
[INFO] [stdout] 
[INFO] [stderr]     Checking aho-corasick v0.3.0
[INFO] [stderr]     Checking time v0.1.32
[INFO] [stderr]     Checking rand v0.3.10
[INFO] [stdout] error[E0277]: the size for values of type `Self` cannot be known at compilation time
[INFO] [stdout]   --> /opt/rustwide/cargo-home/registry/src/github.com-1ecc6299db9ec823/protobuf-1.0.2/src/lib/paginate.rs:2:39
[INFO] [stdout]    |
[INFO] [stdout] 2  |     fn paginate(self, page: usize) -> Paginate<Self>;
[INFO] [stdout]    |                                       ^^^^^^^^^^^^^^ doesn't have a size known at compile-time
[INFO] [stdout]    |
[INFO] [stdout] note: required by a bound in `Paginate`
[INFO] [stdout]   --> /opt/rustwide/cargo-home/registry/src/github.com-1ecc6299db9ec823/protobuf-1.0.2/src/lib/paginate.rs:14:17
[INFO] [stdout]    |
[INFO] [stdout] 14 | struct Paginate<I> {
[INFO] [stdout]    |                 ^ required by this bound in `Paginate`
[INFO] [stdout] help: you could relax the implicit `Sized` bound on `I` if it were used through indirection like `&I` or `Box<I>`
[INFO] [stdout]   --> /opt/rustwide/cargo-home/registry/src/github.com-1ecc6299db9ec823/protobuf-1.0.2/src/lib/paginate.rs:14:17
[INFO] [stdout]    |
[INFO] [stdout] 14 | struct Paginate<I> {
[INFO] [stdout]    |                 ^ this could be changed to `I: ?Sized`...
[INFO] [stdout] 15 |     iter: I,
[INFO] [stdout]    |           - ...if indirection were used here: `Box<I>`
[INFO] [stdout] help: consider further restricting `Self`
[INFO] [stdout]    |
[INFO] [stdout] 2  |     fn paginate(self, page: usize) -> Paginate<Self> where Self: Sized;
[INFO] [stdout]    |                                                      +++++++++++++++++
[INFO] [stdout] 
[INFO] [stdout] 
[INFO] [stdout] error: aborting due to 2 previous errors
[INFO] [stdout] 
[INFO] [stdout] 
[INFO] [stdout] Some errors have detailed explanations: E0277, E0532.
[INFO] [stdout] 
[INFO] [stdout] For more information about an error, try `rustc --explain E0277`.
[INFO] [stdout] 
[INFO] [stderr] error: could not compile `protobuf` due to 3 previous errors
[INFO] [stderr] warning: build failed, waiting for other jobs to finish...
[INFO] [stdout] error: aborting due to previous error
[INFO] [stdout] 
[INFO] [stdout] 
[INFO] [stdout] For more information about this error, try `rustc --explain E0642`.
[INFO] [stdout] 
[INFO] [stderr] error: build failed
[INFO] running `Command { std: "docker" "inspect" "f6b077ce5f7e4c40e54ecd34d9177ea93cb2561d79309671c488f835ae828752", kill_on_drop: false }`
[INFO] running `Command { std: "docker" "rm" "-f" "f6b077ce5f7e4c40e54ecd34d9177ea93cb2561d79309671c488f835ae828752", kill_on_drop: false }`
[INFO] [stdout] f6b077ce5f7e4c40e54ecd34d9177ea93cb2561d79309671c488f835ae828752
