[INFO] cloning repository https://github.com/obrhubr/fulltext-search-rust
[INFO] running `Command { std: "git" "-c" "credential.helper=" "-c" "credential.helper=/workspace/cargo-home/bin/git-credential-null" "clone" "--bare" "https://github.com/obrhubr/fulltext-search-rust" "/workspace/cache/git-repos/https%3A%2F%2Fgithub.com%2Fobrhubr%2Ffulltext-search-rust", kill_on_drop: false }`
[INFO] [stderr] Cloning into bare repository '/workspace/cache/git-repos/https%3A%2F%2Fgithub.com%2Fobrhubr%2Ffulltext-search-rust'...
[INFO] running `Command { std: "git" "rev-parse" "HEAD", kill_on_drop: false }`
[INFO] [stdout] 52a157d166e3e6a46e18e0b09dc7ffcfb8bbdbc8
[INFO] checking obrhubr/fulltext-search-rust against 1.55.0 for beta-1.56-3
[INFO] running `Command { std: "git" "clone" "/workspace/cache/git-repos/https%3A%2F%2Fgithub.com%2Fobrhubr%2Ffulltext-search-rust" "/workspace/builds/worker-4/source", kill_on_drop: false }`
[INFO] [stderr] Cloning into '/workspace/builds/worker-4/source'...
[INFO] [stderr] done.
[INFO] validating manifest of git repo https://github.com/obrhubr/fulltext-search-rust on toolchain 1.55.0
[INFO] running `Command { std: "/workspace/cargo-home/bin/cargo" "+1.55.0" "metadata" "--manifest-path" "Cargo.toml" "--no-deps", kill_on_drop: false }`
[INFO] started tweaking git repo https://github.com/obrhubr/fulltext-search-rust
[INFO] finished tweaking git repo https://github.com/obrhubr/fulltext-search-rust
[INFO] tweaked toml for git repo https://github.com/obrhubr/fulltext-search-rust written to /workspace/builds/worker-4/source/Cargo.toml
[INFO] crate git repo https://github.com/obrhubr/fulltext-search-rust already has a lockfile, it will not be regenerated
[INFO] running `Command { std: "/workspace/cargo-home/bin/cargo" "+1.55.0" "fetch" "--manifest-path" "Cargo.toml", kill_on_drop: false }`
[INFO] [stderr]     Blocking waiting for file lock on package cache
[INFO] running `Command { std: "docker" "create" "-v" "/var/lib/crater-agent-workspace/builds/worker-4/target:/opt/rustwide/target:rw,Z" "-v" "/var/lib/crater-agent-workspace/builds/worker-4/source:/opt/rustwide/workdir:ro,Z" "-v" "/var/lib/crater-agent-workspace/cargo-home:/opt/rustwide/cargo-home:ro,Z" "-v" "/var/lib/crater-agent-workspace/rustup-home:/opt/rustwide/rustup-home:ro,Z" "-e" "SOURCE_DIR=/opt/rustwide/workdir" "-e" "CARGO_TARGET_DIR=/opt/rustwide/target" "-e" "CARGO_HOME=/opt/rustwide/cargo-home" "-e" "RUSTUP_HOME=/opt/rustwide/rustup-home" "-w" "/opt/rustwide/workdir" "-m" "1610612736" "--user" "0:0" "--network" "none" "ghcr.io/rust-lang/crates-build-env/linux@sha256:a89201d6b5b9fd45c15d5952ece0a0129e7e80cb26ec023fd59cf09bc26f1604" "/opt/rustwide/cargo-home/bin/cargo" "+1.55.0" "metadata" "--no-deps" "--format-version=1", kill_on_drop: false }`
[INFO] [stdout] 790a4cb7e2fa3a01b0b49654aa820edc896e8666714788b67b3ada856afad08b
[INFO] [stderr] WARNING: Your kernel does not support swap limit capabilities or the cgroup is not mounted. Memory limited without swap.
[INFO] running `Command { std: "docker" "start" "-a" "790a4cb7e2fa3a01b0b49654aa820edc896e8666714788b67b3ada856afad08b", kill_on_drop: false }`
[INFO] running `Command { std: "docker" "inspect" "790a4cb7e2fa3a01b0b49654aa820edc896e8666714788b67b3ada856afad08b", kill_on_drop: false }`
[INFO] running `Command { std: "docker" "rm" "-f" "790a4cb7e2fa3a01b0b49654aa820edc896e8666714788b67b3ada856afad08b", kill_on_drop: false }`
[INFO] [stdout] 790a4cb7e2fa3a01b0b49654aa820edc896e8666714788b67b3ada856afad08b
[INFO] running `Command { std: "docker" "create" "-v" "/var/lib/crater-agent-workspace/builds/worker-4/target:/opt/rustwide/target:rw,Z" "-v" "/var/lib/crater-agent-workspace/builds/worker-4/source:/opt/rustwide/workdir:ro,Z" "-v" "/var/lib/crater-agent-workspace/cargo-home:/opt/rustwide/cargo-home:ro,Z" "-v" "/var/lib/crater-agent-workspace/rustup-home:/opt/rustwide/rustup-home:ro,Z" "-e" "SOURCE_DIR=/opt/rustwide/workdir" "-e" "CARGO_TARGET_DIR=/opt/rustwide/target" "-e" "CARGO_INCREMENTAL=0" "-e" "RUST_BACKTRACE=full" "-e" "RUSTFLAGS=--cap-lints=warn" "-e" "CARGO_HOME=/opt/rustwide/cargo-home" "-e" "RUSTUP_HOME=/opt/rustwide/rustup-home" "-w" "/opt/rustwide/workdir" "-m" "1610612736" "--user" "0:0" "--network" "none" "ghcr.io/rust-lang/crates-build-env/linux@sha256:a89201d6b5b9fd45c15d5952ece0a0129e7e80cb26ec023fd59cf09bc26f1604" "/opt/rustwide/cargo-home/bin/cargo" "+1.55.0" "check" "--frozen" "--all" "--all-targets" "--message-format=json", kill_on_drop: false }`
[INFO] [stderr] WARNING: Your kernel does not support swap limit capabilities or the cgroup is not mounted. Memory limited without swap.
[INFO] [stdout] f22ce098746c6470e52b1a85245f058b0fff6ea09e1a9a3e1d030a7bc7f13f1e
[INFO] running `Command { std: "docker" "start" "-a" "f22ce098746c6470e52b1a85245f058b0fff6ea09e1a9a3e1d030a7bc7f13f1e", kill_on_drop: false }`
[INFO] [stderr]    Compiling libc v0.2.99
[INFO] [stderr]    Compiling tap v1.0.1
[INFO] [stderr]    Compiling wyz v0.2.0
[INFO] [stderr]    Compiling funty v1.1.0
[INFO] [stderr]    Compiling bindgen v0.59.1
[INFO] [stderr]    Compiling siphasher v0.3.7
[INFO] [stderr]    Compiling shlex v1.0.0
[INFO] [stderr]    Compiling httparse v1.5.0
[INFO] [stderr]    Compiling futures-util v0.3.16
[INFO] [stderr]    Compiling nom v6.2.1
[INFO] [stderr]    Compiling tokio v1.10.0
[INFO] [stderr]    Compiling libloading v0.7.0
[INFO] [stderr]    Compiling clang-sys v1.2.0
[INFO] [stderr]    Compiling libsqlite3-sys v0.22.2
[INFO] [stderr]    Compiling radium v0.5.3
[INFO] [stderr]    Compiling syn v1.0.74
[INFO] [stderr]    Compiling regex v1.4.6
[INFO] [stderr]    Compiling phf_shared v0.10.0
[INFO] [stderr]    Compiling phf v0.10.0
[INFO] [stderr]    Compiling bitvec v0.19.5
[INFO] [stderr]    Compiling jobserver v0.1.24
[INFO] [stderr]    Compiling getrandom v0.2.3
[INFO] [stderr]     Checking iovec v0.1.4
[INFO] [stderr]     Checking signal-hook-registry v1.4.0
[INFO] [stderr]     Checking net2 v0.2.37
[INFO] [stderr]     Checking parking_lot_core v0.8.3
[INFO] [stderr]     Checking num_cpus v1.13.0
[INFO] [stderr]     Checking getrandom v0.1.16
[INFO] [stderr]     Checking hostname v0.3.1
[INFO] [stderr]     Checking flate2 v1.0.20
[INFO] [stderr]     Checking socket2 v0.3.19
[INFO] [stderr]     Checking mio v0.7.13
[INFO] [stderr]     Checking resolv-conf v0.7.0
[INFO] [stderr]    Compiling rand_core v0.6.3
[INFO] [stderr]     Checking threadpool v1.8.1
[INFO] [stderr]     Checking ahash v0.7.4
[INFO] [stderr]    Compiling cc v1.0.69
[INFO] [stderr]     Checking rand_core v0.5.1
[INFO] [stderr]     Checking parking_lot v0.11.1
[INFO] [stderr]     Checking mio v0.6.23
[INFO] [stderr]    Compiling rand_chacha v0.3.1
[INFO] [stderr]     Checking hashbrown v0.11.2
[INFO] [stderr]     Checking rand_chacha v0.2.2
[INFO] [stderr]     Checking scheduled-thread-pool v0.2.5
[INFO] [stderr]     Checking r2d2 v0.8.9
[INFO] [stderr]     Checking rand v0.7.3
[INFO] [stderr]    Compiling rand v0.8.4
[INFO] [stderr]     Checking mio-uds v0.6.8
[INFO] [stderr]     Checking indexmap v1.7.0
[INFO] [stderr]     Checking hashlink v0.7.0
[INFO] [stderr]     Checking tokio v0.2.25
[INFO] [stderr]    Compiling brotli-sys v0.3.2
[INFO] [stderr]     Checking rusqlite v0.25.3
[INFO] [stderr]    Compiling phf_generator v0.10.0
[INFO] [stderr]    Compiling phf_codegen v0.10.0
[INFO] [stderr]    Compiling rust-fulltext v0.1.0 (/opt/rustwide/workdir)
[INFO] [stderr]     Checking r2d2_sqlite v0.18.0
[INFO] [stderr]     Checking brotli2 v0.3.2
[INFO] [stderr]    Compiling cexpr v0.5.0
[INFO] [stderr]     Checking tokio-util v0.3.1
[INFO] [stderr]    Compiling futures-macro v0.3.16
[INFO] [stderr]    Compiling pin-project-internal v0.4.28
[INFO] [stderr]    Compiling derive_more v0.99.16
[INFO] [stderr]    Compiling serde_derive v1.0.127
[INFO] [stderr]    Compiling actix-macros v0.1.3
[INFO] [stderr]    Compiling thiserror-impl v1.0.26
[INFO] [stderr]    Compiling pin-project-internal v1.0.8
[INFO] [stderr]    Compiling async-trait v0.1.51
[INFO] [stderr]    Compiling time-macros-impl v0.1.2
[INFO] [stderr]    Compiling enum-as-inner v0.3.3
[INFO] [stderr]    Compiling actix-web-codegen v0.4.0
[INFO] [stderr]    Compiling actix-macros v0.2.1
[INFO] [stderr]     Checking actix-rt v2.2.0
[INFO] [stderr]     Checking time-macros v0.1.1
[INFO] [stderr]     Checking time v0.2.27
[INFO] [stderr]     Checking thiserror v1.0.26
[INFO] [stderr]     Checking pin-project v1.0.8
[INFO] [stderr]     Checking cookie v0.14.4
[INFO] [stderr]     Checking tracing-futures v0.2.5
[INFO] [stderr]     Checking pin-project v0.4.28
[INFO] [stderr]     Checking actix-codec v0.3.0
[INFO] [stderr]     Checking actix-threadpool v0.3.3
[INFO] [stderr]    Compiling librocksdb-sys v6.20.3
[INFO] [stderr]     Checking actix-rt v1.1.1
[INFO] [stderr]     Checking actix-service v1.0.6
[INFO] [stderr]     Checking futures v0.3.16
[INFO] [stderr]     Checking h2 v0.2.7
[INFO] [stderr]     Checking serde v1.0.127
[INFO] [stderr]     Checking trust-dns-proto v0.19.7
[INFO] [stderr]     Checking actix-utils v2.0.0
[INFO] [stderr]     Checking actix-server v1.0.4
[INFO] [stderr]     Checking actix-tls v2.0.0
[INFO] [stderr]     Checking trust-dns-resolver v0.19.7
[INFO] [stderr]     Checking actix-testing v1.0.1
[INFO] [stderr]     Checking serde_urlencoded v0.7.0
[INFO] [stderr]     Checking serde_json v1.0.66
[INFO] [stderr]     Checking actix-router v0.2.7
[INFO] [stderr]     Checking rust-stemmers v1.2.0
[INFO] [stderr]     Checking bincode v1.3.3
[INFO] [stderr]     Checking actix-connect v2.0.0
[INFO] [stderr]     Checking actix-http v2.2.1
[INFO] [stderr] error: could not compile `actix-http`
[INFO] [stderr] 
[INFO] [stderr] Caused by:
[INFO] [stderr]   process didn't exit successfully: `rustc --crate-name actix_http --edition=2018 /opt/rustwide/cargo-home/registry/src/github.com-1ecc6299db9ec823/actix-http-2.2.1/src/lib.rs --error-format=json --json=diagnostic-rendered-ansi --crate-type lib --emit=dep-info,metadata -C embed-bitcode=no -C debuginfo=2 --cfg 'feature="brotli2"' --cfg 'feature="compress"' --cfg 'feature="default"' --cfg 'feature="flate2"' -C metadata=c46961f2cefec36c -C extra-filename=-c46961f2cefec36c --out-dir /opt/rustwide/target/debug/deps -L dependency=/opt/rustwide/target/debug/deps --extern actix_codec=/opt/rustwide/target/debug/deps/libactix_codec-a0ca6d9bb12db07d.rmeta --extern actix_connect=/opt/rustwide/target/debug/deps/libactix_connect-dfad23702a21777c.rmeta --extern actix_rt=/opt/rustwide/target/debug/deps/libactix_rt-24f636fdc7484f63.rmeta --extern actix_service=/opt/rustwide/target/debug/deps/libactix_service-e8fa87a444c44b40.rmeta --extern actix_threadpool=/opt/rustwide/target/debug/deps/libactix_threadpool-c539f864a400e820.rmeta --extern actix_utils=/opt/rustwide/target/debug/deps/libactix_utils-4671e88ea2c4337f.rmeta --extern base64=/opt/rustwide/target/debug/deps/libbase64-89b7f5717bf11c0b.rmeta --extern bitflags=/opt/rustwide/target/debug/deps/libbitflags-3b1bcf72fa36efb2.rmeta --extern brotli2=/opt/rustwide/target/debug/deps/libbrotli2-cdf61f8c654f406d.rmeta --extern bytes=/opt/rustwide/target/debug/deps/libbytes-7153a0545de8ee2f.rmeta --extern cookie=/opt/rustwide/target/debug/deps/libcookie-bac759039f3ef158.rmeta --extern copyless=/opt/rustwide/target/debug/deps/libcopyless-3ce741333199bdeb.rmeta --extern derive_more=/opt/rustwide/target/debug/deps/libderive_more-62ae2d158b6cf6cd.so --extern either=/opt/rustwide/target/debug/deps/libeither-ce007d595989cca4.rmeta --extern encoding_rs=/opt/rustwide/target/debug/deps/libencoding_rs-efb554f3f250fc2b.rmeta --extern flate2=/opt/rustwide/target/debug/deps/libflate2-f83e1e0d6f7780ff.rmeta --extern futures_channel=/opt/rustwide/target/debug/deps/libfutures_channel-bf4266882397c1e3.rmeta --extern futures_core=/opt/rustwide/target/debug/deps/libfutures_core-3709fa440e9b1314.rmeta --extern futures_util=/opt/rustwide/target/debug/deps/libfutures_util-49638c425b67aea5.rmeta --extern fxhash=/opt/rustwide/target/debug/deps/libfxhash-9a902149789ffd29.rmeta --extern h2=/opt/rustwide/target/debug/deps/libh2-f8e299a9579ca895.rmeta --extern http=/opt/rustwide/target/debug/deps/libhttp-865455b9d368a194.rmeta --extern httparse=/opt/rustwide/target/debug/deps/libhttparse-338cfc3aecae84aa.rmeta --extern indexmap=/opt/rustwide/target/debug/deps/libindexmap-603cad8a6ed9e7e4.rmeta --extern itoa=/opt/rustwide/target/debug/deps/libitoa-7f596774c33c4a87.rmeta --extern language_tags=/opt/rustwide/target/debug/deps/liblanguage_tags-eeaed5007f734319.rmeta --extern lazy_static=/opt/rustwide/target/debug/deps/liblazy_static-cc03ae82f95c691d.rmeta --extern log=/opt/rustwide/target/debug/deps/liblog-0ed70860e3168808.rmeta --extern mime=/opt/rustwide/target/debug/deps/libmime-4cb3ad9d9d0b2124.rmeta --extern percent_encoding=/opt/rustwide/target/debug/deps/libpercent_encoding-87730451b3ab7ce8.rmeta --extern pin_project=/opt/rustwide/target/debug/deps/libpin_project-46f61546ba86da3d.rmeta --extern rand=/opt/rustwide/target/debug/deps/librand-d372e29280219b6f.rmeta --extern regex=/opt/rustwide/target/debug/deps/libregex-81b2b0cf03f09ee7.rmeta --extern serde=/opt/rustwide/target/debug/deps/libserde-e03d900581251a6e.rmeta --extern serde_json=/opt/rustwide/target/debug/deps/libserde_json-0ff0ff0c98d77139.rmeta --extern serde_urlencoded=/opt/rustwide/target/debug/deps/libserde_urlencoded-be18d2e62311d39a.rmeta --extern sha1=/opt/rustwide/target/debug/deps/libsha1-4243d4e052579af6.rmeta --extern slab=/opt/rustwide/target/debug/deps/libslab-834bb11fbb33b5f9.rmeta --extern time=/opt/rustwide/target/debug/deps/libtime-f3a2ea08d60591c5.rmeta --cap-lints allow --cap-lints=warn -L native=/opt/rustwide/target/debug/build/brotli-sys-a8edd307d2733e23/out` (signal: 9, SIGKILL: kill)
[INFO] [stderr] warning: build failed, waiting for other jobs to finish...
[INFO] [stderr] The following warnings were emitted during compilation:
[INFO] [stderr] 
[INFO] [stderr] warning: c++: fatal error: Killed signal terminated program cc1plus
[INFO] [stderr] warning: compilation terminated.
[INFO] [stderr] warning: c++: fatal error: Killed signal terminated program cc1plus
[INFO] [stderr] warning: compilation terminated.
[INFO] [stderr] warning: c++: fatal error: Killed signal terminated program cc1plus
[INFO] [stderr] warning: compilation terminated.
[INFO] [stderr] warning: c++: fatal error: Killed signal terminated program cc1plus
[INFO] [stderr] warning: compilation terminated.
[INFO] [stderr] warning: c++: fatal error: Killed signal terminated program cc1plus
[INFO] [stderr] warning: compilation terminated.
[INFO] [stderr] 
[INFO] [stderr] error: build failed
[INFO] running `Command { std: "docker" "inspect" "f22ce098746c6470e52b1a85245f058b0fff6ea09e1a9a3e1d030a7bc7f13f1e", kill_on_drop: false }`
[INFO] running `Command { std: "docker" "rm" "-f" "f22ce098746c6470e52b1a85245f058b0fff6ea09e1a9a3e1d030a7bc7f13f1e", kill_on_drop: false }`
[INFO] [stdout] f22ce098746c6470e52b1a85245f058b0fff6ea09e1a9a3e1d030a7bc7f13f1e
