[INFO] cloning repository https://github.com/nvanbenschoten/cockroach_fuse
[INFO] running `Command { std: "git" "-c" "credential.helper=" "-c" "credential.helper=/workspace/cargo-home/bin/git-credential-null" "clone" "--bare" "https://github.com/nvanbenschoten/cockroach_fuse" "/workspace/cache/git-repos/https%3A%2F%2Fgithub.com%2Fnvanbenschoten%2Fcockroach_fuse", kill_on_drop: false }`
[INFO] [stderr] Cloning into bare repository '/workspace/cache/git-repos/https%3A%2F%2Fgithub.com%2Fnvanbenschoten%2Fcockroach_fuse'...
[INFO] running `Command { std: "git" "rev-parse" "HEAD", kill_on_drop: false }`
[INFO] [stdout] 59039fc167430ca2b22af212e20e39f005e09588
[INFO] checking nvanbenschoten/cockroach_fuse against 1.55.0 for beta-1.56-3
[INFO] running `Command { std: "git" "clone" "/workspace/cache/git-repos/https%3A%2F%2Fgithub.com%2Fnvanbenschoten%2Fcockroach_fuse" "/workspace/builds/worker-2/source", kill_on_drop: false }`
[INFO] [stderr] Cloning into '/workspace/builds/worker-2/source'...
[INFO] [stderr] done.
[INFO] validating manifest of git repo https://github.com/nvanbenschoten/cockroach_fuse on toolchain 1.55.0
[INFO] running `Command { std: "/workspace/cargo-home/bin/cargo" "+1.55.0" "metadata" "--manifest-path" "Cargo.toml" "--no-deps", kill_on_drop: false }`
[INFO] started tweaking git repo https://github.com/nvanbenschoten/cockroach_fuse
[INFO] finished tweaking git repo https://github.com/nvanbenschoten/cockroach_fuse
[INFO] tweaked toml for git repo https://github.com/nvanbenschoten/cockroach_fuse written to /workspace/builds/worker-2/source/Cargo.toml
[INFO] crate git repo https://github.com/nvanbenschoten/cockroach_fuse already has a lockfile, it will not be regenerated
[INFO] running `Command { std: "/workspace/cargo-home/bin/cargo" "+1.55.0" "fetch" "--manifest-path" "Cargo.toml", kill_on_drop: false }`
[INFO] [stderr]     Blocking waiting for file lock on package cache
[INFO] [stderr]  Downloading crates ...
[INFO] [stderr]   Downloaded thread-scoped v1.0.2
[INFO] [stderr]   Downloaded fuse v0.3.1
[INFO] [stderr]   Downloaded log v0.4.7
[INFO] [stderr]   Downloaded postgres-protocol v0.3.2
[INFO] [stderr]   Downloaded postgres-shared v0.4.2
[INFO] [stderr]   Downloaded postgres v0.15.2
[INFO] [stderr]   Downloaded md5 v0.3.8
[INFO] [stderr]   Downloaded libc v0.2.59
[INFO] [stderr]   Downloaded socket2 v0.3.9
[INFO] running `Command { std: "docker" "create" "-v" "/var/lib/crater-agent-workspace/builds/worker-2/target:/opt/rustwide/target:rw,Z" "-v" "/var/lib/crater-agent-workspace/builds/worker-2/source:/opt/rustwide/workdir:ro,Z" "-v" "/var/lib/crater-agent-workspace/cargo-home:/opt/rustwide/cargo-home:ro,Z" "-v" "/var/lib/crater-agent-workspace/rustup-home:/opt/rustwide/rustup-home:ro,Z" "-e" "SOURCE_DIR=/opt/rustwide/workdir" "-e" "CARGO_TARGET_DIR=/opt/rustwide/target" "-e" "CARGO_HOME=/opt/rustwide/cargo-home" "-e" "RUSTUP_HOME=/opt/rustwide/rustup-home" "-w" "/opt/rustwide/workdir" "-m" "1610612736" "--user" "0:0" "--network" "none" "ghcr.io/rust-lang/crates-build-env/linux@sha256:a89201d6b5b9fd45c15d5952ece0a0129e7e80cb26ec023fd59cf09bc26f1604" "/opt/rustwide/cargo-home/bin/cargo" "+1.55.0" "metadata" "--no-deps" "--format-version=1", kill_on_drop: false }`
[INFO] [stdout] ead390947d96cf3dfbf5fe36c07469501a46f7a4a3d06f2416c20519e808a093
[INFO] [stderr] WARNING: Your kernel does not support swap limit capabilities or the cgroup is not mounted. Memory limited without swap.
[INFO] running `Command { std: "docker" "start" "-a" "ead390947d96cf3dfbf5fe36c07469501a46f7a4a3d06f2416c20519e808a093", kill_on_drop: false }`
[INFO] running `Command { std: "docker" "inspect" "ead390947d96cf3dfbf5fe36c07469501a46f7a4a3d06f2416c20519e808a093", kill_on_drop: false }`
[INFO] running `Command { std: "docker" "rm" "-f" "ead390947d96cf3dfbf5fe36c07469501a46f7a4a3d06f2416c20519e808a093", kill_on_drop: false }`
[INFO] [stdout] ead390947d96cf3dfbf5fe36c07469501a46f7a4a3d06f2416c20519e808a093
[INFO] running `Command { std: "docker" "create" "-v" "/var/lib/crater-agent-workspace/builds/worker-2/target:/opt/rustwide/target:rw,Z" "-v" "/var/lib/crater-agent-workspace/builds/worker-2/source:/opt/rustwide/workdir:ro,Z" "-v" "/var/lib/crater-agent-workspace/cargo-home:/opt/rustwide/cargo-home:ro,Z" "-v" "/var/lib/crater-agent-workspace/rustup-home:/opt/rustwide/rustup-home:ro,Z" "-e" "SOURCE_DIR=/opt/rustwide/workdir" "-e" "CARGO_TARGET_DIR=/opt/rustwide/target" "-e" "CARGO_INCREMENTAL=0" "-e" "RUST_BACKTRACE=full" "-e" "RUSTFLAGS=--cap-lints=warn" "-e" "CARGO_HOME=/opt/rustwide/cargo-home" "-e" "RUSTUP_HOME=/opt/rustwide/rustup-home" "-w" "/opt/rustwide/workdir" "-m" "1610612736" "--user" "0:0" "--network" "none" "ghcr.io/rust-lang/crates-build-env/linux@sha256:a89201d6b5b9fd45c15d5952ece0a0129e7e80cb26ec023fd59cf09bc26f1604" "/opt/rustwide/cargo-home/bin/cargo" "+1.55.0" "check" "--frozen" "--all" "--all-targets" "--message-format=json", kill_on_drop: false }`
[INFO] [stderr] WARNING: Your kernel does not support swap limit capabilities or the cgroup is not mounted. Memory limited without swap.
[INFO] [stdout] 9656e2a984cfa9661d51e88a50cbaab63c5b9584cb12c39c8f1fb97bfda77e02
[INFO] running `Command { std: "docker" "start" "-a" "9656e2a984cfa9661d51e88a50cbaab63c5b9584cb12c39c8f1fb97bfda77e02", kill_on_drop: false }`
[INFO] [stderr]    Compiling libc v0.2.59
[INFO] [stderr]     Checking constant_time_eq v0.1.3
[INFO] [stderr]     Checking byte-tools v0.2.0
[INFO] [stderr]     Checking arrayref v0.3.5
[INFO] [stderr]    Compiling log v0.4.7
[INFO] [stderr]     Checking fallible-iterator v0.1.6
[INFO] [stderr]     Checking md5 v0.3.8
[INFO] [stderr]     Checking thread-scoped v1.0.2
[INFO] [stderr]    Compiling fuse v0.3.1
[INFO] [stderr]     Checking generic-array v0.9.0
[INFO] [stderr]     Checking stringprep v0.1.2
[INFO] [stderr]     Checking base64 v0.6.0
[INFO] [stderr]     Checking block-buffer v0.3.3
[INFO] [stderr]     Checking digest v0.7.6
[INFO] [stderr]     Checking crypto-mac v0.5.2
[INFO] [stderr]     Checking log v0.3.9
[INFO] [stderr]     Checking sha2 v0.7.1
[INFO] [stderr]     Checking hmac v0.5.0
[INFO] [stderr]     Checking iovec v0.1.2
[INFO] [stderr]     Checking rand v0.4.6
[INFO] [stderr]     Checking memchr v1.0.2
[INFO] [stderr]     Checking time v0.1.42
[INFO] [stderr]     Checking socket2 v0.3.9
[INFO] [stderr]     Checking atty v0.2.11
[INFO] [stderr]     Checking clap v2.33.0
[INFO] [stderr]     Checking bytes v0.4.12
[INFO] [stderr]     Checking rand v0.3.23
[INFO] [stderr]     Checking postgres-protocol v0.3.2
[INFO] [stderr]     Checking postgres-shared v0.4.2
[INFO] [stderr]     Checking postgres v0.15.2
[INFO] [stderr]     Checking cockroach_fuse v0.1.0 (/opt/rustwide/workdir)
[INFO] [stdout] error[E0308]: mismatched types
[INFO] [stdout]    --> src/fs.rs:330:9
[INFO] [stdout]     |
[INFO] [stdout] 329 |     let kind = match ((mode as u16) >> 12) << 12 {
[INFO] [stdout]     |                      --------------------------- this expression has type `u16`
[INFO] [stdout] 330 |         S_IFIFO => Some(FileType::NamedPipe),
[INFO] [stdout]     |         ^^^^^^^ expected `u16`, found `u32`
[INFO] [stdout] 
[INFO] [stdout] 
[INFO] [stdout] error[E0308]: mismatched types
[INFO] [stdout]    --> src/fs.rs:331:9
[INFO] [stdout]     |
[INFO] [stdout] 329 |     let kind = match ((mode as u16) >> 12) << 12 {
[INFO] [stdout]     |                      --------------------------- this expression has type `u16`
[INFO] [stdout] 330 |         S_IFIFO => Some(FileType::NamedPipe),
[INFO] [stdout] 331 |         S_IFCHR => Some(FileType::CharDevice),
[INFO] [stdout]     |         ^^^^^^^ expected `u16`, found `u32`
[INFO] [stdout] 
[INFO] [stdout] 
[INFO] [stdout] error[E0308]: mismatched types
[INFO] [stdout]    --> src/fs.rs:332:9
[INFO] [stdout]     |
[INFO] [stdout] 329 |     let kind = match ((mode as u16) >> 12) << 12 {
[INFO] [stdout]     |                      --------------------------- this expression has type `u16`
[INFO] [stdout] ...
[INFO] [stdout] 332 |         S_IFBLK => Some(FileType::BlockDevice),
[INFO] [stdout]     |         ^^^^^^^ expected `u16`, found `u32`
[INFO] [stdout] 
[INFO] [stdout] 
[INFO] [stdout] error[E0308]: mismatched types
[INFO] [stdout]    --> src/fs.rs:333:9
[INFO] [stdout]     |
[INFO] [stdout] 329 |     let kind = match ((mode as u16) >> 12) << 12 {
[INFO] [stdout]     |                      --------------------------- this expression has type `u16`
[INFO] [stdout] ...
[INFO] [stdout] 333 |         S_IFDIR => Some(FileType::Directory),
[INFO] [stdout]     |         ^^^^^^^ expected `u16`, found `u32`
[INFO] [stdout] 
[INFO] [stdout] 
[INFO] [stdout] error[E0308]: mismatched types
[INFO] [stdout]    --> src/fs.rs:334:9
[INFO] [stdout]     |
[INFO] [stdout] 329 |     let kind = match ((mode as u16) >> 12) << 12 {
[INFO] [stdout]     |                      --------------------------- this expression has type `u16`
[INFO] [stdout] ...
[INFO] [stdout] 334 |         S_IFREG => Some(FileType::RegularFile),
[INFO] [stdout]     |         ^^^^^^^ expected `u16`, found `u32`
[INFO] [stdout] 
[INFO] [stdout] 
[INFO] [stdout] error[E0308]: mismatched types
[INFO] [stdout]    --> src/fs.rs:335:9
[INFO] [stdout]     |
[INFO] [stdout] 329 |     let kind = match ((mode as u16) >> 12) << 12 {
[INFO] [stdout]     |                      --------------------------- this expression has type `u16`
[INFO] [stdout] ...
[INFO] [stdout] 335 |         S_IFLNK => Some(FileType::Symlink),
[INFO] [stdout]     |         ^^^^^^^ expected `u16`, found `u32`
[INFO] [stdout] 
[INFO] [stdout] 
[INFO] [stdout] error[E0308]: mismatched types
[INFO] [stdout]    --> src/fs.rs:336:9
[INFO] [stdout]     |
[INFO] [stdout] 329 |     let kind = match ((mode as u16) >> 12) << 12 {
[INFO] [stdout]     |                      --------------------------- this expression has type `u16`
[INFO] [stdout] ...
[INFO] [stdout] 336 |         S_IFSOCK => Some(FileType::Socket),
[INFO] [stdout]     |         ^^^^^^^^ expected `u16`, found `u32`
[INFO] [stdout] 
[INFO] [stdout] 
[INFO] [stdout] error: aborting due to 7 previous errors
[INFO] [stdout] 
[INFO] [stdout] 
[INFO] [stdout] For more information about this error, try `rustc --explain E0308`.
[INFO] [stdout] 
[INFO] [stderr] error: could not compile `cockroach_fuse` due to 8 previous errors
[INFO] [stderr] warning: build failed, waiting for other jobs to finish...
[INFO] [stdout] error[E0308]: mismatched types
[INFO] [stdout]    --> src/fs.rs:330:9
[INFO] [stdout]     |
[INFO] [stdout] 329 |     let kind = match ((mode as u16) >> 12) << 12 {
[INFO] [stdout]     |                      --------------------------- this expression has type `u16`
[INFO] [stdout] 330 |         S_IFIFO => Some(FileType::NamedPipe),
[INFO] [stdout]     |         ^^^^^^^ expected `u16`, found `u32`
[INFO] [stdout] 
[INFO] [stdout] 
[INFO] [stdout] error[E0308]: mismatched types
[INFO] [stdout]    --> src/fs.rs:331:9
[INFO] [stdout]     |
[INFO] [stdout] 329 |     let kind = match ((mode as u16) >> 12) << 12 {
[INFO] [stdout]     |                      --------------------------- this expression has type `u16`
[INFO] [stdout] 330 |         S_IFIFO => Some(FileType::NamedPipe),
[INFO] [stdout] 331 |         S_IFCHR => Some(FileType::CharDevice),
[INFO] [stdout]     |         ^^^^^^^ expected `u16`, found `u32`
[INFO] [stdout] 
[INFO] [stdout] 
[INFO] [stdout] error[E0308]: mismatched types
[INFO] [stdout]    --> src/fs.rs:332:9
[INFO] [stdout]     |
[INFO] [stdout] 329 |     let kind = match ((mode as u16) >> 12) << 12 {
[INFO] [stdout]     |                      --------------------------- this expression has type `u16`
[INFO] [stdout] ...
[INFO] [stdout] 332 |         S_IFBLK => Some(FileType::BlockDevice),
[INFO] [stdout]     |         ^^^^^^^ expected `u16`, found `u32`
[INFO] [stdout] 
[INFO] [stdout] 
[INFO] [stdout] error[E0308]: mismatched types
[INFO] [stdout]    --> src/fs.rs:333:9
[INFO] [stdout]     |
[INFO] [stdout] 329 |     let kind = match ((mode as u16) >> 12) << 12 {
[INFO] [stdout]     |                      --------------------------- this expression has type `u16`
[INFO] [stdout] ...
[INFO] [stdout] 333 |         S_IFDIR => Some(FileType::Directory),
[INFO] [stdout]     |         ^^^^^^^ expected `u16`, found `u32`
[INFO] [stdout] 
[INFO] [stdout] 
[INFO] [stdout] error[E0308]: mismatched types
[INFO] [stdout]    --> src/fs.rs:334:9
[INFO] [stdout]     |
[INFO] [stdout] 329 |     let kind = match ((mode as u16) >> 12) << 12 {
[INFO] [stdout]     |                      --------------------------- this expression has type `u16`
[INFO] [stdout] ...
[INFO] [stdout] 334 |         S_IFREG => Some(FileType::RegularFile),
[INFO] [stdout]     |         ^^^^^^^ expected `u16`, found `u32`
[INFO] [stdout] 
[INFO] [stdout] 
[INFO] [stdout] error[E0308]: mismatched types
[INFO] [stdout]    --> src/fs.rs:335:9
[INFO] [stdout]     |
[INFO] [stdout] 329 |     let kind = match ((mode as u16) >> 12) << 12 {
[INFO] [stdout]     |                      --------------------------- this expression has type `u16`
[INFO] [stdout] ...
[INFO] [stdout] 335 |         S_IFLNK => Some(FileType::Symlink),
[INFO] [stdout]     |         ^^^^^^^ expected `u16`, found `u32`
[INFO] [stdout] 
[INFO] [stdout] 
[INFO] [stdout] error[E0308]: mismatched types
[INFO] [stdout]    --> src/fs.rs:336:9
[INFO] [stdout]     |
[INFO] [stdout] 329 |     let kind = match ((mode as u16) >> 12) << 12 {
[INFO] [stdout]     |                      --------------------------- this expression has type `u16`
[INFO] [stdout] ...
[INFO] [stdout] 336 |         S_IFSOCK => Some(FileType::Socket),
[INFO] [stdout]     |         ^^^^^^^^ expected `u16`, found `u32`
[INFO] [stdout] 
[INFO] [stdout] 
[INFO] [stdout] error: aborting due to 7 previous errors
[INFO] [stdout] 
[INFO] [stdout] 
[INFO] [stdout] For more information about this error, try `rustc --explain E0308`.
[INFO] [stdout] 
[INFO] [stderr] error: build failed
[INFO] running `Command { std: "docker" "inspect" "9656e2a984cfa9661d51e88a50cbaab63c5b9584cb12c39c8f1fb97bfda77e02", kill_on_drop: false }`
[INFO] running `Command { std: "docker" "rm" "-f" "9656e2a984cfa9661d51e88a50cbaab63c5b9584cb12c39c8f1fb97bfda77e02", kill_on_drop: false }`
[INFO] [stdout] 9656e2a984cfa9661d51e88a50cbaab63c5b9584cb12c39c8f1fb97bfda77e02
