[INFO] cloning repository https://github.com/null-char/nbody
[INFO] running `Command { std: "git" "-c" "credential.helper=" "-c" "credential.helper=/workspace/cargo-home/bin/git-credential-null" "clone" "--bare" "https://github.com/null-char/nbody" "/workspace/cache/git-repos/https%3A%2F%2Fgithub.com%2Fnull-char%2Fnbody", kill_on_drop: false }`
[INFO] [stderr] Cloning into bare repository '/workspace/cache/git-repos/https%3A%2F%2Fgithub.com%2Fnull-char%2Fnbody'...
[INFO] running `Command { std: "git" "rev-parse" "HEAD", kill_on_drop: false }`
[INFO] [stdout] 0f982d52b897d7697b05321a43172d3e6003f894
[INFO] checking null-char/nbody against 1.55.0 for beta-1.56-3
[INFO] running `Command { std: "git" "clone" "/workspace/cache/git-repos/https%3A%2F%2Fgithub.com%2Fnull-char%2Fnbody" "/workspace/builds/worker-11/source", kill_on_drop: false }`
[INFO] [stderr] Cloning into '/workspace/builds/worker-11/source'...
[INFO] [stderr] done.
[INFO] validating manifest of git repo https://github.com/null-char/nbody on toolchain 1.55.0
[INFO] running `Command { std: "/workspace/cargo-home/bin/cargo" "+1.55.0" "metadata" "--manifest-path" "Cargo.toml" "--no-deps", kill_on_drop: false }`
[INFO] started tweaking git repo https://github.com/null-char/nbody
[INFO] finished tweaking git repo https://github.com/null-char/nbody
[INFO] tweaked toml for git repo https://github.com/null-char/nbody written to /workspace/builds/worker-11/source/Cargo.toml
[INFO] crate git repo https://github.com/null-char/nbody already has a lockfile, it will not be regenerated
[INFO] running `Command { std: "/workspace/cargo-home/bin/cargo" "+1.55.0" "fetch" "--manifest-path" "Cargo.toml", kill_on_drop: false }`
[INFO] [stderr]     Blocking waiting for file lock on package cache
[INFO] running `Command { std: "docker" "create" "-v" "/var/lib/crater-agent-workspace/builds/worker-11/target:/opt/rustwide/target:rw,Z" "-v" "/var/lib/crater-agent-workspace/builds/worker-11/source:/opt/rustwide/workdir:ro,Z" "-v" "/var/lib/crater-agent-workspace/cargo-home:/opt/rustwide/cargo-home:ro,Z" "-v" "/var/lib/crater-agent-workspace/rustup-home:/opt/rustwide/rustup-home:ro,Z" "-e" "SOURCE_DIR=/opt/rustwide/workdir" "-e" "CARGO_TARGET_DIR=/opt/rustwide/target" "-e" "CARGO_HOME=/opt/rustwide/cargo-home" "-e" "RUSTUP_HOME=/opt/rustwide/rustup-home" "-w" "/opt/rustwide/workdir" "-m" "1610612736" "--user" "0:0" "--network" "none" "ghcr.io/rust-lang/crates-build-env/linux@sha256:a89201d6b5b9fd45c15d5952ece0a0129e7e80cb26ec023fd59cf09bc26f1604" "/opt/rustwide/cargo-home/bin/cargo" "+1.55.0" "metadata" "--no-deps" "--format-version=1", kill_on_drop: false }`
[INFO] [stderr] WARNING: Your kernel does not support swap limit capabilities or the cgroup is not mounted. Memory limited without swap.
[INFO] [stdout] bb2486b26012b6eb6d30a2e55b4c2ca2d66b102cdc34610f349a9b2381c8169e
[INFO] running `Command { std: "docker" "start" "-a" "bb2486b26012b6eb6d30a2e55b4c2ca2d66b102cdc34610f349a9b2381c8169e", kill_on_drop: false }`
[INFO] running `Command { std: "docker" "inspect" "bb2486b26012b6eb6d30a2e55b4c2ca2d66b102cdc34610f349a9b2381c8169e", kill_on_drop: false }`
[INFO] running `Command { std: "docker" "rm" "-f" "bb2486b26012b6eb6d30a2e55b4c2ca2d66b102cdc34610f349a9b2381c8169e", kill_on_drop: false }`
[INFO] [stdout] bb2486b26012b6eb6d30a2e55b4c2ca2d66b102cdc34610f349a9b2381c8169e
[INFO] running `Command { std: "docker" "create" "-v" "/var/lib/crater-agent-workspace/builds/worker-11/target:/opt/rustwide/target:rw,Z" "-v" "/var/lib/crater-agent-workspace/builds/worker-11/source:/opt/rustwide/workdir:ro,Z" "-v" "/var/lib/crater-agent-workspace/cargo-home:/opt/rustwide/cargo-home:ro,Z" "-v" "/var/lib/crater-agent-workspace/rustup-home:/opt/rustwide/rustup-home:ro,Z" "-e" "SOURCE_DIR=/opt/rustwide/workdir" "-e" "CARGO_TARGET_DIR=/opt/rustwide/target" "-e" "CARGO_INCREMENTAL=0" "-e" "RUST_BACKTRACE=full" "-e" "RUSTFLAGS=--cap-lints=warn" "-e" "CARGO_HOME=/opt/rustwide/cargo-home" "-e" "RUSTUP_HOME=/opt/rustwide/rustup-home" "-w" "/opt/rustwide/workdir" "-m" "1610612736" "--user" "0:0" "--network" "none" "ghcr.io/rust-lang/crates-build-env/linux@sha256:a89201d6b5b9fd45c15d5952ece0a0129e7e80cb26ec023fd59cf09bc26f1604" "/opt/rustwide/cargo-home/bin/cargo" "+1.55.0" "check" "--frozen" "--all" "--all-targets" "--message-format=json", kill_on_drop: false }`
[INFO] [stdout] 20729e06df26a3760fe1eee708896dd14714f8e2838c066a1d35a5f9f7da201c
[INFO] [stderr] WARNING: Your kernel does not support swap limit capabilities or the cgroup is not mounted. Memory limited without swap.
[INFO] running `Command { std: "docker" "start" "-a" "20729e06df26a3760fe1eee708896dd14714f8e2838c066a1d35a5f9f7da201c", kill_on_drop: false }`
[INFO] [stderr]     Checking ttf-parser v0.12.0
[INFO] [stderr]    Compiling khronos-egl v3.0.0
[INFO] [stderr]     Checking futures-sink v0.3.12
[INFO] [stderr]     Checking futures-core v0.3.12
[INFO] [stderr]     Checking regex-syntax v0.6.22
[INFO] [stderr]     Checking futures-task v0.3.12
[INFO] [stderr]     Checking thread_local v1.1.3
[INFO] [stderr]     Checking fxhash v0.2.1
[INFO] [stderr]    Compiling wgpu-core v0.7.0
[INFO] [stderr]     Checking ash v0.31.0
[INFO] [stderr]     Checking getrandom v0.1.16
[INFO] [stderr]     Checking getrandom v0.2.2
[INFO] [stderr]    Compiling jobserver v0.1.21
[INFO] [stderr]     Checking indexmap v1.6.1
[INFO] [stderr]     Checking approx v0.4.0
[INFO] [stderr]     Checking crossbeam-epoch v0.9.3
[INFO] [stderr]    Compiling thiserror-impl v1.0.23
[INFO] [stderr]    Compiling tracing-attributes v0.1.11
[INFO] [stderr]    Compiling bytemuck_derive v1.0.1
[INFO] [stderr]     Checking futures-channel v0.3.12
[INFO] [stderr]     Checking rand_core v0.5.1
[INFO] [stderr]     Checking cgmath v0.18.0
[INFO] [stderr]     Checking rand_core v0.6.2
[INFO] [stderr]     Checking uuid v0.8.2
[INFO] [stderr]     Checking smithay-client-toolkit v0.12.2
[INFO] [stderr]    Compiling cc v1.0.66
[INFO] [stderr]     Checking crossbeam-deque v0.8.0
[INFO] [stderr]     Checking rand_chacha v0.2.2
[INFO] [stderr]     Checking petgraph v0.5.1
[INFO] [stderr]     Checking rand_chacha v0.3.0
[INFO] [stderr]     Checking futures-util v0.3.12
[INFO] [stderr]     Checking rayon-core v1.9.0
[INFO] [stderr]     Checking rand v0.7.3
[INFO] [stderr]     Checking rand v0.8.3
[INFO] [stderr]    Compiling cmake v0.1.45
[INFO] [stderr]     Checking regex v1.4.3
[INFO] [stderr]     Checking owned_ttf_parser v0.12.0
[INFO] [stderr]     Checking rayon v1.5.0
[INFO] [stderr]     Checking ab_glyph v0.2.10
[INFO] [stderr]     Checking winit v0.24.0
[INFO] [stderr]     Checking glyph_brush_layout v0.2.1
[INFO] [stderr]     Checking bytemuck v1.5.0
[INFO] [stderr]     Checking twox-hash v1.6.0
[INFO] [stderr]    Compiling spirv_cross v0.23.0
[INFO] [stderr]    Compiling shaderc-sys v0.7.1
[INFO] [stderr]     Checking env_logger v0.8.2
[INFO] [stderr]     Checking thiserror v1.0.23
[INFO] [stderr]     Checking tracing v0.1.22
[INFO] [stderr]     Checking naga v0.3.1
[INFO] [stderr]     Checking gpu-alloc v0.3.0
[INFO] [stderr] error: could not compile `ash`
[INFO] [stderr] 
[INFO] [stderr] Caused by:
[INFO] [stderr]   process didn't exit successfully: `rustc --crate-name ash --edition=2018 /opt/rustwide/cargo-home/registry/src/github.com-1ecc6299db9ec823/ash-0.31.0/src/lib.rs --error-format=json --json=diagnostic-rendered-ansi --crate-type lib --emit=dep-info,metadata -C embed-bitcode=no -C debuginfo=2 --cfg 'feature="default"' --cfg 'feature="libloading"' -C metadata=c75290719e54c64c -C extra-filename=-c75290719e54c64c --out-dir /opt/rustwide/target/debug/deps -L dependency=/opt/rustwide/target/debug/deps --extern libloading=/opt/rustwide/target/debug/deps/liblibloading-cb50bbac69aa1524.rmeta --cap-lints allow --cap-lints=warn` (signal: 9, SIGKILL: kill)
[INFO] [stderr] warning: build failed, waiting for other jobs to finish...
[INFO] [stderr] The following warnings were emitted during compilation:
[INFO] [stderr] 
[INFO] [stderr] warning: src/wrapper.cpp:2: warning: ignoring #pragma warning  [-Wunknown-pragmas]
[INFO] [stderr] warning:     2 | #pragma warning(disable : 4996 4101)
[INFO] [stderr] warning:       | 
[INFO] [stderr] warning: c++: fatal error: Killed signal terminated program cc1plus
[INFO] [stderr] warning: compilation terminated.
[INFO] [stderr] warning: c++: fatal error: Killed signal terminated program cc1plus
[INFO] [stderr] warning: compilation terminated.
[INFO] [stderr] warning: c++: fatal error: Killed signal terminated program cc1plus
[INFO] [stderr] warning: compilation terminated.
[INFO] [stderr] warning: c++: fatal error: Killed signal terminated program cc1plus
[INFO] [stderr] warning: compilation terminated.
[INFO] [stderr] warning: c++: fatal error: Killed signal terminated program cc1plus
[INFO] [stderr] warning: compilation terminated.
[INFO] [stderr] warning: c++: fatal error: Killed signal terminated program cc1plus
[INFO] [stderr] warning: compilation terminated.
[INFO] [stderr] 
[INFO] [stderr] The following warnings were emitted during compilation:
[INFO] [stderr] 
[INFO] [stderr] warning: shaderc: searching for native shaderc libraries on system;  use '--features build-from-source' to force building from source code
[INFO] [stderr] warning: shaderc: cannot find native shaderc library on system; falling back to build from source
[INFO] [stderr] 
[INFO] [stderr] error: build failed
[INFO] running `Command { std: "docker" "inspect" "20729e06df26a3760fe1eee708896dd14714f8e2838c066a1d35a5f9f7da201c", kill_on_drop: false }`
[INFO] running `Command { std: "docker" "rm" "-f" "20729e06df26a3760fe1eee708896dd14714f8e2838c066a1d35a5f9f7da201c", kill_on_drop: false }`
[INFO] [stdout] 20729e06df26a3760fe1eee708896dd14714f8e2838c066a1d35a5f9f7da201c
