[INFO] cloning repository https://github.com/ntzm/aoc-2020
[INFO] running `Command { std: "git" "-c" "credential.helper=" "-c" "credential.helper=/workspace/cargo-home/bin/git-credential-null" "clone" "--bare" "https://github.com/ntzm/aoc-2020" "/workspace/cache/git-repos/https%3A%2F%2Fgithub.com%2Fntzm%2Faoc-2020", kill_on_drop: false }`
[INFO] [stderr] Cloning into bare repository '/workspace/cache/git-repos/https%3A%2F%2Fgithub.com%2Fntzm%2Faoc-2020'...
[INFO] running `Command { std: "git" "rev-parse" "HEAD", kill_on_drop: false }`
[INFO] [stdout] bd3a9f12dd0c805b877ad3797423a2cfbf1db335
[INFO] checking ntzm/aoc-2020 against beta-2021-10-15 for beta-1.56-3
[INFO] running `Command { std: "git" "clone" "/workspace/cache/git-repos/https%3A%2F%2Fgithub.com%2Fntzm%2Faoc-2020" "/workspace/builds/worker-12/source", kill_on_drop: false }`
[INFO] [stderr] Cloning into '/workspace/builds/worker-12/source'...
[INFO] [stderr] done.
[INFO] validating manifest of git repo https://github.com/ntzm/aoc-2020 on toolchain beta-2021-10-15
[INFO] running `Command { std: "/workspace/cargo-home/bin/cargo" "+beta-2021-10-15" "metadata" "--manifest-path" "Cargo.toml" "--no-deps", kill_on_drop: false }`
[INFO] started tweaking git repo https://github.com/ntzm/aoc-2020
[INFO] finished tweaking git repo https://github.com/ntzm/aoc-2020
[INFO] tweaked toml for git repo https://github.com/ntzm/aoc-2020 written to /workspace/builds/worker-12/source/Cargo.toml
[INFO] crate git repo https://github.com/ntzm/aoc-2020 already has a lockfile, it will not be regenerated
[INFO] running `Command { std: "/workspace/cargo-home/bin/cargo" "+beta-2021-10-15" "fetch" "--manifest-path" "Cargo.toml", kill_on_drop: false }`
[INFO] [stderr]     Blocking waiting for file lock on package cache
[INFO] running `Command { std: "docker" "create" "-v" "/var/lib/crater-agent-workspace/builds/worker-12/target:/opt/rustwide/target:rw,Z" "-v" "/var/lib/crater-agent-workspace/builds/worker-12/source:/opt/rustwide/workdir:ro,Z" "-v" "/var/lib/crater-agent-workspace/cargo-home:/opt/rustwide/cargo-home:ro,Z" "-v" "/var/lib/crater-agent-workspace/rustup-home:/opt/rustwide/rustup-home:ro,Z" "-e" "SOURCE_DIR=/opt/rustwide/workdir" "-e" "CARGO_TARGET_DIR=/opt/rustwide/target" "-e" "CARGO_HOME=/opt/rustwide/cargo-home" "-e" "RUSTUP_HOME=/opt/rustwide/rustup-home" "-w" "/opt/rustwide/workdir" "-m" "1610612736" "--user" "0:0" "--network" "none" "ghcr.io/rust-lang/crates-build-env/linux@sha256:a89201d6b5b9fd45c15d5952ece0a0129e7e80cb26ec023fd59cf09bc26f1604" "/opt/rustwide/cargo-home/bin/cargo" "+beta-2021-10-15" "metadata" "--no-deps" "--format-version=1", kill_on_drop: false }`
[INFO] [stdout] 80ebb9cf8d9a15c2dc47659b075bf4704bf8e8c4f639a14eee2023fbee630f22
[INFO] [stderr] WARNING: Your kernel does not support swap limit capabilities or the cgroup is not mounted. Memory limited without swap.
[INFO] running `Command { std: "docker" "start" "-a" "80ebb9cf8d9a15c2dc47659b075bf4704bf8e8c4f639a14eee2023fbee630f22", kill_on_drop: false }`
[INFO] running `Command { std: "docker" "inspect" "80ebb9cf8d9a15c2dc47659b075bf4704bf8e8c4f639a14eee2023fbee630f22", kill_on_drop: false }`
[INFO] running `Command { std: "docker" "rm" "-f" "80ebb9cf8d9a15c2dc47659b075bf4704bf8e8c4f639a14eee2023fbee630f22", kill_on_drop: false }`
[INFO] [stdout] 80ebb9cf8d9a15c2dc47659b075bf4704bf8e8c4f639a14eee2023fbee630f22
[INFO] running `Command { std: "docker" "create" "-v" "/var/lib/crater-agent-workspace/builds/worker-12/target:/opt/rustwide/target:rw,Z" "-v" "/var/lib/crater-agent-workspace/builds/worker-12/source:/opt/rustwide/workdir:ro,Z" "-v" "/var/lib/crater-agent-workspace/cargo-home:/opt/rustwide/cargo-home:ro,Z" "-v" "/var/lib/crater-agent-workspace/rustup-home:/opt/rustwide/rustup-home:ro,Z" "-e" "SOURCE_DIR=/opt/rustwide/workdir" "-e" "CARGO_TARGET_DIR=/opt/rustwide/target" "-e" "CARGO_INCREMENTAL=0" "-e" "RUST_BACKTRACE=full" "-e" "RUSTFLAGS=--cap-lints=warn" "-e" "CARGO_HOME=/opt/rustwide/cargo-home" "-e" "RUSTUP_HOME=/opt/rustwide/rustup-home" "-w" "/opt/rustwide/workdir" "-m" "1610612736" "--user" "0:0" "--network" "none" "ghcr.io/rust-lang/crates-build-env/linux@sha256:a89201d6b5b9fd45c15d5952ece0a0129e7e80cb26ec023fd59cf09bc26f1604" "/opt/rustwide/cargo-home/bin/cargo" "+beta-2021-10-15" "check" "--frozen" "--all" "--all-targets" "--message-format=json", kill_on_drop: false }`
[INFO] [stdout] 3b304ecfec247c87b369f32c8b4e8efc5a3c0a94e8f7f9d167b2f2c858102f89
[INFO] [stderr] WARNING: Your kernel does not support swap limit capabilities or the cgroup is not mounted. Memory limited without swap.
[INFO] running `Command { std: "docker" "start" "-a" "3b304ecfec247c87b369f32c8b4e8efc5a3c0a94e8f7f9d167b2f2c858102f89", kill_on_drop: false }`
[INFO] [stderr]     Checking aoc-2020-rs v0.1.0 (/opt/rustwide/workdir)
[INFO] [stdout] error[E0554]: `#![feature]` may not be used on the beta release channel
[INFO] [stdout]  --> src/main.rs:1:1
[INFO] [stdout]   |
[INFO] [stdout] 1 | #![feature(iterator_fold_self)]
[INFO] [stdout]   | ^^^^^^^^^^^^^^^^^^^^^^^^^^^^^^^
[INFO] [stdout] 
[INFO] [stdout] 
[INFO] [stdout] error[E0554]: `#![feature]` may not be used on the beta release channel
[INFO] [stdout]  --> src/main.rs:1:1
[INFO] [stdout]   |
[INFO] [stdout] 1 | #![feature(iterator_fold_self)]
[INFO] [stdout]   | ^^^^^^^^^^^^^^^^^^^^^^^^^^^^^^^
[INFO] [stdout] 
[INFO] [stdout] 
[INFO] [stdout] error[E0599]: no method named `fold_first` found for struct `Map` in the current scope
[INFO] [stdout]   --> src/day_06.rs:23:18
[INFO] [stdout]    |
[INFO] [stdout] 23 |                 .fold_first(|a, b| a.intersection(&b).cloned().collect())
[INFO] [stdout]    |                  ^^^^^^^^^^ method not found in `Map<std::str::Split<'_, &str>, [closure@src/day_06.rs:22:22: 22:73]>`
[INFO] [stdout] 
[INFO] [stdout] 
[INFO] [stdout] error: aborting due to 2 previous errors
[INFO] [stdout] 
[INFO] [stdout] 
[INFO] [stdout] Some errors have detailed explanations: E0554, E0599.
[INFO] [stdout] 
[INFO] [stdout] For more information about an error, try `rustc --explain E0554`.
[INFO] [stdout] 
[INFO] [stderr] error: could not compile `aoc-2020-rs` due to 3 previous errors
[INFO] [stderr] warning: build failed, waiting for other jobs to finish...
[INFO] [stdout] error[E0599]: no method named `fold_first` found for struct `Map` in the current scope
[INFO] [stdout]   --> src/day_06.rs:23:18
[INFO] [stdout]    |
[INFO] [stdout] 23 |                 .fold_first(|a, b| a.intersection(&b).cloned().collect())
[INFO] [stdout]    |                  ^^^^^^^^^^ method not found in `Map<std::str::Split<'_, &str>, [closure@src/day_06.rs:22:22: 22:73]>`
[INFO] [stdout] 
[INFO] [stdout] 
[INFO] [stdout] error: aborting due to 2 previous errors
[INFO] [stdout] 
[INFO] [stdout] 
[INFO] [stdout] Some errors have detailed explanations: E0554, E0599.
[INFO] [stdout] 
[INFO] [stdout] For more information about an error, try `rustc --explain E0554`.
[INFO] [stdout] 
[INFO] [stderr] error: build failed
[INFO] running `Command { std: "docker" "inspect" "3b304ecfec247c87b369f32c8b4e8efc5a3c0a94e8f7f9d167b2f2c858102f89", kill_on_drop: false }`
[INFO] running `Command { std: "docker" "rm" "-f" "3b304ecfec247c87b369f32c8b4e8efc5a3c0a94e8f7f9d167b2f2c858102f89", kill_on_drop: false }`
[INFO] [stdout] 3b304ecfec247c87b369f32c8b4e8efc5a3c0a94e8f7f9d167b2f2c858102f89
