[INFO] cloning repository https://github.com/nrxus/engine_duck
[INFO] running `Command { std: "git" "-c" "credential.helper=" "-c" "credential.helper=/workspace/cargo-home/bin/git-credential-null" "clone" "--bare" "https://github.com/nrxus/engine_duck" "/workspace/cache/git-repos/https%3A%2F%2Fgithub.com%2Fnrxus%2Fengine_duck", kill_on_drop: false }`
[INFO] [stderr] Cloning into bare repository '/workspace/cache/git-repos/https%3A%2F%2Fgithub.com%2Fnrxus%2Fengine_duck'...
[INFO] running `Command { std: "git" "rev-parse" "HEAD", kill_on_drop: false }`
[INFO] [stdout] 8ebacbe78c85de1dbe4d4372e844f761da140ab2
[INFO] checking nrxus/engine_duck against 1.55.0 for beta-1.56-3
[INFO] running `Command { std: "git" "clone" "/workspace/cache/git-repos/https%3A%2F%2Fgithub.com%2Fnrxus%2Fengine_duck" "/workspace/builds/worker-6/source", kill_on_drop: false }`
[INFO] [stderr] Cloning into '/workspace/builds/worker-6/source'...
[INFO] [stderr] done.
[INFO] validating manifest of git repo https://github.com/nrxus/engine_duck on toolchain 1.55.0
[INFO] running `Command { std: "/workspace/cargo-home/bin/cargo" "+1.55.0" "metadata" "--manifest-path" "Cargo.toml" "--no-deps", kill_on_drop: false }`
[INFO] started tweaking git repo https://github.com/nrxus/engine_duck
[INFO] finished tweaking git repo https://github.com/nrxus/engine_duck
[INFO] tweaked toml for git repo https://github.com/nrxus/engine_duck written to /workspace/builds/worker-6/source/Cargo.toml
[INFO] crate git repo https://github.com/nrxus/engine_duck already has a lockfile, it will not be regenerated
[INFO] running `Command { std: "/workspace/cargo-home/bin/cargo" "+1.55.0" "fetch" "--manifest-path" "Cargo.toml", kill_on_drop: false }`
[INFO] running `Command { std: "docker" "create" "-v" "/var/lib/crater-agent-workspace/builds/worker-6/target:/opt/rustwide/target:rw,Z" "-v" "/var/lib/crater-agent-workspace/builds/worker-6/source:/opt/rustwide/workdir:ro,Z" "-v" "/var/lib/crater-agent-workspace/cargo-home:/opt/rustwide/cargo-home:ro,Z" "-v" "/var/lib/crater-agent-workspace/rustup-home:/opt/rustwide/rustup-home:ro,Z" "-e" "SOURCE_DIR=/opt/rustwide/workdir" "-e" "CARGO_TARGET_DIR=/opt/rustwide/target" "-e" "CARGO_HOME=/opt/rustwide/cargo-home" "-e" "RUSTUP_HOME=/opt/rustwide/rustup-home" "-w" "/opt/rustwide/workdir" "-m" "1610612736" "--user" "0:0" "--network" "none" "ghcr.io/rust-lang/crates-build-env/linux@sha256:a89201d6b5b9fd45c15d5952ece0a0129e7e80cb26ec023fd59cf09bc26f1604" "/opt/rustwide/cargo-home/bin/cargo" "+1.55.0" "metadata" "--no-deps" "--format-version=1", kill_on_drop: false }`
[INFO] [stderr] WARNING: Your kernel does not support swap limit capabilities or the cgroup is not mounted. Memory limited without swap.
[INFO] [stdout] fc6fa6cf81126ef664c7671023d9fba33e17fcb46f1ceca4f7234ea6386b4ca7
[INFO] running `Command { std: "docker" "start" "-a" "fc6fa6cf81126ef664c7671023d9fba33e17fcb46f1ceca4f7234ea6386b4ca7", kill_on_drop: false }`
[INFO] running `Command { std: "docker" "inspect" "fc6fa6cf81126ef664c7671023d9fba33e17fcb46f1ceca4f7234ea6386b4ca7", kill_on_drop: false }`
[INFO] running `Command { std: "docker" "rm" "-f" "fc6fa6cf81126ef664c7671023d9fba33e17fcb46f1ceca4f7234ea6386b4ca7", kill_on_drop: false }`
[INFO] [stdout] fc6fa6cf81126ef664c7671023d9fba33e17fcb46f1ceca4f7234ea6386b4ca7
[INFO] running `Command { std: "docker" "create" "-v" "/var/lib/crater-agent-workspace/builds/worker-6/target:/opt/rustwide/target:rw,Z" "-v" "/var/lib/crater-agent-workspace/builds/worker-6/source:/opt/rustwide/workdir:ro,Z" "-v" "/var/lib/crater-agent-workspace/cargo-home:/opt/rustwide/cargo-home:ro,Z" "-v" "/var/lib/crater-agent-workspace/rustup-home:/opt/rustwide/rustup-home:ro,Z" "-e" "SOURCE_DIR=/opt/rustwide/workdir" "-e" "CARGO_TARGET_DIR=/opt/rustwide/target" "-e" "CARGO_INCREMENTAL=0" "-e" "RUST_BACKTRACE=full" "-e" "RUSTFLAGS=--cap-lints=warn" "-e" "CARGO_HOME=/opt/rustwide/cargo-home" "-e" "RUSTUP_HOME=/opt/rustwide/rustup-home" "-w" "/opt/rustwide/workdir" "-m" "1610612736" "--user" "0:0" "--network" "none" "ghcr.io/rust-lang/crates-build-env/linux@sha256:a89201d6b5b9fd45c15d5952ece0a0129e7e80cb26ec023fd59cf09bc26f1604" "/opt/rustwide/cargo-home/bin/cargo" "+1.55.0" "check" "--frozen" "--all" "--all-targets" "--message-format=json", kill_on_drop: false }`
[INFO] [stdout] 02be48a745c0c37c957043945d2cd8e90e1cc8010f9d1681a0532a0c2ff3a54e
[INFO] [stderr] WARNING: Your kernel does not support swap limit capabilities or the cgroup is not mounted. Memory limited without swap.
[INFO] running `Command { std: "docker" "start" "-a" "02be48a745c0c37c957043945d2cd8e90e1cc8010f9d1681a0532a0c2ff3a54e", kill_on_drop: false }`
[INFO] [stderr]     Blocking waiting for file lock on package cache
[INFO] [stderr]    Compiling proc-macro2 v0.4.20
[INFO] [stderr]    Compiling serde v1.0.80
[INFO] [stderr]     Checking memchr v0.1.11
[INFO] [stderr]     Checking log v0.4.6
[INFO] [stderr]    Compiling sdl2-sys v0.31.0
[INFO] [stderr]     Checking yaml-rust v0.4.2
[INFO] [stderr]     Checking thread-id v2.0.0
[INFO] [stderr]     Checking backtrace v0.3.9
[INFO] [stderr]     Checking aho-corasick v0.5.3
[INFO] [stderr]     Checking thread_local v0.2.7
[INFO] [stderr]     Checking log v0.3.9
[INFO] [stderr]     Checking regex v0.1.80
[INFO] [stderr]    Compiling quote v0.6.9
[INFO] [stderr]    Compiling syn v0.15.18
[INFO] [stderr]     Checking sdl2 v0.31.0
[INFO] [stderr]     Checking env_logger v0.3.5
[INFO] [stderr]     Checking quickcheck v0.2.27
[INFO] [stderr]     Checking glm v0.2.3
[INFO] [stderr]    Compiling synstructure v0.10.1
[INFO] [stderr]    Compiling serde_derive v1.0.80
[INFO] [stderr]    Compiling failure_derive v0.1.3
[INFO] [stderr]    Compiling moho-derive v0.1.0 (https://github.com/nrxus/moho#1259f0e0)
[INFO] [stderr]     Checking failure v0.1.3
[INFO] [stderr]     Checking moho v0.0.10 (https://github.com/nrxus/moho#1259f0e0)
[INFO] [stderr]     Checking serde_yaml v0.8.7
[INFO] [stderr]     Checking engine_duck v0.1.0 (/opt/rustwide/workdir)
[INFO] [stdout] error[E0308]: mismatched types
[INFO] [stdout]   --> src/game/helper.rs:33:20
[INFO] [stdout]    |
[INFO] [stdout] 33 |             .load(&format!("media/sprites/{}", data.texture))
[INFO] [stdout]    |                    ^^^^^^^^^^^^^^^^^^^^^^^^^^^^^^^^^^^^^^^^^ expected `str`, found struct `std::string::String`
[INFO] [stdout]    |
[INFO] [stdout]    = note: this error originates in the macro `format` (in Nightly builds, run with -Z macro-backtrace for more info)
[INFO] [stdout] 
[INFO] [stdout] 
[INFO] [stdout] error[E0308]: mismatched types
[INFO] [stdout]   --> src/game/helper.rs:33:20
[INFO] [stdout]    |
[INFO] [stdout] 33 |             .load(&format!("media/sprites/{}", data.texture))
[INFO] [stdout]    |                    ^^^^^^^^^^^^^^^^^^^^^^^^^^^^^^^^^^^^^^^^^ expected `str`, found struct `std::string::String`
[INFO] [stdout]    |
[INFO] [stdout]    = note: this error originates in the macro `format` (in Nightly builds, run with -Z macro-backtrace for more info)
[INFO] [stdout] 
[INFO] [stdout] 
[INFO] [stdout] error[E0308]: mismatched types
[INFO] [stdout]   --> src/game/helper.rs:49:20
[INFO] [stdout]    |
[INFO] [stdout] 49 |             .load(&format!("media/sprites/{}", data.texture))
[INFO] [stdout]    |                    ^^^^^^^^^^^^^^^^^^^^^^^^^^^^^^^^^^^^^^^^^ expected `str`, found struct `std::string::String`
[INFO] [stdout]    |
[INFO] [stdout]    = note: this error originates in the macro `format` (in Nightly builds, run with -Z macro-backtrace for more info)
[INFO] [stdout] 
[INFO] [stdout] 
[INFO] [stdout] error[E0308]: mismatched types
[INFO] [stdout]   --> src/game/helper.rs:49:20
[INFO] [stdout]    |
[INFO] [stdout] 49 |             .load(&format!("media/sprites/{}", data.texture))
[INFO] [stdout]    |                    ^^^^^^^^^^^^^^^^^^^^^^^^^^^^^^^^^^^^^^^^^ expected `str`, found struct `std::string::String`
[INFO] [stdout]    |
[INFO] [stdout]    = note: this error originates in the macro `format` (in Nightly builds, run with -Z macro-backtrace for more info)
[INFO] [stdout] 
[INFO] [stdout] 
[INFO] [stdout] error: aborting due to 2 previous errors
[INFO] [stdout] 
[INFO] [stdout] 
[INFO] [stdout] For more information about this error, try `rustc --explain E0308`.
[INFO] [stdout] 
[INFO] [stdout] error: aborting due to 2 previous errors
[INFO] [stdout] 
[INFO] [stdout] 
[INFO] [stdout] For more information about this error, try `rustc --explain E0308`.
[INFO] [stdout] 
[INFO] [stderr] error: could not compile `engine_duck` due to 3 previous errors
[INFO] [stderr] warning: build failed, waiting for other jobs to finish...
[INFO] [stderr] error: build failed
[INFO] running `Command { std: "docker" "inspect" "02be48a745c0c37c957043945d2cd8e90e1cc8010f9d1681a0532a0c2ff3a54e", kill_on_drop: false }`
[INFO] running `Command { std: "docker" "rm" "-f" "02be48a745c0c37c957043945d2cd8e90e1cc8010f9d1681a0532a0c2ff3a54e", kill_on_drop: false }`
[INFO] [stdout] 02be48a745c0c37c957043945d2cd8e90e1cc8010f9d1681a0532a0c2ff3a54e
