[INFO] cloning repository https://github.com/npetrenko/rust_experiments
[INFO] running `Command { std: "git" "-c" "credential.helper=" "-c" "credential.helper=/workspace/cargo-home/bin/git-credential-null" "clone" "--bare" "https://github.com/npetrenko/rust_experiments" "/workspace/cache/git-repos/https%3A%2F%2Fgithub.com%2Fnpetrenko%2Frust_experiments", kill_on_drop: false }`
[INFO] [stderr] Cloning into bare repository '/workspace/cache/git-repos/https%3A%2F%2Fgithub.com%2Fnpetrenko%2Frust_experiments'...
[INFO] running `Command { std: "git" "rev-parse" "HEAD", kill_on_drop: false }`
[INFO] [stdout] e897742e8d7afa17572d1e0904a6acd877048dae
[INFO] checking npetrenko/rust_experiments against beta-2021-10-15 for beta-1.56-3
[INFO] running `Command { std: "git" "clone" "/workspace/cache/git-repos/https%3A%2F%2Fgithub.com%2Fnpetrenko%2Frust_experiments" "/workspace/builds/worker-11/source", kill_on_drop: false }`
[INFO] [stderr] Cloning into '/workspace/builds/worker-11/source'...
[INFO] [stderr] done.
[INFO] validating manifest of git repo https://github.com/npetrenko/rust_experiments on toolchain beta-2021-10-15
[INFO] running `Command { std: "/workspace/cargo-home/bin/cargo" "+beta-2021-10-15" "metadata" "--manifest-path" "Cargo.toml" "--no-deps", kill_on_drop: false }`
[INFO] started tweaking git repo https://github.com/npetrenko/rust_experiments
[INFO] finished tweaking git repo https://github.com/npetrenko/rust_experiments
[INFO] tweaked toml for git repo https://github.com/npetrenko/rust_experiments written to /workspace/builds/worker-11/source/Cargo.toml
[INFO] crate git repo https://github.com/npetrenko/rust_experiments already has a lockfile, it will not be regenerated
[INFO] running `Command { std: "/workspace/cargo-home/bin/cargo" "+beta-2021-10-15" "fetch" "--manifest-path" "Cargo.toml", kill_on_drop: false }`
[INFO] running `Command { std: "docker" "create" "-v" "/var/lib/crater-agent-workspace/builds/worker-11/target:/opt/rustwide/target:rw,Z" "-v" "/var/lib/crater-agent-workspace/builds/worker-11/source:/opt/rustwide/workdir:ro,Z" "-v" "/var/lib/crater-agent-workspace/cargo-home:/opt/rustwide/cargo-home:ro,Z" "-v" "/var/lib/crater-agent-workspace/rustup-home:/opt/rustwide/rustup-home:ro,Z" "-e" "SOURCE_DIR=/opt/rustwide/workdir" "-e" "CARGO_TARGET_DIR=/opt/rustwide/target" "-e" "CARGO_HOME=/opt/rustwide/cargo-home" "-e" "RUSTUP_HOME=/opt/rustwide/rustup-home" "-w" "/opt/rustwide/workdir" "-m" "1610612736" "--user" "0:0" "--network" "none" "ghcr.io/rust-lang/crates-build-env/linux@sha256:a89201d6b5b9fd45c15d5952ece0a0129e7e80cb26ec023fd59cf09bc26f1604" "/opt/rustwide/cargo-home/bin/cargo" "+beta-2021-10-15" "metadata" "--no-deps" "--format-version=1", kill_on_drop: false }`
[INFO] [stdout] c0829693b3961cc49eefcbaa9d59345d7e28522dee1aeee37b612b3557e24f34
[INFO] [stderr] WARNING: Your kernel does not support swap limit capabilities or the cgroup is not mounted. Memory limited without swap.
[INFO] running `Command { std: "docker" "start" "-a" "c0829693b3961cc49eefcbaa9d59345d7e28522dee1aeee37b612b3557e24f34", kill_on_drop: false }`
[INFO] running `Command { std: "docker" "inspect" "c0829693b3961cc49eefcbaa9d59345d7e28522dee1aeee37b612b3557e24f34", kill_on_drop: false }`
[INFO] running `Command { std: "docker" "rm" "-f" "c0829693b3961cc49eefcbaa9d59345d7e28522dee1aeee37b612b3557e24f34", kill_on_drop: false }`
[INFO] [stdout] c0829693b3961cc49eefcbaa9d59345d7e28522dee1aeee37b612b3557e24f34
[INFO] running `Command { std: "docker" "create" "-v" "/var/lib/crater-agent-workspace/builds/worker-11/target:/opt/rustwide/target:rw,Z" "-v" "/var/lib/crater-agent-workspace/builds/worker-11/source:/opt/rustwide/workdir:ro,Z" "-v" "/var/lib/crater-agent-workspace/cargo-home:/opt/rustwide/cargo-home:ro,Z" "-v" "/var/lib/crater-agent-workspace/rustup-home:/opt/rustwide/rustup-home:ro,Z" "-e" "SOURCE_DIR=/opt/rustwide/workdir" "-e" "CARGO_TARGET_DIR=/opt/rustwide/target" "-e" "CARGO_INCREMENTAL=0" "-e" "RUST_BACKTRACE=full" "-e" "RUSTFLAGS=--cap-lints=warn" "-e" "CARGO_HOME=/opt/rustwide/cargo-home" "-e" "RUSTUP_HOME=/opt/rustwide/rustup-home" "-w" "/opt/rustwide/workdir" "-m" "1610612736" "--user" "0:0" "--network" "none" "ghcr.io/rust-lang/crates-build-env/linux@sha256:a89201d6b5b9fd45c15d5952ece0a0129e7e80cb26ec023fd59cf09bc26f1604" "/opt/rustwide/cargo-home/bin/cargo" "+beta-2021-10-15" "check" "--frozen" "--all" "--all-targets" "--message-format=json", kill_on_drop: false }`
[INFO] [stdout] 9f8efd4fb6f865a1978ee303c718b4bc2213bedeffd87d05ec5a2d5e50b8d70e
[INFO] [stderr] WARNING: Your kernel does not support swap limit capabilities or the cgroup is not mounted. Memory limited without swap.
[INFO] running `Command { std: "docker" "start" "-a" "9f8efd4fb6f865a1978ee303c718b4bc2213bedeffd87d05ec5a2d5e50b8d70e", kill_on_drop: false }`
[INFO] [stderr]     Checking rust_experiments v0.1.0 (/opt/rustwide/workdir)
[INFO] [stdout] error[E0425]: cannot find value `dynamic_explicit` in this scope
[INFO] [stdout]   --> src/traits.rs:70:5
[INFO] [stdout]    |
[INFO] [stdout] 70 |     dynamic_explicit.foo();
[INFO] [stdout]    |     ^^^^^^^^^^^^^^^^ help: a local variable with a similar name exists: `dynamic_explicitw`
[INFO] [stdout] 
[INFO] [stdout] 
[INFO] [stdout] error[E0425]: cannot find value `dynamic_explicit` in this scope
[INFO] [stdout]   --> src/traits.rs:71:5
[INFO] [stdout]    |
[INFO] [stdout] 71 |     dynamic_explicit.bar();
[INFO] [stdout]    |     ^^^^^^^^^^^^^^^^ help: a local variable with a similar name exists: `dynamic_explicitw`
[INFO] [stdout] 
[INFO] [stdout] 
[INFO] [stdout] error[E0425]: cannot find value `dynamic_explicit` in this scope
[INFO] [stdout]   --> src/traits.rs:70:5
[INFO] [stdout]    |
[INFO] [stdout] 70 |     dynamic_explicit.foo();
[INFO] [stdout]    |     ^^^^^^^^^^^^^^^^ help: a local variable with a similar name exists: `dynamic_explicitw`
[INFO] [stdout] 
[INFO] [stdout] 
[INFO] [stdout] error[E0425]: cannot find value `dynamic_explicit` in this scope
[INFO] [stdout]   --> src/traits.rs:71:5
[INFO] [stdout]    |
[INFO] [stdout] 71 |     dynamic_explicit.bar();
[INFO] [stdout]    |     ^^^^^^^^^^^^^^^^ help: a local variable with a similar name exists: `dynamic_explicitw`
[INFO] [stdout] 
[INFO] [stdout] 
[INFO] [stdout] error: aborting due to 2 previous errors
[INFO] [stdout] 
[INFO] [stdout] 
[INFO] [stdout] For more information about this error, try `rustc --explain E0425`.
[INFO] [stdout] 
[INFO] [stderr] error: could not compile `rust_experiments` due to 3 previous errors
[INFO] [stderr] warning: build failed, waiting for other jobs to finish...
[INFO] [stdout] error: aborting due to 2 previous errors
[INFO] [stdout] 
[INFO] [stdout] 
[INFO] [stdout] For more information about this error, try `rustc --explain E0425`.
[INFO] [stdout] 
[INFO] [stderr] error: build failed
[INFO] running `Command { std: "docker" "inspect" "9f8efd4fb6f865a1978ee303c718b4bc2213bedeffd87d05ec5a2d5e50b8d70e", kill_on_drop: false }`
[INFO] running `Command { std: "docker" "rm" "-f" "9f8efd4fb6f865a1978ee303c718b4bc2213bedeffd87d05ec5a2d5e50b8d70e", kill_on_drop: false }`
[INFO] [stdout] 9f8efd4fb6f865a1978ee303c718b4bc2213bedeffd87d05ec5a2d5e50b8d70e
