[INFO] cloning repository https://github.com/not-a-seagull/archetype
[INFO] running `Command { std: "git" "-c" "credential.helper=" "-c" "credential.helper=/workspace/cargo-home/bin/git-credential-null" "clone" "--bare" "https://github.com/not-a-seagull/archetype" "/workspace/cache/git-repos/https%3A%2F%2Fgithub.com%2Fnot-a-seagull%2Farchetype", kill_on_drop: false }`
[INFO] [stderr] Cloning into bare repository '/workspace/cache/git-repos/https%3A%2F%2Fgithub.com%2Fnot-a-seagull%2Farchetype'...
[INFO] running `Command { std: "git" "rev-parse" "HEAD", kill_on_drop: false }`
[INFO] [stdout] bd2888066cadb1ee419fdda67e942ffac55abe8b
[INFO] checking not-a-seagull/archetype against 1.55.0 for beta-1.56-3
[INFO] running `Command { std: "git" "clone" "/workspace/cache/git-repos/https%3A%2F%2Fgithub.com%2Fnot-a-seagull%2Farchetype" "/workspace/builds/worker-5/source", kill_on_drop: false }`
[INFO] [stderr] Cloning into '/workspace/builds/worker-5/source'...
[INFO] [stderr] done.
[INFO] validating manifest of git repo https://github.com/not-a-seagull/archetype on toolchain 1.55.0
[INFO] running `Command { std: "/workspace/cargo-home/bin/cargo" "+1.55.0" "metadata" "--manifest-path" "Cargo.toml" "--no-deps", kill_on_drop: false }`
[INFO] started tweaking git repo https://github.com/not-a-seagull/archetype
[INFO] finished tweaking git repo https://github.com/not-a-seagull/archetype
[INFO] tweaked toml for git repo https://github.com/not-a-seagull/archetype written to /workspace/builds/worker-5/source/Cargo.toml
[INFO] crate git repo https://github.com/not-a-seagull/archetype already has a lockfile, it will not be regenerated
[INFO] running `Command { std: "/workspace/cargo-home/bin/cargo" "+1.55.0" "fetch" "--manifest-path" "Cargo.toml", kill_on_drop: false }`
[INFO] [stderr]  Downloading crates ...
[INFO] [stderr]   Downloaded gobject-sys v0.10.0
[INFO] [stderr]   Downloaded serde_derive v1.0.114
[INFO] [stderr]   Downloaded glib v0.10.1
[INFO] [stderr]   Downloaded cairo-sys-rs v0.10.0
[INFO] [stderr]   Downloaded gdk-pixbuf-sys v0.10.0
[INFO] [stderr]   Downloaded futures-channel v0.3.5
[INFO] [stderr]   Downloaded pin-project-internal v0.4.23
[INFO] [stderr]   Downloaded cc v1.0.58
[INFO] [stderr]   Downloaded cairo-rs v0.9.1
[INFO] [stderr]   Downloaded futures v0.3.5
[INFO] [stderr]   Downloaded atk v0.9.0
[INFO] [stderr]   Downloaded parking_lot v0.10.2
[INFO] [stderr]   Downloaded euclid v0.20.14
[INFO] [stderr]   Downloaded gdk v0.13.0
[INFO] [stderr]   Downloaded num v0.3.0
[INFO] [stderr]   Downloaded num-rational v0.3.0
[INFO] [stderr]   Downloaded once_cell v1.4.0
[INFO] [stderr]   Downloaded bincode v1.3.1
[INFO] [stderr]   Downloaded parking_lot_core v0.7.2
[INFO] [stderr]   Downloaded miniz_oxide v0.4.0
[INFO] [stderr]   Downloaded petgraph v0.5.1
[INFO] [stderr]   Downloaded atk-sys v0.10.0
[INFO] [stderr]   Downloaded strum v0.18.0
[INFO] [stderr]   Downloaded thiserror v1.0.20
[INFO] [stderr]   Downloaded strum_macros v0.18.0
[INFO] [stderr]   Downloaded system-deps v1.3.2
[INFO] [stderr]   Downloaded version-compare v0.0.10
[INFO] [stderr]   Downloaded png v0.16.7
[INFO] [stderr]   Downloaded hermit-abi v0.1.15
[INFO] [stderr]   Downloaded rayon-core v1.7.1
[INFO] [stderr]   Downloaded pango-sys v0.10.0
[INFO] [stderr]   Downloaded glib-macros v0.10.1
[INFO] [stderr]   Downloaded futures-io v0.3.5
[INFO] [stderr]   Downloaded futures-macro v0.3.5
[INFO] [stderr]   Downloaded rawpointer v0.1.0
[INFO] [stderr]   Downloaded matrixmultiply v0.1.15
[INFO] [stderr]   Downloaded thiserror-impl v1.0.20
[INFO] [stderr]   Downloaded futures-task v0.3.5
[INFO] [stderr]   Downloaded rulinalg v0.4.2
[INFO] [stderr]   Downloaded gio-sys v0.10.0
[INFO] [stderr]   Downloaded syn v1.0.36
[INFO] [stderr]   Downloaded image v0.23.8
[INFO] [stderr]   Downloaded anyhow v1.0.32
[INFO] [stderr]   Downloaded proc-macro2 v1.0.19
[INFO] [stderr]   Downloaded num-bigint v0.3.0
[INFO] [stderr]   Downloaded smallvec v1.4.1
[INFO] [stderr]   Downloaded glib-sys v0.10.0
[INFO] [stderr]   Downloaded ordered-float v2.0.0
[INFO] [stderr]   Downloaded bytemuck v1.3.1
[INFO] [stderr]   Downloaded num-complex v0.3.0
[INFO] [stderr]   Downloaded rayon v1.3.1
[INFO] [stderr]   Downloaded futures-util v0.3.5
[INFO] [stderr]   Downloaded fixedbitset v0.2.0
[INFO] [stderr]   Downloaded indexmap v1.5.0
[INFO] [stderr]   Downloaded ab_glyph_rasterizer v0.1.2
[INFO] [stderr]   Downloaded hashbrown v0.8.1
[INFO] [stderr]   Downloaded thread-id v3.3.0
[INFO] [stderr]   Downloaded gio v0.9.0
[INFO] [stderr]   Downloaded gtk-sys v0.10.0
[INFO] [stderr]   Downloaded libc v0.2.74
[INFO] [stderr]   Downloaded memoffset v0.5.5
[INFO] [stderr]   Downloaded gtk v0.9.1
[INFO] [stderr]   Downloaded pathfinder_simd v0.5.0
[INFO] [stderr]   Downloaded serde v1.0.114
[INFO] [stderr]   Downloaded gdk-pixbuf v0.9.0
[INFO] [stderr]   Downloaded imageproc v0.21.0
[INFO] [stderr]   Downloaded pathfinder_geometry v0.5.1
[INFO] [stderr]   Downloaded serde_json v1.0.57
[INFO] [stderr]   Downloaded pin-project v0.4.23
[INFO] [stderr]   Downloaded itertools v0.9.0
[INFO] [stderr]   Downloaded gdk-sys v0.10.0
[INFO] [stderr]   Downloaded futures-executor v0.3.5
[INFO] [stderr]   Downloaded futures-core v0.3.5
[INFO] [stderr]   Downloaded futures-sink v0.3.5
[INFO] [stderr]   Downloaded pango v0.9.0
[INFO] running `Command { std: "docker" "create" "-v" "/var/lib/crater-agent-workspace/builds/worker-5/target:/opt/rustwide/target:rw,Z" "-v" "/var/lib/crater-agent-workspace/builds/worker-5/source:/opt/rustwide/workdir:ro,Z" "-v" "/var/lib/crater-agent-workspace/cargo-home:/opt/rustwide/cargo-home:ro,Z" "-v" "/var/lib/crater-agent-workspace/rustup-home:/opt/rustwide/rustup-home:ro,Z" "-e" "SOURCE_DIR=/opt/rustwide/workdir" "-e" "CARGO_TARGET_DIR=/opt/rustwide/target" "-e" "CARGO_HOME=/opt/rustwide/cargo-home" "-e" "RUSTUP_HOME=/opt/rustwide/rustup-home" "-w" "/opt/rustwide/workdir" "-m" "1610612736" "--user" "0:0" "--network" "none" "ghcr.io/rust-lang/crates-build-env/linux@sha256:a89201d6b5b9fd45c15d5952ece0a0129e7e80cb26ec023fd59cf09bc26f1604" "/opt/rustwide/cargo-home/bin/cargo" "+1.55.0" "metadata" "--no-deps" "--format-version=1", kill_on_drop: false }`
[INFO] [stdout] 86fdcfa545d456642e20c2c6faa06899e2189fb9ecdffb66ea5ef73c2850b100
[INFO] [stderr] WARNING: Your kernel does not support swap limit capabilities or the cgroup is not mounted. Memory limited without swap.
[INFO] running `Command { std: "docker" "start" "-a" "86fdcfa545d456642e20c2c6faa06899e2189fb9ecdffb66ea5ef73c2850b100", kill_on_drop: false }`
[INFO] running `Command { std: "docker" "inspect" "86fdcfa545d456642e20c2c6faa06899e2189fb9ecdffb66ea5ef73c2850b100", kill_on_drop: false }`
[INFO] running `Command { std: "docker" "rm" "-f" "86fdcfa545d456642e20c2c6faa06899e2189fb9ecdffb66ea5ef73c2850b100", kill_on_drop: false }`
[INFO] [stdout] 86fdcfa545d456642e20c2c6faa06899e2189fb9ecdffb66ea5ef73c2850b100
[INFO] running `Command { std: "docker" "create" "-v" "/var/lib/crater-agent-workspace/builds/worker-5/target:/opt/rustwide/target:rw,Z" "-v" "/var/lib/crater-agent-workspace/builds/worker-5/source:/opt/rustwide/workdir:ro,Z" "-v" "/var/lib/crater-agent-workspace/cargo-home:/opt/rustwide/cargo-home:ro,Z" "-v" "/var/lib/crater-agent-workspace/rustup-home:/opt/rustwide/rustup-home:ro,Z" "-e" "SOURCE_DIR=/opt/rustwide/workdir" "-e" "CARGO_TARGET_DIR=/opt/rustwide/target" "-e" "CARGO_INCREMENTAL=0" "-e" "RUST_BACKTRACE=full" "-e" "RUSTFLAGS=--cap-lints=warn" "-e" "CARGO_HOME=/opt/rustwide/cargo-home" "-e" "RUSTUP_HOME=/opt/rustwide/rustup-home" "-w" "/opt/rustwide/workdir" "-m" "1610612736" "--user" "0:0" "--network" "none" "ghcr.io/rust-lang/crates-build-env/linux@sha256:a89201d6b5b9fd45c15d5952ece0a0129e7e80cb26ec023fd59cf09bc26f1604" "/opt/rustwide/cargo-home/bin/cargo" "+1.55.0" "check" "--frozen" "--all" "--all-targets" "--message-format=json", kill_on_drop: false }`
[INFO] [stderr] WARNING: Your kernel does not support swap limit capabilities or the cgroup is not mounted. Memory limited without swap.
[INFO] [stdout] 5236f649f5716c1268bd74025311cf100eddb909b3bae77df46ea0d6d6906fba
[INFO] running `Command { std: "docker" "start" "-a" "5236f649f5716c1268bd74025311cf100eddb909b3bae77df46ea0d6d6906fba", kill_on_drop: false }`
[INFO] [stderr]    Compiling syn v1.0.36
[INFO] [stderr]    Compiling gio v0.9.0
[INFO] [stderr]    Compiling pango v0.9.0
[INFO] [stderr]    Compiling gdk v0.13.0
[INFO] [stderr]     Checking ab_glyph_rasterizer v0.1.2
[INFO] [stderr]     Checking bytemuck v1.3.1
[INFO] [stderr]    Compiling num-iter v0.1.41
[INFO] [stderr]    Compiling num-bigint v0.3.0
[INFO] [stderr]    Compiling num-rational v0.3.0
[INFO] [stderr]    Compiling gtk v0.9.1
[INFO] [stderr]    Compiling itertools v0.9.0
[INFO] [stderr]     Checking thread-id v3.3.0
[INFO] [stderr]     Checking backtrace v0.3.50
[INFO] [stderr]     Checking getrandom v0.1.14
[INFO] [stderr]     Checking num_cpus v1.13.0
[INFO] [stderr]    Compiling proc-macro-error-attr v1.0.4
[INFO] [stderr]     Checking num-complex v0.3.0
[INFO] [stderr]     Checking ordered-float v2.0.0
[INFO] [stderr]     Checking png v0.16.7
[INFO] [stderr]     Checking petgraph v0.5.1
[INFO] [stderr]     Checking rusttype v0.9.2
[INFO] [stderr]     Checking rand_core v0.5.1
[INFO] [stderr]     Checking rayon-core v1.7.1
[INFO] [stderr]     Checking rand_chacha v0.2.2
[INFO] [stderr]     Checking rayon v1.3.1
[INFO] [stderr]     Checking rand v0.7.3
[INFO] [stderr]     Checking num v0.1.42
[INFO] [stderr]     Checking rulinalg v0.4.2
[INFO] [stderr]     Checking rand_distr v0.2.2
[INFO] [stderr]     Checking num v0.3.0
[INFO] [stderr]     Checking image v0.23.8
[INFO] [stderr]     Checking imageproc v0.21.0
[INFO] [stderr]    Compiling proc-macro-error v1.0.4
[INFO] [stderr]    Compiling serde_derive v1.0.114
[INFO] [stderr]    Compiling thiserror-impl v1.0.20
[INFO] [stderr]    Compiling strum_macros v0.18.0
[INFO] [stderr]    Compiling pin-project-internal v0.4.23
[INFO] [stderr]    Compiling futures-macro v0.3.5
[INFO] [stderr]    Compiling thiserror v1.0.20
[INFO] [stderr]     Checking pin-project v0.4.23
[INFO] [stderr]    Compiling serde v1.0.114
[INFO] [stderr]     Checking smallvec v1.4.1
[INFO] [stderr]     Checking lock_api v0.3.4
[INFO] [stderr]     Checking bincode v1.3.1
[INFO] [stderr]     Checking euclid v0.20.14
[INFO] [stderr]     Checking serde_json v1.0.57
[INFO] [stdout] error[E0557]: feature has been removed
[INFO] [stdout]   --> /opt/rustwide/cargo-home/registry/src/github.com-1ecc6299db9ec823/lock_api-0.3.4/src/lib.rs:91:42
[INFO] [stdout]    |
[INFO] [stdout] 91 | #![cfg_attr(feature = "nightly", feature(const_fn))]
[INFO] [stdout]    |                                          ^^^^^^^^ feature has been removed
[INFO] [stdout]    |
[INFO] [stdout]    = note: split into finer-grained feature gates
[INFO] [stdout] 
[INFO] [stdout] 
[INFO] [stdout] error[E0554]: `#![feature]` may not be used on the stable release channel
[INFO] [stdout]   --> /opt/rustwide/cargo-home/registry/src/github.com-1ecc6299db9ec823/lock_api-0.3.4/src/lib.rs:91:34
[INFO] [stdout]    |
[INFO] [stdout] 91 | #![cfg_attr(feature = "nightly", feature(const_fn))]
[INFO] [stdout]    |                                  ^^^^^^^^^^^^^^^^^
[INFO] [stdout] 
[INFO] [stdout] 
[INFO] [stdout] error[E0554]: `#![feature]` may not be used on the stable release channel
[INFO] [stdout]   --> /opt/rustwide/cargo-home/registry/src/github.com-1ecc6299db9ec823/smallvec-1.4.1/lib.rs:74:32
[INFO] [stdout]    |
[INFO] [stdout] 74 | #![cfg_attr(feature = "union", feature(untagged_unions))]
[INFO] [stdout]    |                                ^^^^^^^^^^^^^^^^^^^^^^^^
[INFO] [stdout] 
[INFO] [stdout] 
[INFO] [stdout] error[E0554]: `#![feature]` may not be used on the stable release channel
[INFO] [stdout]   --> /opt/rustwide/cargo-home/registry/src/github.com-1ecc6299db9ec823/smallvec-1.4.1/lib.rs:78:41
[INFO] [stdout]    |
[INFO] [stdout] 78 | #![cfg_attr(feature = "const_generics", feature(const_generics))]
[INFO] [stdout]    |                                         ^^^^^^^^^^^^^^^^^^^^^^^
[INFO] [stdout] 
[INFO] [stdout] 
[INFO] [stdout] error: aborting due to 2 previous errors
[INFO] [stdout] 
[INFO] [stdout] 
[INFO] [stdout] Some errors have detailed explanations: E0554, E0557.
[INFO] [stdout] 
[INFO] [stdout] For more information about an error, try `rustc --explain E0554`.
[INFO] [stdout] 
[INFO] [stdout] error: aborting due to 2 previous errors
[INFO] [stdout] 
[INFO] [stdout] 
[INFO] [stdout] For more information about this error, try `rustc --explain E0554`.
[INFO] [stdout] 
[INFO] [stderr] error: could not compile `lock_api` due to 3 previous errors
[INFO] [stderr] warning: build failed, waiting for other jobs to finish...
[INFO] [stderr] error: build failed
[INFO] running `Command { std: "docker" "inspect" "5236f649f5716c1268bd74025311cf100eddb909b3bae77df46ea0d6d6906fba", kill_on_drop: false }`
[INFO] running `Command { std: "docker" "rm" "-f" "5236f649f5716c1268bd74025311cf100eddb909b3bae77df46ea0d6d6906fba", kill_on_drop: false }`
[INFO] [stdout] 5236f649f5716c1268bd74025311cf100eddb909b3bae77df46ea0d6d6906fba
