[INFO] cloning repository https://github.com/nordberg/rust-factorization
[INFO] running `Command { std: "git" "-c" "credential.helper=" "-c" "credential.helper=/workspace/cargo-home/bin/git-credential-null" "clone" "--bare" "https://github.com/nordberg/rust-factorization" "/workspace/cache/git-repos/https%3A%2F%2Fgithub.com%2Fnordberg%2Frust-factorization", kill_on_drop: false }`
[INFO] [stderr] Cloning into bare repository '/workspace/cache/git-repos/https%3A%2F%2Fgithub.com%2Fnordberg%2Frust-factorization'...
[INFO] running `Command { std: "git" "rev-parse" "HEAD", kill_on_drop: false }`
[INFO] [stdout] 16adb817add98ed3b70adf372e36c6eaed75e0b7
[INFO] checking nordberg/rust-factorization against 1.55.0 for beta-1.56-3
[INFO] running `Command { std: "git" "clone" "/workspace/cache/git-repos/https%3A%2F%2Fgithub.com%2Fnordberg%2Frust-factorization" "/workspace/builds/worker-1/source", kill_on_drop: false }`
[INFO] [stderr] Cloning into '/workspace/builds/worker-1/source'...
[INFO] [stderr] done.
[INFO] validating manifest of git repo https://github.com/nordberg/rust-factorization on toolchain 1.55.0
[INFO] running `Command { std: "/workspace/cargo-home/bin/cargo" "+1.55.0" "metadata" "--manifest-path" "Cargo.toml" "--no-deps", kill_on_drop: false }`
[INFO] started tweaking git repo https://github.com/nordberg/rust-factorization
[INFO] finished tweaking git repo https://github.com/nordberg/rust-factorization
[INFO] tweaked toml for git repo https://github.com/nordberg/rust-factorization written to /workspace/builds/worker-1/source/Cargo.toml
[INFO] crate git repo https://github.com/nordberg/rust-factorization already has a lockfile, it will not be regenerated
[INFO] running `Command { std: "/workspace/cargo-home/bin/cargo" "+1.55.0" "fetch" "--manifest-path" "Cargo.toml", kill_on_drop: false }`
[INFO] [stderr]     Blocking waiting for file lock on package cache
[INFO] [stderr]  Downloading crates ...
[INFO] [stderr]   Downloaded libc v0.2.2
[INFO] [stderr]   Downloaded rand v0.3.12
[INFO] [stderr]   Downloaded winapi v0.2.5
[INFO] running `Command { std: "docker" "create" "-v" "/var/lib/crater-agent-workspace/builds/worker-1/target:/opt/rustwide/target:rw,Z" "-v" "/var/lib/crater-agent-workspace/builds/worker-1/source:/opt/rustwide/workdir:ro,Z" "-v" "/var/lib/crater-agent-workspace/cargo-home:/opt/rustwide/cargo-home:ro,Z" "-v" "/var/lib/crater-agent-workspace/rustup-home:/opt/rustwide/rustup-home:ro,Z" "-e" "SOURCE_DIR=/opt/rustwide/workdir" "-e" "CARGO_TARGET_DIR=/opt/rustwide/target" "-e" "CARGO_HOME=/opt/rustwide/cargo-home" "-e" "RUSTUP_HOME=/opt/rustwide/rustup-home" "-w" "/opt/rustwide/workdir" "-m" "1610612736" "--user" "0:0" "--network" "none" "ghcr.io/rust-lang/crates-build-env/linux@sha256:a89201d6b5b9fd45c15d5952ece0a0129e7e80cb26ec023fd59cf09bc26f1604" "/opt/rustwide/cargo-home/bin/cargo" "+1.55.0" "metadata" "--no-deps" "--format-version=1", kill_on_drop: false }`
[INFO] [stdout] 7db2e5d07bba45a47b8ccfed9c4aeb82815b9d5fb136d77526c7a73921d616b9
[INFO] [stderr] WARNING: Your kernel does not support swap limit capabilities or the cgroup is not mounted. Memory limited without swap.
[INFO] running `Command { std: "docker" "start" "-a" "7db2e5d07bba45a47b8ccfed9c4aeb82815b9d5fb136d77526c7a73921d616b9", kill_on_drop: false }`
[INFO] running `Command { std: "docker" "inspect" "7db2e5d07bba45a47b8ccfed9c4aeb82815b9d5fb136d77526c7a73921d616b9", kill_on_drop: false }`
[INFO] running `Command { std: "docker" "rm" "-f" "7db2e5d07bba45a47b8ccfed9c4aeb82815b9d5fb136d77526c7a73921d616b9", kill_on_drop: false }`
[INFO] [stdout] 7db2e5d07bba45a47b8ccfed9c4aeb82815b9d5fb136d77526c7a73921d616b9
[INFO] running `Command { std: "docker" "create" "-v" "/var/lib/crater-agent-workspace/builds/worker-1/target:/opt/rustwide/target:rw,Z" "-v" "/var/lib/crater-agent-workspace/builds/worker-1/source:/opt/rustwide/workdir:ro,Z" "-v" "/var/lib/crater-agent-workspace/cargo-home:/opt/rustwide/cargo-home:ro,Z" "-v" "/var/lib/crater-agent-workspace/rustup-home:/opt/rustwide/rustup-home:ro,Z" "-e" "SOURCE_DIR=/opt/rustwide/workdir" "-e" "CARGO_TARGET_DIR=/opt/rustwide/target" "-e" "CARGO_INCREMENTAL=0" "-e" "RUST_BACKTRACE=full" "-e" "RUSTFLAGS=--cap-lints=warn" "-e" "CARGO_HOME=/opt/rustwide/cargo-home" "-e" "RUSTUP_HOME=/opt/rustwide/rustup-home" "-w" "/opt/rustwide/workdir" "-m" "1610612736" "--user" "0:0" "--network" "none" "ghcr.io/rust-lang/crates-build-env/linux@sha256:a89201d6b5b9fd45c15d5952ece0a0129e7e80cb26ec023fd59cf09bc26f1604" "/opt/rustwide/cargo-home/bin/cargo" "+1.55.0" "check" "--frozen" "--all" "--all-targets" "--message-format=json", kill_on_drop: false }`
[INFO] [stdout] 45de687b7eed8370d917f00a9f915b38f24bd8da16f64085ee8b290d40ad06c1
[INFO] [stderr] WARNING: Your kernel does not support swap limit capabilities or the cgroup is not mounted. Memory limited without swap.
[INFO] running `Command { std: "docker" "start" "-a" "45de687b7eed8370d917f00a9f915b38f24bd8da16f64085ee8b290d40ad06c1", kill_on_drop: false }`
[INFO] [stderr]     Blocking waiting for file lock on package cache
[INFO] [stderr]     Checking libc v0.2.2
[INFO] [stderr]    Compiling advapi32-sys v0.1.2
[INFO] [stderr]     Checking rand v0.3.12
[INFO] [stderr]     Checking factorization v0.1.0 (/opt/rustwide/workdir)
[INFO] [stdout] error[E0425]: cannot find function `build_factor_string` in crate `factorization`
[INFO] [stdout]   --> tests/lib.rs:20:31
[INFO] [stdout]    |
[INFO] [stdout] 20 |     assert_eq!(factorization::build_factor_string(9), "3^2");
[INFO] [stdout]    |                               ^^^^^^^^^^^^^^^^^^^ not found in `factorization`
[INFO] [stdout] 
[INFO] [stdout] 
[INFO] [stdout] error[E0425]: cannot find function `build_factor_string` in crate `factorization`
[INFO] [stdout]   --> tests/lib.rs:21:31
[INFO] [stdout]    |
[INFO] [stdout] 21 |     assert_eq!(factorization::build_factor_string(25), "5^2");
[INFO] [stdout]    |                               ^^^^^^^^^^^^^^^^^^^ not found in `factorization`
[INFO] [stdout] 
[INFO] [stdout] 
[INFO] [stdout] error[E0425]: cannot find function `build_factor_string` in crate `factorization`
[INFO] [stdout]   --> tests/lib.rs:22:31
[INFO] [stdout]    |
[INFO] [stdout] 22 |     assert_eq!(factorization::build_factor_string(64), "8^2");
[INFO] [stdout]    |                               ^^^^^^^^^^^^^^^^^^^ not found in `factorization`
[INFO] [stdout] 
[INFO] [stdout] 
[INFO] [stdout] error[E0425]: cannot find function `build_factor_string` in crate `factorization`
[INFO] [stdout]   --> tests/lib.rs:27:31
[INFO] [stdout]    |
[INFO] [stdout] 27 |     assert_eq!(factorization::build_factor_string(2), "2^1");
[INFO] [stdout]    |                               ^^^^^^^^^^^^^^^^^^^ not found in `factorization`
[INFO] [stdout] 
[INFO] [stdout] 
[INFO] [stdout] error[E0425]: cannot find function `build_factor_string` in crate `factorization`
[INFO] [stdout]   --> tests/lib.rs:28:31
[INFO] [stdout]    |
[INFO] [stdout] 28 |     assert_eq!(factorization::build_factor_string(4), "2^2");
[INFO] [stdout]    |                               ^^^^^^^^^^^^^^^^^^^ not found in `factorization`
[INFO] [stdout] 
[INFO] [stdout] 
[INFO] [stdout] error[E0425]: cannot find function `build_factor_string` in crate `factorization`
[INFO] [stdout]   --> tests/lib.rs:29:31
[INFO] [stdout]    |
[INFO] [stdout] 29 |     assert_eq!(factorization::build_factor_string(8), "2^3");
[INFO] [stdout]    |                               ^^^^^^^^^^^^^^^^^^^ not found in `factorization`
[INFO] [stdout] 
[INFO] [stdout] 
[INFO] [stdout] error[E0425]: cannot find function `build_factor_string` in crate `factorization`
[INFO] [stdout]   --> tests/lib.rs:30:31
[INFO] [stdout]    |
[INFO] [stdout] 30 |     assert_eq!(factorization::build_factor_string(16), "2^4");
[INFO] [stdout]    |                               ^^^^^^^^^^^^^^^^^^^ not found in `factorization`
[INFO] [stdout] 
[INFO] [stdout] 
[INFO] [stdout] error[E0425]: cannot find function `build_factor_string` in crate `factorization`
[INFO] [stdout]   --> tests/lib.rs:31:31
[INFO] [stdout]    |
[INFO] [stdout] 31 |     assert_eq!(factorization::build_factor_string(32), "2^5");
[INFO] [stdout]    |                               ^^^^^^^^^^^^^^^^^^^ not found in `factorization`
[INFO] [stdout] 
[INFO] [stdout] 
[INFO] [stdout] error[E0425]: cannot find function `build_factor_string` in crate `factorization`
[INFO] [stdout]   --> tests/lib.rs:32:31
[INFO] [stdout]    |
[INFO] [stdout] 32 |     assert_eq!(factorization::build_factor_string(64), "2^6");
[INFO] [stdout]    |                               ^^^^^^^^^^^^^^^^^^^ not found in `factorization`
[INFO] [stdout] 
[INFO] [stdout] 
[INFO] [stdout] error[E0425]: cannot find function `build_factor_string` in crate `factorization`
[INFO] [stdout]   --> tests/lib.rs:33:31
[INFO] [stdout]    |
[INFO] [stdout] 33 |     assert_eq!(factorization::build_factor_string(128), "2^7");
[INFO] [stdout]    |                               ^^^^^^^^^^^^^^^^^^^ not found in `factorization`
[INFO] [stdout] 
[INFO] [stdout] 
[INFO] [stdout] error: aborting due to 10 previous errors
[INFO] [stdout] 
[INFO] [stdout] 
[INFO] [stdout] For more information about this error, try `rustc --explain E0425`.
[INFO] [stdout] 
[INFO] [stderr] error: could not compile `factorization` due to 11 previous errors
[INFO] running `Command { std: "docker" "inspect" "45de687b7eed8370d917f00a9f915b38f24bd8da16f64085ee8b290d40ad06c1", kill_on_drop: false }`
[INFO] running `Command { std: "docker" "rm" "-f" "45de687b7eed8370d917f00a9f915b38f24bd8da16f64085ee8b290d40ad06c1", kill_on_drop: false }`
[INFO] [stdout] 45de687b7eed8370d917f00a9f915b38f24bd8da16f64085ee8b290d40ad06c1
