[INFO] cloning repository https://github.com/nolanderc/snow-fight
[INFO] running `Command { std: "git" "-c" "credential.helper=" "-c" "credential.helper=/workspace/cargo-home/bin/git-credential-null" "clone" "--bare" "https://github.com/nolanderc/snow-fight" "/workspace/cache/git-repos/https%3A%2F%2Fgithub.com%2Fnolanderc%2Fsnow-fight", kill_on_drop: false }`
[INFO] [stderr] Cloning into bare repository '/workspace/cache/git-repos/https%3A%2F%2Fgithub.com%2Fnolanderc%2Fsnow-fight'...
[INFO] running `Command { std: "git" "rev-parse" "HEAD", kill_on_drop: false }`
[INFO] [stdout] 3346664f9fe516a584cb41480196713e99e8ad8f
[INFO] checking nolanderc/snow-fight against beta-2021-10-15 for beta-1.56-3
[INFO] running `Command { std: "git" "clone" "/workspace/cache/git-repos/https%3A%2F%2Fgithub.com%2Fnolanderc%2Fsnow-fight" "/workspace/builds/worker-4/source", kill_on_drop: false }`
[INFO] [stderr] Cloning into '/workspace/builds/worker-4/source'...
[INFO] [stderr] done.
[INFO] validating manifest of git repo https://github.com/nolanderc/snow-fight on toolchain beta-2021-10-15
[INFO] running `Command { std: "/workspace/cargo-home/bin/cargo" "+beta-2021-10-15" "metadata" "--manifest-path" "Cargo.toml" "--no-deps", kill_on_drop: false }`
[INFO] started tweaking git repo https://github.com/nolanderc/snow-fight
[INFO] finished tweaking git repo https://github.com/nolanderc/snow-fight
[INFO] tweaked toml for git repo https://github.com/nolanderc/snow-fight written to /workspace/builds/worker-4/source/Cargo.toml
[INFO] crate git repo https://github.com/nolanderc/snow-fight already has a lockfile, it will not be regenerated
[INFO] running `Command { std: "/workspace/cargo-home/bin/cargo" "+beta-2021-10-15" "fetch" "--manifest-path" "Cargo.toml", kill_on_drop: false }`
[INFO] [stderr]  Downloading crates ...
[INFO] [stderr]   Downloaded hibitset v0.6.3
[INFO] [stderr]   Downloaded d3d12 v0.3.0
[INFO] [stderr]   Downloaded core-graphics v0.19.0
[INFO] [stderr]   Downloaded proc-macro-error-attr v1.0.2
[INFO] [stderr]   Downloaded tracing-attributes v0.1.7
[INFO] [stderr]   Downloaded paste-impl v0.1.10
[INFO] [stderr]   Downloaded bit-vec v0.5.1
[INFO] [stderr]   Downloaded png v0.16.2
[INFO] [stderr]   Downloaded tiff v0.4.0
[INFO] [stderr]   Downloaded bytemuck v1.2.0
[INFO] [stderr]   Downloaded deflate v0.8.4
[INFO] [stderr]   Downloaded bit-set v0.5.1
[INFO] [stderr]   Downloaded wgpu-native v0.5.0
[INFO] [stderr]   Downloaded gfx-descriptor v0.1.0
[INFO] [stderr]   Downloaded storage-map v0.2.0
[INFO] [stderr]   Downloaded metal v0.18.0
[INFO] [stderr]   Downloaded gfx-backend-empty v0.5.0
[INFO] [stderr]   Downloaded cocoa v0.20.0
[INFO] [stderr]   Downloaded gfx-backend-metal v0.5.1
[INFO] [stderr]   Downloaded structopt v0.3.13
[INFO] [stderr]   Downloaded gfx-auxil v0.3.0
[INFO] [stderr]   Downloaded derive_more v0.99.5
[INFO] [stderr]   Downloaded gfx-backend-dx11 v0.5.0
[INFO] [stderr]   Downloaded structopt-derive v0.4.6
[INFO] [stderr]   Downloaded wio v0.2.2
[INFO] [stderr]   Downloaded gfx-backend-dx12 v0.5.0
[INFO] [stderr]   Downloaded wgpu-types v0.5.0
[INFO] [stderr]   Downloaded wgpu v0.5.0
[INFO] [stderr]   Downloaded gfx-backend-vulkan v0.5.2
[INFO] [stderr]   Downloaded spirv_cross v0.18.0
[INFO] [stderr]   Downloaded range-alloc v0.1.0
[INFO] [stderr]   Downloaded gfx-memory v0.1.3
[INFO] [stderr]   Downloaded gfx-hal v0.5.0
[INFO] [stderr]   Downloaded wgpu-core v0.5.1
[INFO] [stderr]   Downloaded peek-poke-derive v0.2.1
[INFO] [stderr]   Downloaded derivative v1.0.4
[INFO] [stderr]   Downloaded shrinkwraprs v0.2.3
[INFO] [stderr]   Downloaded tracing v0.1.13
[INFO] [stderr]   Downloaded tracing-core v0.1.10
[INFO] [stderr]   Downloaded legion v0.2.1
[INFO] [stderr]   Downloaded proc-macro-error v1.0.2
[INFO] [stderr]   Downloaded zerocopy v0.3.0
[INFO] [stderr]   Downloaded peek-poke v0.2.0
[INFO] [stderr]   Downloaded paste v0.1.10
[INFO] [stderr]   Downloaded image v0.23.3
[INFO] [stderr]   Downloaded winit v0.21.0
[INFO] [stderr]   Downloaded zerocopy-derive v0.2.0
[INFO] [stderr]   Downloaded ash v0.30.0
[INFO] running `Command { std: "docker" "create" "-v" "/var/lib/crater-agent-workspace/builds/worker-4/target:/opt/rustwide/target:rw,Z" "-v" "/var/lib/crater-agent-workspace/builds/worker-4/source:/opt/rustwide/workdir:ro,Z" "-v" "/var/lib/crater-agent-workspace/cargo-home:/opt/rustwide/cargo-home:ro,Z" "-v" "/var/lib/crater-agent-workspace/rustup-home:/opt/rustwide/rustup-home:ro,Z" "-e" "SOURCE_DIR=/opt/rustwide/workdir" "-e" "CARGO_TARGET_DIR=/opt/rustwide/target" "-e" "CARGO_HOME=/opt/rustwide/cargo-home" "-e" "RUSTUP_HOME=/opt/rustwide/rustup-home" "-w" "/opt/rustwide/workdir" "-m" "1610612736" "--user" "0:0" "--network" "none" "ghcr.io/rust-lang/crates-build-env/linux@sha256:a89201d6b5b9fd45c15d5952ece0a0129e7e80cb26ec023fd59cf09bc26f1604" "/opt/rustwide/cargo-home/bin/cargo" "+beta-2021-10-15" "metadata" "--no-deps" "--format-version=1", kill_on_drop: false }`
[INFO] [stdout] cd8b419623d30e9ab061307e65237f0bb03ecdeb3d1c40ccad970e0b9826c11e
[INFO] [stderr] WARNING: Your kernel does not support swap limit capabilities or the cgroup is not mounted. Memory limited without swap.
[INFO] running `Command { std: "docker" "start" "-a" "cd8b419623d30e9ab061307e65237f0bb03ecdeb3d1c40ccad970e0b9826c11e", kill_on_drop: false }`
[INFO] running `Command { std: "docker" "inspect" "cd8b419623d30e9ab061307e65237f0bb03ecdeb3d1c40ccad970e0b9826c11e", kill_on_drop: false }`
[INFO] running `Command { std: "docker" "rm" "-f" "cd8b419623d30e9ab061307e65237f0bb03ecdeb3d1c40ccad970e0b9826c11e", kill_on_drop: false }`
[INFO] [stdout] cd8b419623d30e9ab061307e65237f0bb03ecdeb3d1c40ccad970e0b9826c11e
[INFO] running `Command { std: "docker" "create" "-v" "/var/lib/crater-agent-workspace/builds/worker-4/target:/opt/rustwide/target:rw,Z" "-v" "/var/lib/crater-agent-workspace/builds/worker-4/source:/opt/rustwide/workdir:ro,Z" "-v" "/var/lib/crater-agent-workspace/cargo-home:/opt/rustwide/cargo-home:ro,Z" "-v" "/var/lib/crater-agent-workspace/rustup-home:/opt/rustwide/rustup-home:ro,Z" "-e" "SOURCE_DIR=/opt/rustwide/workdir" "-e" "CARGO_TARGET_DIR=/opt/rustwide/target" "-e" "CARGO_INCREMENTAL=0" "-e" "RUST_BACKTRACE=full" "-e" "RUSTFLAGS=--cap-lints=warn" "-e" "CARGO_HOME=/opt/rustwide/cargo-home" "-e" "RUSTUP_HOME=/opt/rustwide/rustup-home" "-w" "/opt/rustwide/workdir" "-m" "1610612736" "--user" "0:0" "--network" "none" "ghcr.io/rust-lang/crates-build-env/linux@sha256:a89201d6b5b9fd45c15d5952ece0a0129e7e80cb26ec023fd59cf09bc26f1604" "/opt/rustwide/cargo-home/bin/cargo" "+beta-2021-10-15" "check" "--frozen" "--all" "--all-targets" "--message-format=json", kill_on_drop: false }`
[INFO] [stdout] 49f39bf5e5f984a18cc8620d8eff033d80a555f1fe9810b9fb94c36a9c0310f1
[INFO] [stderr] WARNING: Your kernel does not support swap limit capabilities or the cgroup is not mounted. Memory limited without swap.
[INFO] running `Command { std: "docker" "start" "-a" "49f39bf5e5f984a18cc8620d8eff033d80a555f1fe9810b9fb94c36a9c0310f1", kill_on_drop: false }`
[INFO] [stderr]    Compiling syn v1.0.17
[INFO] [stderr]    Compiling xml-rs v0.8.2
[INFO] [stderr]    Compiling cgmath v0.17.0
[INFO] [stderr]     Checking futures-sink v0.3.4
[INFO] [stderr]     Checking instant v0.1.2
[INFO] [stderr]    Compiling x11 v2.18.2
[INFO] [stderr]     Checking proc-macro2 v1.0.10
[INFO] [stderr]     Checking raw-window-handle v0.3.3
[INFO] [stderr]     Checking rand_os v0.1.3
[INFO] [stderr]     Checking memmap v0.7.0
[INFO] [stderr]     Checking nix v0.14.1
[INFO] [stderr]     Checking x11-dl v2.18.5
[INFO] [stderr]     Checking png v0.16.2
[INFO] [stderr]     Checking ash v0.30.0
[INFO] [stderr]     Checking mio-extras v2.0.6
[INFO] [stderr]    Compiling derivative v1.0.4
[INFO] [stderr]     Checking rusttype v0.8.3
[INFO] [stderr]     Checking parking_lot_core v0.6.2
[INFO] [stderr]     Checking wayland-sys v0.23.6
[INFO] [stderr]     Checking env_logger v0.7.1
[INFO] [stderr]     Checking futures-channel v0.3.4
[INFO] [stderr]     Checking rayon-core v1.7.0
[INFO] [stderr]     Checking gfx-hal v0.5.0
[INFO] [stderr]     Checking rand v0.6.5
[INFO] [stderr]     Checking quote v1.0.3
[INFO] [stderr]     Checking parking_lot v0.9.0
[INFO] [stderr]     Checking rusttype v0.7.9
[INFO] [stderr]     Checking andrew v0.2.1
[INFO] [stderr]     Checking rayon v1.3.0
[INFO] [stderr]    Compiling wayland-scanner v0.23.6
[INFO] [stderr]    Compiling wayland-client v0.23.6
[INFO] [stderr]    Compiling wayland-protocols v0.23.6
[INFO] [stderr]     Checking jpeg-decoder v0.1.18
[INFO] [stderr]     Checking calloop v0.4.4
[INFO] [stderr]     Checking wayland-commons v0.23.6
[INFO] [stderr]     Checking gfx-descriptor v0.1.0
[INFO] [stderr]     Checking gfx-backend-empty v0.5.0
[INFO] [stderr]     Checking gfx-memory v0.1.3
[INFO] [stderr]     Checking image v0.23.3
[INFO] [stderr]    Compiling synstructure v0.12.3
[INFO] [stderr]    Compiling syn-mid v0.5.0
[INFO] [stderr]     Checking wgpu_shader_macros v0.1.0 (/opt/rustwide/workdir/wgpu_shader_macros)
[INFO] [stderr]     Checking rabbit_derive v0.1.0 (/opt/rustwide/workdir/rabbit_derive)
[INFO] [stderr]    Compiling thiserror-impl v1.0.15
[INFO] [stderr]    Compiling peek-poke-derive v0.2.1
[INFO] [stderr]    Compiling futures-macro v0.3.4
[INFO] [stderr]    Compiling derive_more v0.99.5
[INFO] [stderr]    Compiling tracing-attributes v0.1.7
[INFO] [stderr]    Compiling paste-impl v0.1.10
[INFO] [stderr]    Compiling proc-macro-error-attr v1.0.2
[INFO] [stderr]    Compiling tokio-macros v0.2.5
[INFO] [stderr]    Compiling shrinkwraprs v0.2.3
[INFO] [stderr]    Compiling zerocopy-derive v0.2.0
[INFO] [stderr]     Checking gfx-backend-vulkan v0.5.2
[INFO] [stderr]     Checking paste v0.1.10
[INFO] [stderr]    Compiling proc-macro-error v1.0.2
[INFO] [stderr]     Checking peek-poke v0.2.0
[INFO] [stderr]     Checking tokio v0.2.18
[INFO] [stderr]    Compiling structopt-derive v0.4.6
[INFO] [stderr]     Checking wgpu-types v0.5.0
[INFO] [stderr]     Checking futures-util v0.3.4
[INFO] [stderr]     Checking zerocopy v0.3.0
[INFO] [stderr]     Checking thiserror v1.0.15
[INFO] [stderr]     Checking rabbit v0.1.0 (/opt/rustwide/workdir/rabbit)
[INFO] [stderr]     Checking tracing v0.1.13
[INFO] [stderr]     Checking wgpu-core v0.5.1
[INFO] [stderr]     Checking legion v0.2.1
[INFO] [stderr]     Checking structopt v0.3.13
[INFO] [stderr]     Checking futures-executor v0.3.4
[INFO] [stderr]     Checking wgpu-native v0.5.0
[INFO] [stderr]     Checking protocol v0.1.0 (/opt/rustwide/workdir/protocol)
[INFO] [stderr]     Checking futures v0.3.4
[INFO] [stderr]     Checking socket v0.1.0 (/opt/rustwide/workdir/socket)
[INFO] [stderr]     Checking wgpu v0.5.0
[INFO] [stderr]     Checking wgpu_shader v0.1.0 (/opt/rustwide/workdir/wgpu_shader)
[INFO] [stderr]     Checking logic v0.1.0 (/opt/rustwide/workdir/logic)
[INFO] [stderr]     Checking server v0.1.0 (/opt/rustwide/workdir/server)
[INFO] [stderr]     Checking smithay-client-toolkit v0.6.6
[INFO] [stderr]     Checking winit v0.21.0
[INFO] [stderr]     Checking client v0.1.0 (/opt/rustwide/workdir/client)
[INFO] [stdout] error[E0433]: failed to resolve: use of undeclared crate or module `qwerty`
[INFO] [stdout]    --> client/src/game.rs:275:13
[INFO] [stdout]     |
[INFO] [stdout] 275 |             qwerty::W => set_direction(self, Direction::NORTH),
[INFO] [stdout]     |             ^^^^^^ use of undeclared crate or module `qwerty`
[INFO] [stdout] 
[INFO] [stdout] 
[INFO] [stdout] error[E0433]: failed to resolve: use of undeclared crate or module `qwerty`
[INFO] [stdout]    --> client/src/game.rs:276:13
[INFO] [stdout]     |
[INFO] [stdout] 276 |             qwerty::A => set_direction(self, Direction::WEST),
[INFO] [stdout]     |             ^^^^^^ use of undeclared crate or module `qwerty`
[INFO] [stdout] 
[INFO] [stdout] 
[INFO] [stdout] error[E0433]: failed to resolve: use of undeclared crate or module `qwerty`
[INFO] [stdout]    --> client/src/game.rs:277:13
[INFO] [stdout]     |
[INFO] [stdout] 277 |             qwerty::S => set_direction(self, Direction::SOUTH),
[INFO] [stdout]     |             ^^^^^^ use of undeclared crate or module `qwerty`
[INFO] [stdout] 
[INFO] [stdout] 
[INFO] [stdout] error[E0433]: failed to resolve: use of undeclared crate or module `qwerty`
[INFO] [stdout]    --> client/src/game.rs:278:13
[INFO] [stdout]     |
[INFO] [stdout] 278 |             qwerty::D => set_direction(self, Direction::EAST),
[INFO] [stdout]     |             ^^^^^^ use of undeclared crate or module `qwerty`
[INFO] [stdout] 
[INFO] [stdout] 
[INFO] [stdout] error[E0433]: failed to resolve: use of undeclared crate or module `qwerty`
[INFO] [stdout]    --> client/src/game.rs:280:13
[INFO] [stdout]     |
[INFO] [stdout] 280 |             qwerty::Q => {
[INFO] [stdout]     |             ^^^^^^ use of undeclared crate or module `qwerty`
[INFO] [stdout] 
[INFO] [stdout] 
[INFO] [stdout] error[E0433]: failed to resolve: use of undeclared crate or module `qwerty`
[INFO] [stdout]    --> client/src/game.rs:283:13
[INFO] [stdout]     |
[INFO] [stdout] 283 |             qwerty::E => {
[INFO] [stdout]     |             ^^^^^^ use of undeclared crate or module `qwerty`
[INFO] [stdout] 
[INFO] [stdout] 
[INFO] [stdout] error[E0433]: failed to resolve: use of undeclared crate or module `qwerty`
[INFO] [stdout]    --> client/src/game.rs:306:13
[INFO] [stdout]     |
[INFO] [stdout] 306 |             qwerty::W => reset_direction(self, Direction::NORTH),
[INFO] [stdout]     |             ^^^^^^ use of undeclared crate or module `qwerty`
[INFO] [stdout] 
[INFO] [stdout] 
[INFO] [stdout] error[E0433]: failed to resolve: use of undeclared crate or module `qwerty`
[INFO] [stdout]    --> client/src/game.rs:307:13
[INFO] [stdout]     |
[INFO] [stdout] 307 |             qwerty::A => reset_direction(self, Direction::WEST),
[INFO] [stdout]     |             ^^^^^^ use of undeclared crate or module `qwerty`
[INFO] [stdout] 
[INFO] [stdout] 
[INFO] [stdout] error[E0433]: failed to resolve: use of undeclared crate or module `qwerty`
[INFO] [stdout]    --> client/src/game.rs:308:13
[INFO] [stdout]     |
[INFO] [stdout] 308 |             qwerty::S => reset_direction(self, Direction::SOUTH),
[INFO] [stdout]     |             ^^^^^^ use of undeclared crate or module `qwerty`
[INFO] [stdout] 
[INFO] [stdout] 
[INFO] [stdout] error[E0433]: failed to resolve: use of undeclared crate or module `qwerty`
[INFO] [stdout]    --> client/src/game.rs:309:13
[INFO] [stdout]     |
[INFO] [stdout] 309 |             qwerty::D => reset_direction(self, Direction::EAST),
[INFO] [stdout]     |             ^^^^^^ use of undeclared crate or module `qwerty`
[INFO] [stdout] 
[INFO] [stdout] 
[INFO] [stdout] error[E0433]: failed to resolve: use of undeclared crate or module `qwerty`
[INFO] [stdout]    --> client/src/game.rs:275:13
[INFO] [stdout]     |
[INFO] [stdout] 275 |             qwerty::W => set_direction(self, Direction::NORTH),
[INFO] [stdout]     |             ^^^^^^ use of undeclared crate or module `qwerty`
[INFO] [stdout] 
[INFO] [stdout] 
[INFO] [stdout] error[E0433]: failed to resolve: use of undeclared crate or module `qwerty`
[INFO] [stdout]    --> client/src/game.rs:276:13
[INFO] [stdout]     |
[INFO] [stdout] 276 |             qwerty::A => set_direction(self, Direction::WEST),
[INFO] [stdout]     |             ^^^^^^ use of undeclared crate or module `qwerty`
[INFO] [stdout] 
[INFO] [stdout] 
[INFO] [stdout] error[E0433]: failed to resolve: use of undeclared crate or module `qwerty`
[INFO] [stdout]    --> client/src/game.rs:277:13
[INFO] [stdout]     |
[INFO] [stdout] 277 |             qwerty::S => set_direction(self, Direction::SOUTH),
[INFO] [stdout]     |             ^^^^^^ use of undeclared crate or module `qwerty`
[INFO] [stdout] 
[INFO] [stdout] 
[INFO] [stdout] error[E0433]: failed to resolve: use of undeclared crate or module `qwerty`
[INFO] [stdout]    --> client/src/game.rs:278:13
[INFO] [stdout]     |
[INFO] [stdout] 278 |             qwerty::D => set_direction(self, Direction::EAST),
[INFO] [stdout]     |             ^^^^^^ use of undeclared crate or module `qwerty`
[INFO] [stdout] 
[INFO] [stdout] 
[INFO] [stdout] error[E0433]: failed to resolve: use of undeclared crate or module `qwerty`
[INFO] [stdout]    --> client/src/game.rs:280:13
[INFO] [stdout]     |
[INFO] [stdout] 280 |             qwerty::Q => {
[INFO] [stdout]     |             ^^^^^^ use of undeclared crate or module `qwerty`
[INFO] [stdout] 
[INFO] [stdout] 
[INFO] [stdout] error[E0433]: failed to resolve: use of undeclared crate or module `qwerty`
[INFO] [stdout]    --> client/src/game.rs:283:13
[INFO] [stdout]     |
[INFO] [stdout] 283 |             qwerty::E => {
[INFO] [stdout]     |             ^^^^^^ use of undeclared crate or module `qwerty`
[INFO] [stdout] 
[INFO] [stdout] 
[INFO] [stdout] error[E0433]: failed to resolve: use of undeclared crate or module `qwerty`
[INFO] [stdout]    --> client/src/game.rs:306:13
[INFO] [stdout]     |
[INFO] [stdout] 306 |             qwerty::W => reset_direction(self, Direction::NORTH),
[INFO] [stdout]     |             ^^^^^^ use of undeclared crate or module `qwerty`
[INFO] [stdout] 
[INFO] [stdout] 
[INFO] [stdout] error[E0433]: failed to resolve: use of undeclared crate or module `qwerty`
[INFO] [stdout]    --> client/src/game.rs:307:13
[INFO] [stdout]     |
[INFO] [stdout] 307 |             qwerty::A => reset_direction(self, Direction::WEST),
[INFO] [stdout]     |             ^^^^^^ use of undeclared crate or module `qwerty`
[INFO] [stdout] 
[INFO] [stdout] 
[INFO] [stdout] error[E0433]: failed to resolve: use of undeclared crate or module `qwerty`
[INFO] [stdout]    --> client/src/game.rs:308:13
[INFO] [stdout]     |
[INFO] [stdout] 308 |             qwerty::S => reset_direction(self, Direction::SOUTH),
[INFO] [stdout]     |             ^^^^^^ use of undeclared crate or module `qwerty`
[INFO] [stdout] 
[INFO] [stdout] 
[INFO] [stdout] error[E0433]: failed to resolve: use of undeclared crate or module `qwerty`
[INFO] [stdout]    --> client/src/game.rs:309:13
[INFO] [stdout]     |
[INFO] [stdout] 309 |             qwerty::D => reset_direction(self, Direction::EAST),
[INFO] [stdout]     |             ^^^^^^ use of undeclared crate or module `qwerty`
[INFO] [stdout] 
[INFO] [stdout] 
[INFO] [stdout] error: aborting due to 10 previous errors
[INFO] [stdout] 
[INFO] [stdout] 
[INFO] [stdout] For more information about this error, try `rustc --explain E0433`.
[INFO] [stdout] 
[INFO] [stderr] error: could not compile `client` due to 11 previous errors
[INFO] [stderr] warning: build failed, waiting for other jobs to finish...
[INFO] [stdout] error: aborting due to 10 previous errors
[INFO] [stdout] 
[INFO] [stdout] 
[INFO] [stdout] For more information about this error, try `rustc --explain E0433`.
[INFO] [stdout] 
[INFO] [stderr] error: build failed
[INFO] running `Command { std: "docker" "inspect" "49f39bf5e5f984a18cc8620d8eff033d80a555f1fe9810b9fb94c36a9c0310f1", kill_on_drop: false }`
[INFO] running `Command { std: "docker" "rm" "-f" "49f39bf5e5f984a18cc8620d8eff033d80a555f1fe9810b9fb94c36a9c0310f1", kill_on_drop: false }`
[INFO] [stdout] 49f39bf5e5f984a18cc8620d8eff033d80a555f1fe9810b9fb94c36a9c0310f1
