[INFO] cloning repository https://github.com/nokaa/neppit
[INFO] running `Command { std: "git" "-c" "credential.helper=" "-c" "credential.helper=/workspace/cargo-home/bin/git-credential-null" "clone" "--bare" "https://github.com/nokaa/neppit" "/workspace/cache/git-repos/https%3A%2F%2Fgithub.com%2Fnokaa%2Fneppit", kill_on_drop: false }`
[INFO] [stderr] Cloning into bare repository '/workspace/cache/git-repos/https%3A%2F%2Fgithub.com%2Fnokaa%2Fneppit'...
[INFO] running `Command { std: "git" "rev-parse" "HEAD", kill_on_drop: false }`
[INFO] [stdout] 973de5567cb3fda1d511e3c752051cd803bd78cd
[INFO] checking nokaa/neppit against beta-2021-10-15 for beta-1.56-3
[INFO] running `Command { std: "git" "clone" "/workspace/cache/git-repos/https%3A%2F%2Fgithub.com%2Fnokaa%2Fneppit" "/workspace/builds/worker-6/source", kill_on_drop: false }`
[INFO] [stderr] Cloning into '/workspace/builds/worker-6/source'...
[INFO] [stderr] done.
[INFO] validating manifest of git repo https://github.com/nokaa/neppit on toolchain beta-2021-10-15
[INFO] running `Command { std: "/workspace/cargo-home/bin/cargo" "+beta-2021-10-15" "metadata" "--manifest-path" "Cargo.toml" "--no-deps", kill_on_drop: false }`
[INFO] started tweaking git repo https://github.com/nokaa/neppit
[INFO] finished tweaking git repo https://github.com/nokaa/neppit
[INFO] tweaked toml for git repo https://github.com/nokaa/neppit written to /workspace/builds/worker-6/source/Cargo.toml
[INFO] crate git repo https://github.com/nokaa/neppit already has a lockfile, it will not be regenerated
[INFO] running `Command { std: "/workspace/cargo-home/bin/cargo" "+beta-2021-10-15" "fetch" "--manifest-path" "Cargo.toml", kill_on_drop: false }`
[INFO] [stderr]  Downloading crates ...
[INFO] [stderr]   Downloaded redox_syscall v0.1.16
[INFO] [stderr]   Downloaded state v0.2.0
[INFO] [stderr]   Downloaded mime v0.2.2
[INFO] [stderr]   Downloaded thread-id v3.0.0
[INFO] [stderr]   Downloaded aho-corasick v0.6.2
[INFO] [stderr]   Downloaded memchr v0.1.11
[INFO] [stderr]   Downloaded md5 v0.2.1
[INFO] [stderr]   Downloaded siphasher v0.2.1
[INFO] [stderr]   Downloaded bufstream v0.1.2
[INFO] [stderr]   Downloaded rustc-demangle v0.1.3
[INFO] [stderr]   Downloaded error-chain v0.9.0
[INFO] [stderr]   Downloaded cfg-if v0.1.0
[INFO] [stderr]   Downloaded dotenv v0.8.0
[INFO] [stderr]   Downloaded env_logger v0.4.0
[INFO] [stderr]   Downloaded thread_local v0.2.7
[INFO] [stderr]   Downloaded regex-syntax v0.3.9
[INFO] [stderr]   Downloaded memchr v1.0.1
[INFO] [stderr]   Downloaded thread-id v2.0.0
[INFO] [stderr]   Downloaded serde_json v0.9.6
[INFO] [stderr]   Downloaded serde v0.9.7
[INFO] [stderr]   Downloaded backtrace-sys v0.1.10
[INFO] [stderr]   Downloaded quote v0.3.12
[INFO] [stderr]   Downloaded quick-error v1.1.0
[INFO] [stderr]   Downloaded serde_derive v0.9.7
[INFO] [stderr]   Downloaded dtoa v0.4.1
[INFO] [stderr]   Downloaded aho-corasick v0.5.3
[INFO] [stderr]   Downloaded idna v0.1.0
[INFO] [stderr]   Downloaded itoa v0.3.1
[INFO] [stderr]   Downloaded syn v0.11.6
[INFO] [stderr]   Downloaded synom v0.11.0
[INFO] [stderr]   Downloaded serde_codegen_internals v0.13.0
[INFO] [stderr]   Downloaded num-traits v0.1.36
[INFO] [stderr]   Downloaded toml v0.3.0
[INFO] [stderr]   Downloaded regex v0.1.80
[INFO] [stderr]   Downloaded chrono v0.3.0
[INFO] [stderr]   Downloaded utf8-ranges v0.1.3
[INFO] [stderr]   Downloaded backtrace v0.3.0
[INFO] [stderr]   Downloaded gcc v0.3.43
[INFO] [stderr]   Downloaded num v0.1.36
[INFO] [stderr]   Downloaded libc v0.2.20
[INFO] [stderr]   Downloaded fallible-iterator v0.1.3
[INFO] [stderr]   Downloaded r2d2_postgres v0.12.0
[INFO] [stderr]   Downloaded version_check v0.1.0
[INFO] [stderr]   Downloaded postgres-shared v0.2.0
[INFO] [stderr]   Downloaded postgres v0.14.0
[INFO] [stderr]   Downloaded rustc-serialize v0.3.22
[INFO] [stderr]   Downloaded r2d2 v0.7.1
[INFO] [stderr]   Downloaded postgres-protocol v0.2.0
[INFO] [stderr]   Downloaded pest v0.3.3
[INFO] [stderr]   Downloaded handlebars v0.25.0
[INFO] [stderr]   Downloaded rocket_contrib v0.2.0
[INFO] [stderr]   Downloaded regex-syntax v0.4.0
[INFO] [stderr]   Downloaded lazy_static v0.2.2
[INFO] [stderr]   Downloaded thread_local v0.3.2
[INFO] [stderr]   Downloaded cookie v0.6.0
[INFO] [stderr]   Downloaded regex v0.2.1
[INFO] [stderr]   Downloaded httparse v1.2.1
[INFO] [stderr]   Downloaded hyper v0.10.4
[INFO] [stderr]   Downloaded num_cpus v1.2.1
[INFO] [stderr]   Downloaded rocket_codegen v0.2.0
[INFO] [stderr]   Downloaded term-painter v0.2.3
[INFO] [stderr]   Downloaded term v0.4.5
[INFO] [stderr]   Downloaded toml v0.2.1
[INFO] [stderr]   Downloaded rocket v0.2.0
[INFO] running `Command { std: "docker" "create" "-v" "/var/lib/crater-agent-workspace/builds/worker-6/target:/opt/rustwide/target:rw,Z" "-v" "/var/lib/crater-agent-workspace/builds/worker-6/source:/opt/rustwide/workdir:ro,Z" "-v" "/var/lib/crater-agent-workspace/cargo-home:/opt/rustwide/cargo-home:ro,Z" "-v" "/var/lib/crater-agent-workspace/rustup-home:/opt/rustwide/rustup-home:ro,Z" "-e" "SOURCE_DIR=/opt/rustwide/workdir" "-e" "CARGO_TARGET_DIR=/opt/rustwide/target" "-e" "CARGO_HOME=/opt/rustwide/cargo-home" "-e" "RUSTUP_HOME=/opt/rustwide/rustup-home" "-w" "/opt/rustwide/workdir" "-m" "1610612736" "--user" "0:0" "--network" "none" "ghcr.io/rust-lang/crates-build-env/linux@sha256:a89201d6b5b9fd45c15d5952ece0a0129e7e80cb26ec023fd59cf09bc26f1604" "/opt/rustwide/cargo-home/bin/cargo" "+beta-2021-10-15" "metadata" "--no-deps" "--format-version=1", kill_on_drop: false }`
[INFO] [stdout] 49de508e4d0fab2610ae18b9b72cfbf79935c21baf3b7993321917a20a39261f
[INFO] [stderr] WARNING: Your kernel does not support swap limit capabilities or the cgroup is not mounted. Memory limited without swap.
[INFO] running `Command { std: "docker" "start" "-a" "49de508e4d0fab2610ae18b9b72cfbf79935c21baf3b7993321917a20a39261f", kill_on_drop: false }`
[INFO] running `Command { std: "docker" "inspect" "49de508e4d0fab2610ae18b9b72cfbf79935c21baf3b7993321917a20a39261f", kill_on_drop: false }`
[INFO] running `Command { std: "docker" "rm" "-f" "49de508e4d0fab2610ae18b9b72cfbf79935c21baf3b7993321917a20a39261f", kill_on_drop: false }`
[INFO] [stdout] 49de508e4d0fab2610ae18b9b72cfbf79935c21baf3b7993321917a20a39261f
[INFO] running `Command { std: "docker" "create" "-v" "/var/lib/crater-agent-workspace/builds/worker-6/target:/opt/rustwide/target:rw,Z" "-v" "/var/lib/crater-agent-workspace/builds/worker-6/source:/opt/rustwide/workdir:ro,Z" "-v" "/var/lib/crater-agent-workspace/cargo-home:/opt/rustwide/cargo-home:ro,Z" "-v" "/var/lib/crater-agent-workspace/rustup-home:/opt/rustwide/rustup-home:ro,Z" "-e" "SOURCE_DIR=/opt/rustwide/workdir" "-e" "CARGO_TARGET_DIR=/opt/rustwide/target" "-e" "CARGO_INCREMENTAL=0" "-e" "RUST_BACKTRACE=full" "-e" "RUSTFLAGS=--cap-lints=warn" "-e" "CARGO_HOME=/opt/rustwide/cargo-home" "-e" "RUSTUP_HOME=/opt/rustwide/rustup-home" "-w" "/opt/rustwide/workdir" "-m" "1610612736" "--user" "0:0" "--network" "none" "ghcr.io/rust-lang/crates-build-env/linux@sha256:a89201d6b5b9fd45c15d5952ece0a0129e7e80cb26ec023fd59cf09bc26f1604" "/opt/rustwide/cargo-home/bin/cargo" "+beta-2021-10-15" "check" "--frozen" "--all" "--all-targets" "--message-format=json", kill_on_drop: false }`
[INFO] [stdout] 8f673f914c7a638b95e662d20edd52f11a5b2c49ddf25e996ec15f3d5be7c7b4
[INFO] [stderr] WARNING: Your kernel does not support swap limit capabilities or the cgroup is not mounted. Memory limited without swap.
[INFO] running `Command { std: "docker" "start" "-a" "8f673f914c7a638b95e662d20edd52f11a5b2c49ddf25e996ec15f3d5be7c7b4", kill_on_drop: false }`
[INFO] [stderr]    Compiling ansi_term v0.9.0
[INFO] [stderr]    Compiling version_check v0.1.0
[INFO] [stderr]     Checking serde v0.9.7
[INFO] [stderr]    Compiling matches v0.1.4
[INFO] [stderr]    Compiling libc v0.2.20
[INFO] [stderr]    Compiling unicode-normalization v0.1.4
[INFO] [stderr]    Compiling gcc v0.3.43
[INFO] [stderr]     Checking siphasher v0.2.1
[INFO] [stderr]     Checking fallible-iterator v0.1.3
[INFO] [stderr]     Checking md5 v0.2.1
[INFO] [stderr]    Compiling log v0.3.6
[INFO] [stderr]    Compiling backtrace v0.3.0
[INFO] [stderr]    Compiling rustc-serialize v0.3.22
[INFO] [stderr]    Compiling quote v0.3.12
[INFO] [stderr]    Compiling term v0.4.5
[INFO] [stderr]    Compiling traitobject v0.0.1
[INFO] [stderr]    Compiling httparse v1.2.1
[INFO] [stderr]    Compiling toml v0.2.1
[INFO] [stderr]    Compiling state v0.2.0
[INFO] [stderr]     Checking bufstream v0.1.2
[INFO] [stderr]     Checking rustc-demangle v0.1.3
[INFO] [stderr]     Checking time v0.1.36
[INFO] [stderr]     Checking memchr v0.1.11
[INFO] [stdout] error[E0557]: feature has been removed
[INFO] [stdout]  --> /opt/rustwide/cargo-home/registry/src/github.com-1ecc6299db9ec823/state-0.2.0/src/lib.rs:1:12
[INFO] [stdout]   |
[INFO] [stdout] 1 | #![feature(const_fn)]
[INFO] [stdout]   |            ^^^^^^^^ feature has been removed
[INFO] [stdout]   |
[INFO] [stdout]   = note: split into finer-grained feature gates
[INFO] [stdout] 
[INFO] [stdout] 
[INFO] [stdout] error[E0554]: `#![feature]` may not be used on the beta release channel
[INFO] [stdout]  --> /opt/rustwide/cargo-home/registry/src/github.com-1ecc6299db9ec823/state-0.2.0/src/lib.rs:1:1
[INFO] [stdout]   |
[INFO] [stdout] 1 | #![feature(const_fn)]
[INFO] [stdout]   | ^^^^^^^^^^^^^^^^^^^^^
[INFO] [stdout] 
[INFO] [stdout] 
[INFO] [stderr]     Checking memchr v1.0.1
[INFO] [stdout] error[E0557]: feature has been removed
[INFO] [stdout]  --> /opt/rustwide/cargo-home/registry/src/github.com-1ecc6299db9ec823/state-0.2.0/src/lib.rs:1:12
[INFO] [stdout]   |
[INFO] [stdout] 1 | #![feature(const_fn)]
[INFO] [stdout]   |            ^^^^^^^^ feature has been removed
[INFO] [stdout]   |
[INFO] [stdout]   = note: split into finer-grained feature gates
[INFO] [stdout] 
[INFO] [stdout] 
[INFO] [stdout] error: aborting due to 2 previous errors
[INFO] [stdout] 
[INFO] [stdout] 
[INFO] [stdout] error[E0554]: `#![feature]` may not be used on the beta release channel
[INFO] [stdout]  --> /opt/rustwide/cargo-home/registry/src/github.com-1ecc6299db9ec823/state-0.2.0/src/lib.rs:1:1
[INFO] [stdout]   |
[INFO] [stdout] 1 | #![feature(const_fn)]
[INFO] [stdout]   | ^^^^^^^^^^^^^^^^^^^^^
[INFO] [stdout] 
[INFO] [stdout] 
[INFO] [stdout] Some errors have detailed explanations: E0554, E0557.
[INFO] [stdout] 
[INFO] [stdout] For more information about an error, try `rustc --explain E0554`.
[INFO] [stdout] 
[INFO] [stderr] error: could not compile `state` due to 3 previous errors
[INFO] [stderr] warning: build failed, waiting for other jobs to finish...
[INFO] [stdout] error: aborting due to 2 previous errors
[INFO] [stdout] 
[INFO] [stdout] 
[INFO] [stdout] Some errors have detailed explanations: E0554, E0557.
[INFO] [stdout] 
[INFO] [stdout] For more information about an error, try `rustc --explain E0554`.
[INFO] [stdout] 
[INFO] [stderr] error: build failed
[INFO] running `Command { std: "docker" "inspect" "8f673f914c7a638b95e662d20edd52f11a5b2c49ddf25e996ec15f3d5be7c7b4", kill_on_drop: false }`
[INFO] running `Command { std: "docker" "rm" "-f" "8f673f914c7a638b95e662d20edd52f11a5b2c49ddf25e996ec15f3d5be7c7b4", kill_on_drop: false }`
[INFO] [stdout] 8f673f914c7a638b95e662d20edd52f11a5b2c49ddf25e996ec15f3d5be7c7b4
