[INFO] cloning repository https://github.com/noahhex/Kubernetes-Cluster-Context-Generator
[INFO] running `Command { std: "git" "-c" "credential.helper=" "-c" "credential.helper=/workspace/cargo-home/bin/git-credential-null" "clone" "--bare" "https://github.com/noahhex/Kubernetes-Cluster-Context-Generator" "/workspace/cache/git-repos/https%3A%2F%2Fgithub.com%2Fnoahhex%2FKubernetes-Cluster-Context-Generator", kill_on_drop: false }`
[INFO] [stderr] Cloning into bare repository '/workspace/cache/git-repos/https%3A%2F%2Fgithub.com%2Fnoahhex%2FKubernetes-Cluster-Context-Generator'...
[INFO] running `Command { std: "git" "rev-parse" "HEAD", kill_on_drop: false }`
[INFO] [stdout] f6ba617ba32f6d9633881de40e59e7cbe8664385
[INFO] checking noahhex/Kubernetes-Cluster-Context-Generator against beta-2021-10-15 for beta-1.56-3
[INFO] running `Command { std: "git" "clone" "/workspace/cache/git-repos/https%3A%2F%2Fgithub.com%2Fnoahhex%2FKubernetes-Cluster-Context-Generator" "/workspace/builds/worker-11/source", kill_on_drop: false }`
[INFO] [stderr] Cloning into '/workspace/builds/worker-11/source'...
[INFO] [stderr] done.
[INFO] validating manifest of git repo https://github.com/noahhex/Kubernetes-Cluster-Context-Generator on toolchain beta-2021-10-15
[INFO] running `Command { std: "/workspace/cargo-home/bin/cargo" "+beta-2021-10-15" "metadata" "--manifest-path" "Cargo.toml" "--no-deps", kill_on_drop: false }`
[INFO] started tweaking git repo https://github.com/noahhex/Kubernetes-Cluster-Context-Generator
[INFO] finished tweaking git repo https://github.com/noahhex/Kubernetes-Cluster-Context-Generator
[INFO] tweaked toml for git repo https://github.com/noahhex/Kubernetes-Cluster-Context-Generator written to /workspace/builds/worker-11/source/Cargo.toml
[INFO] crate git repo https://github.com/noahhex/Kubernetes-Cluster-Context-Generator already has a lockfile, it will not be regenerated
[INFO] running `Command { std: "/workspace/cargo-home/bin/cargo" "+beta-2021-10-15" "fetch" "--manifest-path" "Cargo.toml", kill_on_drop: false }`
[INFO] [stderr]     Updating crates.io index
[INFO] [stderr]     Blocking waiting for file lock on package cache
[INFO] running `Command { std: "docker" "create" "-v" "/var/lib/crater-agent-workspace/builds/worker-11/target:/opt/rustwide/target:rw,Z" "-v" "/var/lib/crater-agent-workspace/builds/worker-11/source:/opt/rustwide/workdir:ro,Z" "-v" "/var/lib/crater-agent-workspace/cargo-home:/opt/rustwide/cargo-home:ro,Z" "-v" "/var/lib/crater-agent-workspace/rustup-home:/opt/rustwide/rustup-home:ro,Z" "-e" "SOURCE_DIR=/opt/rustwide/workdir" "-e" "CARGO_TARGET_DIR=/opt/rustwide/target" "-e" "CARGO_HOME=/opt/rustwide/cargo-home" "-e" "RUSTUP_HOME=/opt/rustwide/rustup-home" "-w" "/opt/rustwide/workdir" "-m" "1610612736" "--user" "0:0" "--network" "none" "ghcr.io/rust-lang/crates-build-env/linux@sha256:a89201d6b5b9fd45c15d5952ece0a0129e7e80cb26ec023fd59cf09bc26f1604" "/opt/rustwide/cargo-home/bin/cargo" "+beta-2021-10-15" "metadata" "--no-deps" "--format-version=1", kill_on_drop: false }`
[INFO] [stdout] e65a75c6f2698863f565925e6e7e4db0f766e6603ce7f7d893c14230b0b170b5
[INFO] [stderr] WARNING: Your kernel does not support swap limit capabilities or the cgroup is not mounted. Memory limited without swap.
[INFO] running `Command { std: "docker" "start" "-a" "e65a75c6f2698863f565925e6e7e4db0f766e6603ce7f7d893c14230b0b170b5", kill_on_drop: false }`
[INFO] running `Command { std: "docker" "inspect" "e65a75c6f2698863f565925e6e7e4db0f766e6603ce7f7d893c14230b0b170b5", kill_on_drop: false }`
[INFO] running `Command { std: "docker" "rm" "-f" "e65a75c6f2698863f565925e6e7e4db0f766e6603ce7f7d893c14230b0b170b5", kill_on_drop: false }`
[INFO] [stdout] e65a75c6f2698863f565925e6e7e4db0f766e6603ce7f7d893c14230b0b170b5
[INFO] running `Command { std: "docker" "create" "-v" "/var/lib/crater-agent-workspace/builds/worker-11/target:/opt/rustwide/target:rw,Z" "-v" "/var/lib/crater-agent-workspace/builds/worker-11/source:/opt/rustwide/workdir:ro,Z" "-v" "/var/lib/crater-agent-workspace/cargo-home:/opt/rustwide/cargo-home:ro,Z" "-v" "/var/lib/crater-agent-workspace/rustup-home:/opt/rustwide/rustup-home:ro,Z" "-e" "SOURCE_DIR=/opt/rustwide/workdir" "-e" "CARGO_TARGET_DIR=/opt/rustwide/target" "-e" "CARGO_INCREMENTAL=0" "-e" "RUST_BACKTRACE=full" "-e" "RUSTFLAGS=--cap-lints=warn" "-e" "CARGO_HOME=/opt/rustwide/cargo-home" "-e" "RUSTUP_HOME=/opt/rustwide/rustup-home" "-w" "/opt/rustwide/workdir" "-m" "1610612736" "--user" "0:0" "--network" "none" "ghcr.io/rust-lang/crates-build-env/linux@sha256:a89201d6b5b9fd45c15d5952ece0a0129e7e80cb26ec023fd59cf09bc26f1604" "/opt/rustwide/cargo-home/bin/cargo" "+beta-2021-10-15" "check" "--frozen" "--all" "--all-targets" "--message-format=json", kill_on_drop: false }`
[INFO] [stdout] 7797845f37af983ddd51769f8d6ce9d51e6e1e3acd1c90aea502254449d8a8e0
[INFO] [stderr] WARNING: Your kernel does not support swap limit capabilities or the cgroup is not mounted. Memory limited without swap.
[INFO] running `Command { std: "docker" "start" "-a" "7797845f37af983ddd51769f8d6ce9d51e6e1e3acd1c90aea502254449d8a8e0", kill_on_drop: false }`
[INFO] [stderr]     Blocking waiting for file lock on package cache
[INFO] [stderr]    Compiling pkg-config v0.3.12
[INFO] [stderr]     Checking lazy_static v1.0.2
[INFO] [stderr]     Checking slab v0.4.5
[INFO] [stderr]     Checking matches v0.1.7
[INFO] [stderr]     Checking hex v0.2.0
[INFO] [stderr]     Checking crossbeam-utils v0.6.3
[INFO] [stderr]     Checking relay v0.1.1
[INFO] [stderr]    Compiling proc-macro2 v0.4.9
[INFO] [stderr]     Checking xml-rs v0.3.6
[INFO] [stderr]     Checking arrayvec v0.4.12
[INFO] [stderr]     Checking log v0.3.9
[INFO] [stderr]     Checking want v0.0.4
[INFO] [stderr]     Checking iovec v0.1.4
[INFO] [stderr]    Compiling parking_lot_core v0.6.1
[INFO] [stderr]     Checking net2 v0.2.37
[INFO] [stderr]     Checking rand_os v0.1.3
[INFO] [stderr]     Checking time v0.1.40
[INFO] [stderr]     Checking socket2 v0.3.7
[INFO] [stderr]     Checking rand v0.4.6
[INFO] [stderr]     Checking generic-array v0.8.3
[INFO] [stderr]     Checking backtrace-sys v0.1.23
[INFO] [stderr]     Checking libflate v0.1.27
[INFO] [stderr]     Checking serde_json v1.0.68
[INFO] [stderr]     Checking futures-cpupool v0.1.8
[INFO] [stderr]     Checking bytes v0.4.12
[INFO] [stderr]     Checking unicode-bidi v0.3.4
[INFO] [stderr]     Checking rand v0.6.5
[INFO] [stderr]     Checking rust-ini v0.9.12
[INFO] [stderr]     Checking tokio-trace-core v0.1.0
[INFO] [stderr]     Checking colored v1.6.1
[INFO] [stderr]     Checking backtrace v0.3.9
[INFO] [stderr]     Checking tokio-executor v0.1.9
[INFO] [stderr]     Checking crossbeam-channel v0.3.7
[INFO] [stderr]     Checking mio v0.6.19
[INFO] [stderr]     Checking crossbeam-epoch v0.7.2
[INFO] [stderr]    Compiling quote v0.6.4
[INFO] [stderr]     Checking digest v0.6.2
[INFO] [stderr]     Checking block-buffer v0.2.0
[INFO] [stderr]     Checking crypto-mac v0.4.0
[INFO] [stdout] error[E0432]: unresolved import `crossbeam_utils::Backoff`
[INFO] [stdout]  --> /opt/rustwide/cargo-home/registry/src/github.com-1ecc6299db9ec823/crossbeam-channel-0.3.7/src/context.rs:9:5
[INFO] [stdout]   |
[INFO] [stdout] 9 | use crossbeam_utils::Backoff;
[INFO] [stdout]   |     ^^^^^^^^^^^^^^^^^^^^^^^^ no `Backoff` in the root
[INFO] [stdout] 
[INFO] [stdout] 
[INFO] [stdout] error[E0432]: unresolved import `crossbeam_utils::Backoff`
[INFO] [stdout]   --> /opt/rustwide/cargo-home/registry/src/github.com-1ecc6299db9ec823/crossbeam-channel-0.3.7/src/flavors/array.rs:23:23
[INFO] [stdout]    |
[INFO] [stdout] 23 | use crossbeam_utils::{Backoff, CachePadded};
[INFO] [stdout]    |                       ^^^^^^^ no `Backoff` in the root
[INFO] [stdout] 
[INFO] [stdout] 
[INFO] [stdout] error[E0432]: unresolved import `crossbeam_utils::Backoff`
[INFO] [stdout]   --> /opt/rustwide/cargo-home/registry/src/github.com-1ecc6299db9ec823/crossbeam-channel-0.3.7/src/flavors/list.rs:10:23
[INFO] [stdout]    |
[INFO] [stdout] 10 | use crossbeam_utils::{Backoff, CachePadded};
[INFO] [stdout]    |                       ^^^^^^^ no `Backoff` in the root
[INFO] [stdout] 
[INFO] [stdout] 
[INFO] [stdout] error[E0432]: unresolved import `crossbeam_utils::Backoff`
[INFO] [stdout]   --> /opt/rustwide/cargo-home/registry/src/github.com-1ecc6299db9ec823/crossbeam-channel-0.3.7/src/flavors/zero.rs:10:5
[INFO] [stdout]    |
[INFO] [stdout] 10 | use crossbeam_utils::Backoff;
[INFO] [stdout]    |     ^^^^^^^^^^^^^^^^^^^^^^^^ no `Backoff` in the root
[INFO] [stdout] 
[INFO] [stdout] 
[INFO] [stdout] error[E0432]: unresolved import `crossbeam_utils::Backoff`
[INFO] [stdout]  --> /opt/rustwide/cargo-home/registry/src/github.com-1ecc6299db9ec823/crossbeam-channel-0.3.7/src/select.rs:8:5
[INFO] [stdout]   |
[INFO] [stdout] 8 | use crossbeam_utils::Backoff;
[INFO] [stdout]   |     ^^^^^^^^^^^^^^^^^^^^^^^^ no `Backoff` in the root
[INFO] [stdout] 
[INFO] [stdout] 
[INFO] [stdout] error[E0432]: unresolved import `crossbeam_utils::Backoff`
[INFO] [stdout]   --> /opt/rustwide/cargo-home/registry/src/github.com-1ecc6299db9ec823/crossbeam-channel-0.3.7/src/utils.rs:10:5
[INFO] [stdout]    |
[INFO] [stdout] 10 | use crossbeam_utils::Backoff;
[INFO] [stdout]    |     ^^^^^^^^^^^^^^^^^^^^^^^^ no `Backoff` in the root
[INFO] [stdout] 
[INFO] [stdout] 
[INFO] [stderr]     Checking chrono v0.4.5
[INFO] [stderr]     Checking idna v0.1.5
[INFO] [stderr]     Checking serde-xml-rs v0.2.1
[INFO] [stderr]     Checking tokio-current-thread v0.1.7
[INFO] [stderr]     Checking tokio-timer v0.2.12
[INFO] [stderr]    Compiling syn v0.14.7
[INFO] [stderr]     Checking error-chain v0.10.0
[INFO] [stderr]     Checking crossbeam-deque v0.6.3
[INFO] [stderr]     Checking uuid v0.6.5
[INFO] [stdout] error: aborting due to 6 previous errors
[INFO] [stdout] 
[INFO] [stdout] 
[INFO] [stdout] For more information about this error, try `rustc --explain E0432`.
[INFO] [stdout] 
[INFO] [stderr]     Checking tokio-io v0.1.13
[INFO] [stderr] error: could not compile `crossbeam-channel` due to 7 previous errors
[INFO] [stderr] warning: build failed, waiting for other jobs to finish...
[INFO] [stderr] error: build failed
[INFO] running `Command { std: "docker" "inspect" "7797845f37af983ddd51769f8d6ce9d51e6e1e3acd1c90aea502254449d8a8e0", kill_on_drop: false }`
[INFO] running `Command { std: "docker" "rm" "-f" "7797845f37af983ddd51769f8d6ce9d51e6e1e3acd1c90aea502254449d8a8e0", kill_on_drop: false }`
[INFO] [stdout] 7797845f37af983ddd51769f8d6ce9d51e6e1e3acd1c90aea502254449d8a8e0
