[INFO] cloning repository https://github.com/nixpulvis/gnocchi
[INFO] running `Command { std: "git" "-c" "credential.helper=" "-c" "credential.helper=/workspace/cargo-home/bin/git-credential-null" "clone" "--bare" "https://github.com/nixpulvis/gnocchi" "/workspace/cache/git-repos/https%3A%2F%2Fgithub.com%2Fnixpulvis%2Fgnocchi", kill_on_drop: false }`
[INFO] [stderr] Cloning into bare repository '/workspace/cache/git-repos/https%3A%2F%2Fgithub.com%2Fnixpulvis%2Fgnocchi'...
[INFO] running `Command { std: "git" "rev-parse" "HEAD", kill_on_drop: false }`
[INFO] [stdout] 5bde42cb55308c15801eaa16e48a4fd26bfae53a
[INFO] checking nixpulvis/gnocchi against 1.55.0 for beta-1.56-3
[INFO] running `Command { std: "git" "clone" "/workspace/cache/git-repos/https%3A%2F%2Fgithub.com%2Fnixpulvis%2Fgnocchi" "/workspace/builds/worker-6/source", kill_on_drop: false }`
[INFO] [stderr] Cloning into '/workspace/builds/worker-6/source'...
[INFO] [stderr] done.
[INFO] validating manifest of git repo https://github.com/nixpulvis/gnocchi on toolchain 1.55.0
[INFO] running `Command { std: "/workspace/cargo-home/bin/cargo" "+1.55.0" "metadata" "--manifest-path" "Cargo.toml" "--no-deps", kill_on_drop: false }`
[INFO] started tweaking git repo https://github.com/nixpulvis/gnocchi
[INFO] finished tweaking git repo https://github.com/nixpulvis/gnocchi
[INFO] tweaked toml for git repo https://github.com/nixpulvis/gnocchi written to /workspace/builds/worker-6/source/Cargo.toml
[INFO] crate git repo https://github.com/nixpulvis/gnocchi already has a lockfile, it will not be regenerated
[INFO] running `Command { std: "/workspace/cargo-home/bin/cargo" "+1.55.0" "fetch" "--manifest-path" "Cargo.toml", kill_on_drop: false }`
[INFO] running `Command { std: "docker" "create" "-v" "/var/lib/crater-agent-workspace/builds/worker-6/target:/opt/rustwide/target:rw,Z" "-v" "/var/lib/crater-agent-workspace/builds/worker-6/source:/opt/rustwide/workdir:ro,Z" "-v" "/var/lib/crater-agent-workspace/cargo-home:/opt/rustwide/cargo-home:ro,Z" "-v" "/var/lib/crater-agent-workspace/rustup-home:/opt/rustwide/rustup-home:ro,Z" "-e" "SOURCE_DIR=/opt/rustwide/workdir" "-e" "CARGO_TARGET_DIR=/opt/rustwide/target" "-e" "CARGO_HOME=/opt/rustwide/cargo-home" "-e" "RUSTUP_HOME=/opt/rustwide/rustup-home" "-w" "/opt/rustwide/workdir" "-m" "1610612736" "--user" "0:0" "--network" "none" "ghcr.io/rust-lang/crates-build-env/linux@sha256:a89201d6b5b9fd45c15d5952ece0a0129e7e80cb26ec023fd59cf09bc26f1604" "/opt/rustwide/cargo-home/bin/cargo" "+1.55.0" "metadata" "--no-deps" "--format-version=1", kill_on_drop: false }`
[INFO] [stdout] dab0a530311a8e3ae234339acf7fee274772bbc5129799d611db3c09b8109e7b
[INFO] [stderr] WARNING: Your kernel does not support swap limit capabilities or the cgroup is not mounted. Memory limited without swap.
[INFO] running `Command { std: "docker" "start" "-a" "dab0a530311a8e3ae234339acf7fee274772bbc5129799d611db3c09b8109e7b", kill_on_drop: false }`
[INFO] running `Command { std: "docker" "inspect" "dab0a530311a8e3ae234339acf7fee274772bbc5129799d611db3c09b8109e7b", kill_on_drop: false }`
[INFO] running `Command { std: "docker" "rm" "-f" "dab0a530311a8e3ae234339acf7fee274772bbc5129799d611db3c09b8109e7b", kill_on_drop: false }`
[INFO] [stdout] dab0a530311a8e3ae234339acf7fee274772bbc5129799d611db3c09b8109e7b
[INFO] running `Command { std: "docker" "create" "-v" "/var/lib/crater-agent-workspace/builds/worker-6/target:/opt/rustwide/target:rw,Z" "-v" "/var/lib/crater-agent-workspace/builds/worker-6/source:/opt/rustwide/workdir:ro,Z" "-v" "/var/lib/crater-agent-workspace/cargo-home:/opt/rustwide/cargo-home:ro,Z" "-v" "/var/lib/crater-agent-workspace/rustup-home:/opt/rustwide/rustup-home:ro,Z" "-e" "SOURCE_DIR=/opt/rustwide/workdir" "-e" "CARGO_TARGET_DIR=/opt/rustwide/target" "-e" "CARGO_INCREMENTAL=0" "-e" "RUST_BACKTRACE=full" "-e" "RUSTFLAGS=--cap-lints=warn" "-e" "CARGO_HOME=/opt/rustwide/cargo-home" "-e" "RUSTUP_HOME=/opt/rustwide/rustup-home" "-w" "/opt/rustwide/workdir" "-m" "1610612736" "--user" "0:0" "--network" "none" "ghcr.io/rust-lang/crates-build-env/linux@sha256:a89201d6b5b9fd45c15d5952ece0a0129e7e80cb26ec023fd59cf09bc26f1604" "/opt/rustwide/cargo-home/bin/cargo" "+1.55.0" "check" "--frozen" "--all" "--all-targets" "--message-format=json", kill_on_drop: false }`
[INFO] [stdout] 5b616f74a9aaf820bb48483e8fbead91d17cf1bdeef3481880e8c0d6d809bc97
[INFO] [stderr] WARNING: Your kernel does not support swap limit capabilities or the cgroup is not mounted. Memory limited without swap.
[INFO] running `Command { std: "docker" "start" "-a" "5b616f74a9aaf820bb48483e8fbead91d17cf1bdeef3481880e8c0d6d809bc97", kill_on_drop: false }`
[INFO] [stderr]     Blocking waiting for file lock on package cache
[INFO] [stderr]     Blocking waiting for file lock on package cache
[INFO] [stderr]     Checking gnocchi v0.1.0 (/opt/rustwide/workdir)
[INFO] [stdout] error[E0412]: cannot find type `Note` in this scope
[INFO] [stdout]  --> src/interval.rs:3:21
[INFO] [stdout]   |
[INFO] [stdout] 3 | pub struct Interval(Note, Note);
[INFO] [stdout]   |                     ^^^^ not found in this scope
[INFO] [stdout]   |
[INFO] [stdout] help: consider importing this struct
[INFO] [stdout]   |
[INFO] [stdout] 1 | use crate::note::Note;
[INFO] [stdout]   |
[INFO] [stdout] 
[INFO] [stdout] 
[INFO] [stdout] error[E0412]: cannot find type `Note` in this scope
[INFO] [stdout]  --> src/interval.rs:3:27
[INFO] [stdout]   |
[INFO] [stdout] 3 | pub struct Interval(Note, Note);
[INFO] [stdout]   |                           ^^^^ not found in this scope
[INFO] [stdout]   |
[INFO] [stdout] help: consider importing this struct
[INFO] [stdout]   |
[INFO] [stdout] 1 | use crate::note::Note;
[INFO] [stdout]   |
[INFO] [stdout] 
[INFO] [stdout] 
[INFO] [stdout] error[E0412]: cannot find type `Note` in this scope
[INFO] [stdout]  --> src/interval.rs:3:21
[INFO] [stdout]   |
[INFO] [stdout] 3 | pub struct Interval(Note, Note);
[INFO] [stdout]   |                     ^^^^ not found in this scope
[INFO] [stdout]   |
[INFO] [stdout] help: consider importing this struct
[INFO] [stdout]   |
[INFO] [stdout] 1 | use crate::note::Note;
[INFO] [stdout]   |
[INFO] [stdout] 
[INFO] [stdout] 
[INFO] [stdout] error[E0412]: cannot find type `Note` in this scope
[INFO] [stdout]  --> src/interval.rs:3:27
[INFO] [stdout]   |
[INFO] [stdout] 3 | pub struct Interval(Note, Note);
[INFO] [stdout]   |                           ^^^^ not found in this scope
[INFO] [stdout]   |
[INFO] [stdout] help: consider importing this struct
[INFO] [stdout]   |
[INFO] [stdout] 1 | use crate::note::Note;
[INFO] [stdout]   |
[INFO] [stdout] 
[INFO] [stdout] 
[INFO] [stdout] error: aborting due to 2 previous errors
[INFO] [stdout] 
[INFO] [stdout] 
[INFO] [stdout] For more information about this error, try `rustc --explain E0412`.
[INFO] [stdout] 
[INFO] [stderr] error: could not compile `gnocchi` due to 3 previous errors
[INFO] [stderr] warning: build failed, waiting for other jobs to finish...
[INFO] [stdout] error: aborting due to 2 previous errors
[INFO] [stdout] 
[INFO] [stdout] 
[INFO] [stdout] For more information about this error, try `rustc --explain E0412`.
[INFO] [stdout] 
[INFO] [stderr] error: build failed
[INFO] running `Command { std: "docker" "inspect" "5b616f74a9aaf820bb48483e8fbead91d17cf1bdeef3481880e8c0d6d809bc97", kill_on_drop: false }`
[INFO] running `Command { std: "docker" "rm" "-f" "5b616f74a9aaf820bb48483e8fbead91d17cf1bdeef3481880e8c0d6d809bc97", kill_on_drop: false }`
[INFO] [stdout] 5b616f74a9aaf820bb48483e8fbead91d17cf1bdeef3481880e8c0d6d809bc97
