[INFO] cloning repository https://github.com/nilsmartel/ray-march
[INFO] running `Command { std: "git" "-c" "credential.helper=" "-c" "credential.helper=/workspace/cargo-home/bin/git-credential-null" "clone" "--bare" "https://github.com/nilsmartel/ray-march" "/workspace/cache/git-repos/https%3A%2F%2Fgithub.com%2Fnilsmartel%2Fray-march", kill_on_drop: false }`
[INFO] [stderr] Cloning into bare repository '/workspace/cache/git-repos/https%3A%2F%2Fgithub.com%2Fnilsmartel%2Fray-march'...
[INFO] running `Command { std: "git" "rev-parse" "HEAD", kill_on_drop: false }`
[INFO] [stdout] 7f5356b98f0a38974db88aebd2e39db9279b04b2
[INFO] checking nilsmartel/ray-march against beta-2021-10-15 for beta-1.56-3
[INFO] running `Command { std: "git" "clone" "/workspace/cache/git-repos/https%3A%2F%2Fgithub.com%2Fnilsmartel%2Fray-march" "/workspace/builds/worker-0/source", kill_on_drop: false }`
[INFO] [stderr] Cloning into '/workspace/builds/worker-0/source'...
[INFO] [stderr] done.
[INFO] validating manifest of git repo https://github.com/nilsmartel/ray-march on toolchain beta-2021-10-15
[INFO] running `Command { std: "/workspace/cargo-home/bin/cargo" "+beta-2021-10-15" "metadata" "--manifest-path" "Cargo.toml" "--no-deps", kill_on_drop: false }`
[INFO] started tweaking git repo https://github.com/nilsmartel/ray-march
[INFO] finished tweaking git repo https://github.com/nilsmartel/ray-march
[INFO] tweaked toml for git repo https://github.com/nilsmartel/ray-march written to /workspace/builds/worker-0/source/Cargo.toml
[INFO] crate git repo https://github.com/nilsmartel/ray-march already has a lockfile, it will not be regenerated
[INFO] running `Command { std: "/workspace/cargo-home/bin/cargo" "+beta-2021-10-15" "fetch" "--manifest-path" "Cargo.toml", kill_on_drop: false }`
[INFO] [stderr]  Downloading crates ...
[INFO] [stderr]   Downloaded zerocopy v0.2.8
[INFO] [stderr]   Downloaded emu_core v0.1.1
[INFO] [stderr]   Downloaded zerocopy-derive v0.1.4
[INFO] running `Command { std: "docker" "create" "-v" "/var/lib/crater-agent-workspace/builds/worker-0/target:/opt/rustwide/target:rw,Z" "-v" "/var/lib/crater-agent-workspace/builds/worker-0/source:/opt/rustwide/workdir:ro,Z" "-v" "/var/lib/crater-agent-workspace/cargo-home:/opt/rustwide/cargo-home:ro,Z" "-v" "/var/lib/crater-agent-workspace/rustup-home:/opt/rustwide/rustup-home:ro,Z" "-e" "SOURCE_DIR=/opt/rustwide/workdir" "-e" "CARGO_TARGET_DIR=/opt/rustwide/target" "-e" "CARGO_HOME=/opt/rustwide/cargo-home" "-e" "RUSTUP_HOME=/opt/rustwide/rustup-home" "-w" "/opt/rustwide/workdir" "-m" "1610612736" "--user" "0:0" "--network" "none" "ghcr.io/rust-lang/crates-build-env/linux@sha256:a89201d6b5b9fd45c15d5952ece0a0129e7e80cb26ec023fd59cf09bc26f1604" "/opt/rustwide/cargo-home/bin/cargo" "+beta-2021-10-15" "metadata" "--no-deps" "--format-version=1", kill_on_drop: false }`
[INFO] [stdout] 7d8fe244f79c1cf3e0b22af4523f7d7f7f1b9e622720eb162d80e47dc344f5da
[INFO] [stderr] WARNING: Your kernel does not support swap limit capabilities or the cgroup is not mounted. Memory limited without swap.
[INFO] running `Command { std: "docker" "start" "-a" "7d8fe244f79c1cf3e0b22af4523f7d7f7f1b9e622720eb162d80e47dc344f5da", kill_on_drop: false }`
[INFO] running `Command { std: "docker" "inspect" "7d8fe244f79c1cf3e0b22af4523f7d7f7f1b9e622720eb162d80e47dc344f5da", kill_on_drop: false }`
[INFO] running `Command { std: "docker" "rm" "-f" "7d8fe244f79c1cf3e0b22af4523f7d7f7f1b9e622720eb162d80e47dc344f5da", kill_on_drop: false }`
[INFO] [stdout] 7d8fe244f79c1cf3e0b22af4523f7d7f7f1b9e622720eb162d80e47dc344f5da
[INFO] running `Command { std: "docker" "create" "-v" "/var/lib/crater-agent-workspace/builds/worker-0/target:/opt/rustwide/target:rw,Z" "-v" "/var/lib/crater-agent-workspace/builds/worker-0/source:/opt/rustwide/workdir:ro,Z" "-v" "/var/lib/crater-agent-workspace/cargo-home:/opt/rustwide/cargo-home:ro,Z" "-v" "/var/lib/crater-agent-workspace/rustup-home:/opt/rustwide/rustup-home:ro,Z" "-e" "SOURCE_DIR=/opt/rustwide/workdir" "-e" "CARGO_TARGET_DIR=/opt/rustwide/target" "-e" "CARGO_INCREMENTAL=0" "-e" "RUST_BACKTRACE=full" "-e" "RUSTFLAGS=--cap-lints=warn" "-e" "CARGO_HOME=/opt/rustwide/cargo-home" "-e" "RUSTUP_HOME=/opt/rustwide/rustup-home" "-w" "/opt/rustwide/workdir" "-m" "1610612736" "--user" "0:0" "--network" "none" "ghcr.io/rust-lang/crates-build-env/linux@sha256:a89201d6b5b9fd45c15d5952ece0a0129e7e80cb26ec023fd59cf09bc26f1604" "/opt/rustwide/cargo-home/bin/cargo" "+beta-2021-10-15" "check" "--frozen" "--all" "--all-targets" "--message-format=json", kill_on_drop: false }`
[INFO] [stdout] 40794fbaf99f49f6150927f3cf8c4bf0bb4f2b2a195acc93f1a4c4b74145d80b
[INFO] [stderr] WARNING: Your kernel does not support swap limit capabilities or the cgroup is not mounted. Memory limited without swap.
[INFO] running `Command { std: "docker" "start" "-a" "40794fbaf99f49f6150927f3cf8c4bf0bb4f2b2a195acc93f1a4c4b74145d80b", kill_on_drop: false }`
[INFO] [stderr]    Compiling syn v1.0.48
[INFO] [stderr]     Checking futures-core v0.3.8
[INFO] [stderr]     Checking futures-io v0.3.8
[INFO] [stderr]     Checking futures-task v0.3.8
[INFO] [stderr]     Checking ash v0.31.0
[INFO] [stderr]     Checking gfx-hal v0.5.3
[INFO] [stderr]     Checking x11 v2.18.2
[INFO] [stderr]    Compiling zerocopy-derive v0.1.4
[INFO] [stderr]     Checking futures-channel v0.3.8
[INFO] [stderr]     Checking zerocopy v0.2.8
[INFO] [stderr]     Checking gfx-descriptor v0.1.0
[INFO] [stderr]     Checking gfx-backend-empty v0.5.2
[INFO] [stderr]     Checking gfx-memory v0.1.3
[INFO] [stderr]    Compiling synstructure v0.12.4
[INFO] [stderr]    Compiling peek-poke-derive v0.2.1
[INFO] [stderr]    Compiling pin-project-internal v1.0.1
[INFO] [stderr]    Compiling futures-macro v0.3.8
[INFO] [stderr]    Compiling derive_more v0.99.11
[INFO] [stderr]     Checking peek-poke v0.2.0
[INFO] [stderr]     Checking gfx-backend-vulkan v0.5.11
[INFO] [stderr]     Checking wgpu-types v0.5.1
[INFO] [stderr]     Checking pin-project v1.0.1
[INFO] [stderr]     Checking wgpu-core v0.5.6
[INFO] [stderr]     Checking futures-util v0.3.8
[INFO] [stderr]     Checking wgpu-native v0.5.1
[INFO] [stderr]     Checking wgpu v0.5.2
[INFO] [stderr]     Checking futures-executor v0.3.8
[INFO] [stderr]     Checking futures v0.3.8
[INFO] [stderr]     Checking emu_core v0.1.1
[INFO] [stderr]     Checking ray-march v0.1.0 (/opt/rustwide/workdir)
[INFO] [stdout] error[E0583]: file not found for module `scene`
[INFO] [stdout]  --> src/main.rs:1:1
[INFO] [stdout]   |
[INFO] [stdout] 1 | mod scene;
[INFO] [stdout]   | ^^^^^^^^^^
[INFO] [stdout]   |
[INFO] [stdout]   = help: to create the module `scene`, create file "src/scene.rs" or "src/scene/mod.rs"
[INFO] [stdout] 
[INFO] [stdout] 
[INFO] [stdout] error[E0583]: file not found for module `scene`
[INFO] [stdout]  --> src/main.rs:1:1
[INFO] [stdout]   |
[INFO] [stdout] 1 | mod scene;
[INFO] [stdout]   | ^^^^^^^^^^
[INFO] [stdout]   |
[INFO] [stdout]   = help: to create the module `scene`, create file "src/scene.rs" or "src/scene/mod.rs"
[INFO] [stdout] 
[INFO] [stdout] 
[INFO] [stdout] error[E0412]: cannot find type `Scene` in this scope
[INFO] [stdout]   --> src/main.rs:24:56
[INFO] [stdout]    |
[INFO] [stdout] 24 | fn render(global: Global, mut ret: &mut [Ray], scene: &Scene) {
[INFO] [stdout]    |                                                        ^^^^^ not found in this scope
[INFO] [stdout] 
[INFO] [stdout] 
[INFO] [stdout] error[E0422]: cannot find struct, variant or union type `Camera` in this scope
[INFO] [stdout]   --> src/main.rs:29:9
[INFO] [stdout]    |
[INFO] [stdout] 29 |     let Camera {
[INFO] [stdout]    |         ^^^^^^ not found in this scope
[INFO] [stdout] 
[INFO] [stdout] 
[INFO] [stdout] warning: unused import: `scene::*`
[INFO] [stdout]  --> src/main.rs:2:5
[INFO] [stdout]   |
[INFO] [stdout] 2 | use scene::*;
[INFO] [stdout]   |     ^^^^^^^^
[INFO] [stdout]   |
[INFO] [stdout]   = note: `#[warn(unused_imports)]` on by default
[INFO] [stdout] 
[INFO] [stdout] 
[INFO] [stdout] error[E0412]: cannot find type `Scene` in this scope
[INFO] [stdout]   --> src/main.rs:24:56
[INFO] [stdout]    |
[INFO] [stdout] 24 | fn render(global: Global, mut ret: &mut [Ray], scene: &Scene) {
[INFO] [stdout]    |                                                        ^^^^^ not found in this scope
[INFO] [stdout] 
[INFO] [stdout] 
[INFO] [stdout] error[E0422]: cannot find struct, variant or union type `Camera` in this scope
[INFO] [stdout]   --> src/main.rs:29:9
[INFO] [stdout]    |
[INFO] [stdout] 29 |     let Camera {
[INFO] [stdout]    |         ^^^^^^ not found in this scope
[INFO] [stdout] 
[INFO] [stdout] 
[INFO] [stdout] warning: unused import: `scene::*`
[INFO] [stdout]  --> src/main.rs:2:5
[INFO] [stdout]   |
[INFO] [stdout] 2 | use scene::*;
[INFO] [stdout]   |     ^^^^^^^^
[INFO] [stdout]   |
[INFO] [stdout]   = note: `#[warn(unused_imports)]` on by default
[INFO] [stdout] 
[INFO] [stdout] 
[INFO] [stdout] error: aborting due to 3 previous errors; 1 warning emitted
[INFO] [stdout] 
[INFO] [stdout] 
[INFO] [stdout] Some errors have detailed explanations: E0412, E0422, E0583.
[INFO] [stdout] 
[INFO] [stdout] For more information about an error, try `rustc --explain E0412`.
[INFO] [stdout] 
[INFO] [stderr] error: could not compile `ray-march` due to 4 previous errors; 1 warning emitted
[INFO] [stderr] warning: build failed, waiting for other jobs to finish...
[INFO] [stdout] error: aborting due to 3 previous errors; 1 warning emitted
[INFO] [stdout] 
[INFO] [stdout] 
[INFO] [stdout] Some errors have detailed explanations: E0412, E0422, E0583.
[INFO] [stdout] 
[INFO] [stdout] For more information about an error, try `rustc --explain E0412`.
[INFO] [stdout] 
[INFO] [stderr] error: build failed
[INFO] running `Command { std: "docker" "inspect" "40794fbaf99f49f6150927f3cf8c4bf0bb4f2b2a195acc93f1a4c4b74145d80b", kill_on_drop: false }`
[INFO] running `Command { std: "docker" "rm" "-f" "40794fbaf99f49f6150927f3cf8c4bf0bb4f2b2a195acc93f1a4c4b74145d80b", kill_on_drop: false }`
[INFO] [stdout] 40794fbaf99f49f6150927f3cf8c4bf0bb4f2b2a195acc93f1a4c4b74145d80b
