[INFO] cloning repository https://github.com/nilsmartel/hellowin
[INFO] running `Command { std: "git" "-c" "credential.helper=" "-c" "credential.helper=/workspace/cargo-home/bin/git-credential-null" "clone" "--bare" "https://github.com/nilsmartel/hellowin" "/workspace/cache/git-repos/https%3A%2F%2Fgithub.com%2Fnilsmartel%2Fhellowin", kill_on_drop: false }`
[INFO] [stderr] Cloning into bare repository '/workspace/cache/git-repos/https%3A%2F%2Fgithub.com%2Fnilsmartel%2Fhellowin'...
[INFO] running `Command { std: "git" "rev-parse" "HEAD", kill_on_drop: false }`
[INFO] [stdout] 64124a2f340228487a38158ae7f8586f7c9dc642
[INFO] checking nilsmartel/hellowin against 1.55.0 for beta-1.56-3
[INFO] running `Command { std: "git" "clone" "/workspace/cache/git-repos/https%3A%2F%2Fgithub.com%2Fnilsmartel%2Fhellowin" "/workspace/builds/worker-4/source", kill_on_drop: false }`
[INFO] [stderr] Cloning into '/workspace/builds/worker-4/source'...
[INFO] [stderr] done.
[INFO] validating manifest of git repo https://github.com/nilsmartel/hellowin on toolchain 1.55.0
[INFO] running `Command { std: "/workspace/cargo-home/bin/cargo" "+1.55.0" "metadata" "--manifest-path" "Cargo.toml" "--no-deps", kill_on_drop: false }`
[INFO] started tweaking git repo https://github.com/nilsmartel/hellowin
[INFO] finished tweaking git repo https://github.com/nilsmartel/hellowin
[INFO] tweaked toml for git repo https://github.com/nilsmartel/hellowin written to /workspace/builds/worker-4/source/Cargo.toml
[INFO] crate git repo https://github.com/nilsmartel/hellowin already has a lockfile, it will not be regenerated
[INFO] running `Command { std: "/workspace/cargo-home/bin/cargo" "+1.55.0" "fetch" "--manifest-path" "Cargo.toml", kill_on_drop: false }`
[INFO] [stderr]     Blocking waiting for file lock on package cache
[INFO] running `Command { std: "docker" "create" "-v" "/var/lib/crater-agent-workspace/builds/worker-4/target:/opt/rustwide/target:rw,Z" "-v" "/var/lib/crater-agent-workspace/builds/worker-4/source:/opt/rustwide/workdir:ro,Z" "-v" "/var/lib/crater-agent-workspace/cargo-home:/opt/rustwide/cargo-home:ro,Z" "-v" "/var/lib/crater-agent-workspace/rustup-home:/opt/rustwide/rustup-home:ro,Z" "-e" "SOURCE_DIR=/opt/rustwide/workdir" "-e" "CARGO_TARGET_DIR=/opt/rustwide/target" "-e" "CARGO_HOME=/opt/rustwide/cargo-home" "-e" "RUSTUP_HOME=/opt/rustwide/rustup-home" "-w" "/opt/rustwide/workdir" "-m" "1610612736" "--user" "0:0" "--network" "none" "ghcr.io/rust-lang/crates-build-env/linux@sha256:a89201d6b5b9fd45c15d5952ece0a0129e7e80cb26ec023fd59cf09bc26f1604" "/opt/rustwide/cargo-home/bin/cargo" "+1.55.0" "metadata" "--no-deps" "--format-version=1", kill_on_drop: false }`
[INFO] [stdout] edb611999940782733f095c53b14d0a6d82c3cd5031b148791810a2d8898637d
[INFO] [stderr] WARNING: Your kernel does not support swap limit capabilities or the cgroup is not mounted. Memory limited without swap.
[INFO] running `Command { std: "docker" "start" "-a" "edb611999940782733f095c53b14d0a6d82c3cd5031b148791810a2d8898637d", kill_on_drop: false }`
[INFO] running `Command { std: "docker" "inspect" "edb611999940782733f095c53b14d0a6d82c3cd5031b148791810a2d8898637d", kill_on_drop: false }`
[INFO] running `Command { std: "docker" "rm" "-f" "edb611999940782733f095c53b14d0a6d82c3cd5031b148791810a2d8898637d", kill_on_drop: false }`
[INFO] [stdout] edb611999940782733f095c53b14d0a6d82c3cd5031b148791810a2d8898637d
[INFO] running `Command { std: "docker" "create" "-v" "/var/lib/crater-agent-workspace/builds/worker-4/target:/opt/rustwide/target:rw,Z" "-v" "/var/lib/crater-agent-workspace/builds/worker-4/source:/opt/rustwide/workdir:ro,Z" "-v" "/var/lib/crater-agent-workspace/cargo-home:/opt/rustwide/cargo-home:ro,Z" "-v" "/var/lib/crater-agent-workspace/rustup-home:/opt/rustwide/rustup-home:ro,Z" "-e" "SOURCE_DIR=/opt/rustwide/workdir" "-e" "CARGO_TARGET_DIR=/opt/rustwide/target" "-e" "CARGO_INCREMENTAL=0" "-e" "RUST_BACKTRACE=full" "-e" "RUSTFLAGS=--cap-lints=warn" "-e" "CARGO_HOME=/opt/rustwide/cargo-home" "-e" "RUSTUP_HOME=/opt/rustwide/rustup-home" "-w" "/opt/rustwide/workdir" "-m" "1610612736" "--user" "0:0" "--network" "none" "ghcr.io/rust-lang/crates-build-env/linux@sha256:a89201d6b5b9fd45c15d5952ece0a0129e7e80cb26ec023fd59cf09bc26f1604" "/opt/rustwide/cargo-home/bin/cargo" "+1.55.0" "check" "--frozen" "--all" "--all-targets" "--message-format=json", kill_on_drop: false }`
[INFO] [stdout] 397500514c895ee3382da63bf7f803efa159761b3a6014980e3aec75176d0728
[INFO] [stderr] WARNING: Your kernel does not support swap limit capabilities or the cgroup is not mounted. Memory limited without swap.
[INFO] running `Command { std: "docker" "start" "-a" "397500514c895ee3382da63bf7f803efa159761b3a6014980e3aec75176d0728", kill_on_drop: false }`
[INFO] [stderr]    Compiling syn v1.0.13
[INFO] [stderr]    Compiling cairo-rs v0.7.1
[INFO] [stderr]    Compiling gio v0.7.0
[INFO] [stderr]     Checking fragile v0.3.0
[INFO] [stderr]    Compiling pango v0.7.0
[INFO] [stderr]    Compiling gdk-pixbuf v0.7.0
[INFO] [stderr]    Compiling same-file v1.0.5
[INFO] [stderr]    Compiling atk v0.7.0
[INFO] [stderr]    Compiling gdk v0.11.0
[INFO] [stderr]    Compiling gtk v0.7.0
[INFO] [stderr]    Compiling glib-sys v0.9.1
[INFO] [stderr]    Compiling gobject-sys v0.9.1
[INFO] [stderr]    Compiling gio-sys v0.9.1
[INFO] [stderr]    Compiling cairo-sys-rs v0.9.2
[INFO] [stderr]    Compiling gdk-pixbuf-sys v0.9.1
[INFO] [stderr]    Compiling pango-sys v0.9.1
[INFO] [stderr]    Compiling gdk-sys v0.9.1
[INFO] [stderr]    Compiling atk-sys v0.9.1
[INFO] [stderr]    Compiling ring v0.14.6
[INFO] [stderr]    Compiling gtk-sys v0.9.2
[INFO] [stderr]     Checking thread_local v1.0.0
[INFO] [stderr]     Checking tokio-sync v0.1.7
[INFO] [stderr]     Checking kurbo v0.5.6
[INFO] [stderr]    Compiling walkdir v2.2.9
[INFO] [stderr]     Checking tokio-executor v0.1.9
[INFO] [stderr]     Checking unic-langid v0.7.1
[INFO] [stderr]     Checking idna v0.1.5
[INFO] [stderr]    Compiling rand v0.4.6
[INFO] [stderr]     Checking bincode v1.2.1
[INFO] [stderr]     Checking want v0.2.0
[INFO] [stderr]    Compiling backtrace-sys v0.1.32
[INFO] [stderr]     Checking bytes v0.4.12
[INFO] [stderr]     Checking futures-cpupool v0.1.8
[INFO] [stderr]     Checking cookie v0.12.0
[INFO] [stderr]     Checking backtrace v0.3.40
[INFO] [stderr]     Checking regex v1.3.3
[INFO] [stderr]     Checking fluent-langneg v0.11.1
[INFO] [stderr]     Checking intl_pluralrules v5.0.2
[INFO] [stderr]    Compiling hyper v0.12.35
[INFO] [stderr]     Checking tokio-current-thread v0.1.6
[INFO] [stderr]     Checking tokio-timer v0.2.12
[INFO] [stderr]     Checking uuid v0.7.4
[INFO] [stderr]     Checking piet v0.0.7
[INFO] [stderr]     Checking simple_logger v1.4.0
[INFO] [stderr]     Checking parking_lot_core v0.6.2
[INFO] [stderr]     Checking tokio-io v0.1.12
[INFO] [stderr]     Checking http v0.1.21
[INFO] [stderr]     Checking tokio-buf v0.1.1
[INFO] [stderr]     Checking string v0.2.1
[INFO] [stderr]    Compiling error-chain v0.12.1
[INFO] [stderr]     Checking url v1.7.2
[INFO] [stderr]    Compiling tempdir v0.3.7
[INFO] [stderr]     Checking parking_lot v0.9.0
[INFO] [stderr]     Checking tokio-threadpool v0.1.17
[INFO] [stderr]     Checking tokio-codec v0.1.1
[INFO] [stderr]     Checking tokio-reactor v0.1.11
[INFO] [stderr]     Checking glib v0.8.2
[INFO] [stderr]     Checking tokio-udp v0.1.5
[INFO] [stderr]     Checking tokio-uds v0.2.5
[INFO] [stderr]     Checking tokio-tcp v0.1.3
[INFO] [stderr]     Checking tokio-fs v0.1.6
[INFO] [stderr]     Checking http-body v0.1.0
[INFO] [stderr]     Checking h2 v0.1.26
[INFO] [stderr]     Checking tokio v0.1.22
[INFO] [stderr]     Checking sct v0.5.0
[INFO] [stderr]     Checking webpki v0.19.1
[INFO] [stderr]     Checking rustls v0.15.2
[INFO] [stderr]     Checking piet-cairo v0.0.7
[INFO] [stderr]    Compiling synstructure v0.12.3
[INFO] [stderr]    Compiling syn-mid v0.4.0
[INFO] [stderr]     Checking piet-common v0.0.7
[INFO] [stderr]     Checking tokio-rustls v0.9.4
[INFO] [stderr]    Compiling serde_derive v1.0.104
[INFO] [stderr]    Compiling rustversion v1.0.1
[INFO] [stderr]    Compiling failure_derive v0.1.6
[INFO] [stderr]    Compiling rental-impl v0.5.5
[INFO] [stderr]    Compiling druid-derive v0.1.2
[INFO] [stderr]     Checking failure v0.1.6
[INFO] [stderr]    Compiling proc-macro-error v0.4.4
[INFO] [stderr]    Compiling proc-macro-error-attr v0.4.3
[INFO] [stderr]    Compiling structopt-derive v0.4.0
[INFO] [stderr]     Checking structopt v0.3.7
[INFO] [stderr]    Compiling cargo_metadata v0.6.4
[INFO] [stderr]    Compiling skeptic v0.13.4
[INFO] [stderr]     Checking rental v0.5.5
[INFO] [stderr]    Compiling borrow-bag v1.0.0
[INFO] [stderr]     Checking fluent-bundle v0.9.1
[INFO] [stderr]     Checking gotham v0.4.0
[INFO] [stderr]     Checking druid-shell v0.4.0
[INFO] [stderr]     Checking druid v0.4.0
[INFO] [stderr]     Checking hellowin v0.1.0 (/opt/rustwide/workdir)
[INFO] [stdout] error[E0583]: file not found for module `cli`
[INFO] [stdout]  --> src/main.rs:1:1
[INFO] [stdout]   |
[INFO] [stdout] 1 | mod cli;
[INFO] [stdout]   | ^^^^^^^^
[INFO] [stdout]   |
[INFO] [stdout]   = help: to create the module `cli`, create file "src/cli.rs" or "src/cli/mod.rs"
[INFO] [stdout] 
[INFO] [stdout] 
[INFO] [stdout] error[E0583]: file not found for module `event`
[INFO] [stdout]  --> src/main.rs:2:1
[INFO] [stdout]   |
[INFO] [stdout] 2 | mod event;
[INFO] [stdout]   | ^^^^^^^^^^
[INFO] [stdout]   |
[INFO] [stdout]   = help: to create the module `event`, create file "src/event.rs" or "src/event/mod.rs"
[INFO] [stdout] 
[INFO] [stdout] 
[INFO] [stdout] error[E0583]: file not found for module `ui`
[INFO] [stdout]  --> src/main.rs:3:1
[INFO] [stdout]   |
[INFO] [stdout] 3 | mod ui;
[INFO] [stdout]   | ^^^^^^^
[INFO] [stdout]   |
[INFO] [stdout]   = help: to create the module `ui`, create file "src/ui.rs" or "src/ui/mod.rs"
[INFO] [stdout] 
[INFO] [stdout] 
[INFO] [stdout] error[E0583]: file not found for module `cli`
[INFO] [stdout]  --> src/main.rs:1:1
[INFO] [stdout]   |
[INFO] [stdout] 1 | mod cli;
[INFO] [stdout]   | ^^^^^^^^
[INFO] [stdout]   |
[INFO] [stdout]   = help: to create the module `cli`, create file "src/cli.rs" or "src/cli/mod.rs"
[INFO] [stdout] 
[INFO] [stdout] 
[INFO] [stdout] error[E0583]: file not found for module `event`
[INFO] [stdout]  --> src/main.rs:2:1
[INFO] [stdout]   |
[INFO] [stdout] 2 | mod event;
[INFO] [stdout]   | ^^^^^^^^^^
[INFO] [stdout]   |
[INFO] [stdout]   = help: to create the module `event`, create file "src/event.rs" or "src/event/mod.rs"
[INFO] [stdout] 
[INFO] [stdout] 
[INFO] [stdout] error[E0583]: file not found for module `ui`
[INFO] [stdout]  --> src/main.rs:3:1
[INFO] [stdout]   |
[INFO] [stdout] 3 | mod ui;
[INFO] [stdout]   | ^^^^^^^
[INFO] [stdout]   |
[INFO] [stdout]   = help: to create the module `ui`, create file "src/ui.rs" or "src/ui/mod.rs"
[INFO] [stdout] 
[INFO] [stdout] 
[INFO] [stdout] error[E0433]: failed to resolve: could not find `Config` in `cli`
[INFO] [stdout]   --> src/main.rs:18:21
[INFO] [stdout]    |
[INFO] [stdout] 18 |     let args = cli::Config::from_args();
[INFO] [stdout]    |                     ^^^^^^ could not find `Config` in `cli`
[INFO] [stdout] 
[INFO] [stdout] 
[INFO] [stdout] error[E0433]: failed to resolve: could not find `Action` in `event`
[INFO] [stdout]   --> src/main.rs:43:32
[INFO] [stdout]    |
[INFO] [stdout] 43 |                 action: event::Action::Move { x: 300., y: 300. },
[INFO] [stdout]    |                                ^^^^^^ could not find `Action` in `event`
[INFO] [stdout] 
[INFO] [stdout] 
[INFO] [stdout] error[E0412]: cannot find type `Event` in module `event`
[INFO] [stdout]   --> src/main.rs:13:48
[INFO] [stdout]    |
[INFO] [stdout] 13 |     static ref event_cue: Arc<Mutex<Vec<event::Event>>> = Arc::new(Mutex::new(Vec::new()));
[INFO] [stdout]    |                                                ^^^^^ not found in `event`
[INFO] [stdout]    |
[INFO] [stdout] help: consider importing this enum
[INFO] [stdout]    |
[INFO] [stdout] 7  | use druid::Event;
[INFO] [stdout]    |
[INFO] [stdout] 
[INFO] [stdout] 
[INFO] [stdout] error[E0425]: cannot find value `imageview` in module `ui`
[INFO] [stdout]   --> src/main.rs:20:43
[INFO] [stdout]    |
[INFO] [stdout] 20 |     let main_window = WindowDesc::new(ui::imageview);
[INFO] [stdout]    |                                           ^^^^^^^^^ not found in `ui`
[INFO] [stdout] 
[INFO] [stdout] 
[INFO] [stdout] error[E0422]: cannot find struct, variant or union type `Image` in module `ui`
[INFO] [stdout]   --> src/main.rs:24:20
[INFO] [stdout]    |
[INFO] [stdout] 24 |     let data = ui::Image {
[INFO] [stdout]    |                    ^^^^^ not found in `ui`
[INFO] [stdout] 
[INFO] [stdout] 
[INFO] [stdout] error[E0422]: cannot find struct, variant or union type `Event` in module `event`
[INFO] [stdout]   --> src/main.rs:41:38
[INFO] [stdout]    |
[INFO] [stdout] 41 |             let events = vec![event::Event {
[INFO] [stdout]    |                                      ^^^^^ not found in `event`
[INFO] [stdout] 
[INFO] [stdout] 
[INFO] [stdout] warning: unused import: `structopt::StructOpt`
[INFO] [stdout]   --> src/main.rs:10:5
[INFO] [stdout]    |
[INFO] [stdout] 10 | use structopt::StructOpt;
[INFO] [stdout]    |     ^^^^^^^^^^^^^^^^^^^^
[INFO] [stdout]    |
[INFO] [stdout]    = note: `#[warn(unused_imports)]` on by default
[INFO] [stdout] 
[INFO] [stdout] 
[INFO] [stdout] error[E0433]: failed to resolve: could not find `Config` in `cli`
[INFO] [stdout]   --> src/main.rs:18:21
[INFO] [stdout]    |
[INFO] [stdout] 18 |     let args = cli::Config::from_args();
[INFO] [stdout]    |                     ^^^^^^ could not find `Config` in `cli`
[INFO] [stdout] 
[INFO] [stdout] 
[INFO] [stdout] error[E0433]: failed to resolve: could not find `Action` in `event`
[INFO] [stdout]   --> src/main.rs:43:32
[INFO] [stdout]    |
[INFO] [stdout] 43 |                 action: event::Action::Move { x: 300., y: 300. },
[INFO] [stdout]    |                                ^^^^^^ could not find `Action` in `event`
[INFO] [stdout] 
[INFO] [stdout] 
[INFO] [stdout] error[E0412]: cannot find type `Event` in module `event`
[INFO] [stdout]   --> src/main.rs:13:48
[INFO] [stdout]    |
[INFO] [stdout] 13 |     static ref event_cue: Arc<Mutex<Vec<event::Event>>> = Arc::new(Mutex::new(Vec::new()));
[INFO] [stdout]    |                                                ^^^^^ not found in `event`
[INFO] [stdout]    |
[INFO] [stdout] help: consider importing this enum
[INFO] [stdout]    |
[INFO] [stdout] 7  | use druid::Event;
[INFO] [stdout]    |
[INFO] [stdout] 
[INFO] [stdout] 
[INFO] [stdout] error[E0425]: cannot find value `imageview` in module `ui`
[INFO] [stdout]   --> src/main.rs:20:43
[INFO] [stdout]    |
[INFO] [stdout] 20 |     let main_window = WindowDesc::new(ui::imageview);
[INFO] [stdout]    |                                           ^^^^^^^^^ not found in `ui`
[INFO] [stdout] 
[INFO] [stdout] 
[INFO] [stdout] error[E0422]: cannot find struct, variant or union type `Image` in module `ui`
[INFO] [stdout]   --> src/main.rs:24:20
[INFO] [stdout]    |
[INFO] [stdout] 24 |     let data = ui::Image {
[INFO] [stdout]    |                    ^^^^^ not found in `ui`
[INFO] [stdout] 
[INFO] [stdout] 
[INFO] [stdout] error[E0422]: cannot find struct, variant or union type `Event` in module `event`
[INFO] [stdout]   --> src/main.rs:41:38
[INFO] [stdout]    |
[INFO] [stdout] 41 |             let events = vec![event::Event {
[INFO] [stdout]    |                                      ^^^^^ not found in `event`
[INFO] [stdout] 
[INFO] [stdout] 
[INFO] [stdout] warning: unused import: `structopt::StructOpt`
[INFO] [stdout]   --> src/main.rs:10:5
[INFO] [stdout]    |
[INFO] [stdout] 10 | use structopt::StructOpt;
[INFO] [stdout]    |     ^^^^^^^^^^^^^^^^^^^^
[INFO] [stdout]    |
[INFO] [stdout]    = note: `#[warn(unused_imports)]` on by default
[INFO] [stdout] 
[INFO] [stdout] 
[INFO] [stdout] error[E0599]: no method named `clone` found for struct `event_cue` in the current scope
[INFO] [stdout]   --> src/main.rs:37:23
[INFO] [stdout]    |
[INFO] [stdout] 12 | / lazy_static! {
[INFO] [stdout] 13 | |     static ref event_cue: Arc<Mutex<Vec<event::Event>>> = Arc::new(Mutex::new(Vec::new()));
[INFO] [stdout] 14 | | }
[INFO] [stdout]    | |_- method `clone` not found for this
[INFO] [stdout] ...
[INFO] [stdout] 37 |       let c = event_cue.clone();
[INFO] [stdout]    |                         ^^^^^ method not found in `event_cue`
[INFO] [stdout]    |
[INFO] [stdout]    = help: items from traits can only be used if the trait is implemented and in scope
[INFO] [stdout]    = note: the following trait defines an item `clone`, perhaps you need to implement it:
[INFO] [stdout]            candidate #1: `Clone`
[INFO] [stdout] 
[INFO] [stdout] 
[INFO] [stdout] error: aborting due to 10 previous errors; 1 warning emitted
[INFO] [stdout] 
[INFO] [stdout] 
[INFO] [stdout] Some errors have detailed explanations: E0412, E0422, E0425, E0433, E0583, E0599.
[INFO] [stdout] 
[INFO] [stdout] For more information about an error, try `rustc --explain E0412`.
[INFO] [stdout] 
[INFO] [stdout] error[E0599]: no method named `clone` found for struct `event_cue` in the current scope
[INFO] [stdout]   --> src/main.rs:37:23
[INFO] [stdout]    |
[INFO] [stdout] 12 | / lazy_static! {
[INFO] [stdout] 13 | |     static ref event_cue: Arc<Mutex<Vec<event::Event>>> = Arc::new(Mutex::new(Vec::new()));
[INFO] [stdout] 14 | | }
[INFO] [stdout]    | |_- method `clone` not found for this
[INFO] [stdout] ...
[INFO] [stdout] 37 |       let c = event_cue.clone();
[INFO] [stdout]    |                         ^^^^^ method not found in `event_cue`
[INFO] [stdout]    |
[INFO] [stdout]    = help: items from traits can only be used if the trait is implemented and in scope
[INFO] [stdout]    = note: the following trait defines an item `clone`, perhaps you need to implement it:
[INFO] [stdout]            candidate #1: `Clone`
[INFO] [stdout] 
[INFO] [stdout] 
[INFO] [stderr] error: could not compile `hellowin` due to 11 previous errors; 1 warning emitted
[INFO] [stderr] warning: build failed, waiting for other jobs to finish...
[INFO] [stdout] error: aborting due to 10 previous errors; 1 warning emitted
[INFO] [stdout] 
[INFO] [stdout] 
[INFO] [stdout] Some errors have detailed explanations: E0412, E0422, E0425, E0433, E0583, E0599.
[INFO] [stdout] 
[INFO] [stdout] For more information about an error, try `rustc --explain E0412`.
[INFO] [stdout] 
[INFO] [stderr] error: build failed
[INFO] running `Command { std: "docker" "inspect" "397500514c895ee3382da63bf7f803efa159761b3a6014980e3aec75176d0728", kill_on_drop: false }`
[INFO] running `Command { std: "docker" "rm" "-f" "397500514c895ee3382da63bf7f803efa159761b3a6014980e3aec75176d0728", kill_on_drop: false }`
[INFO] [stdout] 397500514c895ee3382da63bf7f803efa159761b3a6014980e3aec75176d0728
