[INFO] cloning repository https://github.com/nightmared/s3s
[INFO] running `Command { std: "git" "-c" "credential.helper=" "-c" "credential.helper=/workspace/cargo-home/bin/git-credential-null" "clone" "--bare" "https://github.com/nightmared/s3s" "/workspace/cache/git-repos/https%3A%2F%2Fgithub.com%2Fnightmared%2Fs3s", kill_on_drop: false }`
[INFO] [stderr] Cloning into bare repository '/workspace/cache/git-repos/https%3A%2F%2Fgithub.com%2Fnightmared%2Fs3s'...
[INFO] running `Command { std: "git" "rev-parse" "HEAD", kill_on_drop: false }`
[INFO] [stdout] f8bf2564fa22a65cb62bec7975ebe7a88558e260
[INFO] checking nightmared/s3s against beta-2021-10-15 for beta-1.56-3
[INFO] running `Command { std: "git" "clone" "/workspace/cache/git-repos/https%3A%2F%2Fgithub.com%2Fnightmared%2Fs3s" "/workspace/builds/worker-11/source", kill_on_drop: false }`
[INFO] [stderr] Cloning into '/workspace/builds/worker-11/source'...
[INFO] [stderr] done.
[INFO] validating manifest of git repo https://github.com/nightmared/s3s on toolchain beta-2021-10-15
[INFO] running `Command { std: "/workspace/cargo-home/bin/cargo" "+beta-2021-10-15" "metadata" "--manifest-path" "Cargo.toml" "--no-deps", kill_on_drop: false }`
[INFO] started tweaking git repo https://github.com/nightmared/s3s
[INFO] finished tweaking git repo https://github.com/nightmared/s3s
[INFO] tweaked toml for git repo https://github.com/nightmared/s3s written to /workspace/builds/worker-11/source/Cargo.toml
[INFO] crate git repo https://github.com/nightmared/s3s already has a lockfile, it will not be regenerated
[INFO] running `Command { std: "/workspace/cargo-home/bin/cargo" "+beta-2021-10-15" "fetch" "--manifest-path" "Cargo.toml", kill_on_drop: false }`
[INFO] [stderr]     Updating git repository `https://github.com/nightmared/rust-s3`
[INFO] running `Command { std: "docker" "create" "-v" "/var/lib/crater-agent-workspace/builds/worker-11/target:/opt/rustwide/target:rw,Z" "-v" "/var/lib/crater-agent-workspace/builds/worker-11/source:/opt/rustwide/workdir:ro,Z" "-v" "/var/lib/crater-agent-workspace/cargo-home:/opt/rustwide/cargo-home:ro,Z" "-v" "/var/lib/crater-agent-workspace/rustup-home:/opt/rustwide/rustup-home:ro,Z" "-e" "SOURCE_DIR=/opt/rustwide/workdir" "-e" "CARGO_TARGET_DIR=/opt/rustwide/target" "-e" "CARGO_HOME=/opt/rustwide/cargo-home" "-e" "RUSTUP_HOME=/opt/rustwide/rustup-home" "-w" "/opt/rustwide/workdir" "-m" "1610612736" "--user" "0:0" "--network" "none" "ghcr.io/rust-lang/crates-build-env/linux@sha256:a89201d6b5b9fd45c15d5952ece0a0129e7e80cb26ec023fd59cf09bc26f1604" "/opt/rustwide/cargo-home/bin/cargo" "+beta-2021-10-15" "metadata" "--no-deps" "--format-version=1", kill_on_drop: false }`
[INFO] [stdout] b36cae4b12f7080aaf1524733faf809ff6c4146e50daf4ed6d4decd3ccdd6711
[INFO] [stderr] WARNING: Your kernel does not support swap limit capabilities or the cgroup is not mounted. Memory limited without swap.
[INFO] running `Command { std: "docker" "start" "-a" "b36cae4b12f7080aaf1524733faf809ff6c4146e50daf4ed6d4decd3ccdd6711", kill_on_drop: false }`
[INFO] running `Command { std: "docker" "inspect" "b36cae4b12f7080aaf1524733faf809ff6c4146e50daf4ed6d4decd3ccdd6711", kill_on_drop: false }`
[INFO] running `Command { std: "docker" "rm" "-f" "b36cae4b12f7080aaf1524733faf809ff6c4146e50daf4ed6d4decd3ccdd6711", kill_on_drop: false }`
[INFO] [stdout] b36cae4b12f7080aaf1524733faf809ff6c4146e50daf4ed6d4decd3ccdd6711
[INFO] running `Command { std: "docker" "create" "-v" "/var/lib/crater-agent-workspace/builds/worker-11/target:/opt/rustwide/target:rw,Z" "-v" "/var/lib/crater-agent-workspace/builds/worker-11/source:/opt/rustwide/workdir:ro,Z" "-v" "/var/lib/crater-agent-workspace/cargo-home:/opt/rustwide/cargo-home:ro,Z" "-v" "/var/lib/crater-agent-workspace/rustup-home:/opt/rustwide/rustup-home:ro,Z" "-e" "SOURCE_DIR=/opt/rustwide/workdir" "-e" "CARGO_TARGET_DIR=/opt/rustwide/target" "-e" "CARGO_INCREMENTAL=0" "-e" "RUST_BACKTRACE=full" "-e" "RUSTFLAGS=--cap-lints=warn" "-e" "CARGO_HOME=/opt/rustwide/cargo-home" "-e" "RUSTUP_HOME=/opt/rustwide/rustup-home" "-w" "/opt/rustwide/workdir" "-m" "1610612736" "--user" "0:0" "--network" "none" "ghcr.io/rust-lang/crates-build-env/linux@sha256:a89201d6b5b9fd45c15d5952ece0a0129e7e80cb26ec023fd59cf09bc26f1604" "/opt/rustwide/cargo-home/bin/cargo" "+beta-2021-10-15" "check" "--frozen" "--all" "--all-targets" "--message-format=json", kill_on_drop: false }`
[INFO] [stdout] e86d4ae7c36cc32f474743d7c98d260b44150378713cd7551c030011ce4c6106
[INFO] [stderr] WARNING: Your kernel does not support swap limit capabilities or the cgroup is not mounted. Memory limited without swap.
[INFO] running `Command { std: "docker" "start" "-a" "e86d4ae7c36cc32f474743d7c98d260b44150378713cd7551c030011ce4c6106", kill_on_drop: false }`
[INFO] [stderr]    Compiling syn v1.0.64
[INFO] [stderr]    Compiling serde v1.0.124
[INFO] [stderr]     Checking wildmatch v1.1.0
[INFO] [stderr]    Compiling libc v0.2.88
[INFO] [stderr]    Compiling tokio v1.3.0
[INFO] [stderr]     Checking generic-array v0.14.4
[INFO] [stderr]     Checking aws-region v0.23.2
[INFO] [stderr]     Checking digest v0.9.0
[INFO] [stderr]     Checking block-buffer v0.9.0
[INFO] [stderr]     Checking crypto-mac v0.10.0
[INFO] [stderr]     Checking hmac v0.10.1
[INFO] [stderr]     Checking sha2 v0.9.3
[INFO] [stderr]     Checking ring v0.16.20
[INFO] [stderr]     Checking mio v0.7.9
[INFO] [stderr]     Checking num_cpus v1.13.0
[INFO] [stderr]     Checking getrandom v0.1.16
[INFO] [stderr]     Checking socket2 v0.3.19
[INFO] [stderr]     Checking dirs-sys v0.3.5
[INFO] [stderr]     Checking time v0.1.44
[INFO] [stderr]     Checking atty v0.2.14
[INFO] [stderr]     Checking clap v2.33.3
[INFO] [stderr]     Checking dirs v3.0.1
[INFO] [stderr]     Checking rand_core v0.5.1
[INFO] [stderr]     Checking chrono v0.4.19
[INFO] [stderr]     Checking rand_chacha v0.2.2
[INFO] [stderr]     Checking rand v0.7.3
[INFO] [stderr]     Checking dlv-list v0.2.2
[INFO] [stderr]     Checking webpki v0.21.4
[INFO] [stderr]     Checking sct v0.6.0
[INFO] [stderr]     Checking ordered-multimap v0.3.1
[INFO] [stderr]     Checking rustls v0.19.0
[INFO] [stderr]     Checking webpki-roots v0.19.0
[INFO] [stderr]     Checking rustls v0.18.1
[INFO] [stderr]     Checking webpki-roots v0.21.0
[INFO] [stderr]     Checking rust-ini v0.16.1
[INFO] [stderr]     Checking serde_json v1.0.64
[INFO] [stderr]     Checking serde_urlencoded v0.7.0
[INFO] [stderr]    Compiling tokio-macros v1.1.0
[INFO] [stderr]    Compiling futures-macro v0.3.13
[INFO] [stderr]    Compiling pin-project-internal v1.0.5
[INFO] [stderr]    Compiling thiserror-impl v1.0.24
[INFO] [stderr]    Compiling serde_derive v1.0.124
[INFO] [stderr]    Compiling async-trait v0.1.48
[INFO] [stderr]    Compiling maybe-async v0.2.2
[INFO] [stderr]     Checking attohttpc v0.16.3
[INFO] [stderr]     Checking futures-util v0.3.13
[INFO] [stderr]     Checking thiserror v1.0.24
[INFO] [stderr]     Checking pin-project v1.0.5
[INFO] [stderr]     Checking serde-xml-rs v0.4.1
[INFO] [stderr]     Checking tokio-util v0.6.4
[INFO] [stderr]     Checking tokio-rustls v0.22.0
[INFO] [stderr]     Checking tokio-stream v0.1.4
[INFO] [stderr]     Checking h2 v0.3.1
[INFO] [stderr]     Checking futures-executor v0.3.13
[INFO] [stderr]     Checking aws-creds v0.26.0
[INFO] [stderr]     Checking futures v0.3.13
[INFO] [stderr]     Checking hyper v0.14.4
[INFO] [stderr]     Checking hyper-rustls v0.22.1
[INFO] [stderr]     Checking reqwest v0.11.2
[INFO] [stderr]     Checking rust-s3 v0.27.0-beta8 (https://github.com/nightmared/rust-s3?rev=efcca41adc0075992ecd6a0293a7380a958c2039#efcca41a)
[INFO] [stderr]     Checking s3s v0.2.2 (/opt/rustwide/workdir)
[INFO] [stdout] error[E0583]: file not found for module `tree`
[INFO] [stdout]   --> src/main.rs:28:1
[INFO] [stdout]    |
[INFO] [stdout] 28 | mod tree;
[INFO] [stdout]    | ^^^^^^^^^
[INFO] [stdout]    |
[INFO] [stdout]    = help: to create the module `tree`, create file "src/tree.rs" or "src/tree/mod.rs"
[INFO] [stdout] 
[INFO] [stdout] 
[INFO] [stdout] error[E0583]: file not found for module `tree`
[INFO] [stdout]   --> src/main.rs:28:1
[INFO] [stdout]    |
[INFO] [stdout] 28 | mod tree;
[INFO] [stdout]    | ^^^^^^^^^
[INFO] [stdout]    |
[INFO] [stdout]    = help: to create the module `tree`, create file "src/tree.rs" or "src/tree/mod.rs"
[INFO] [stdout] 
[INFO] [stdout] 
[INFO] [stdout] error[E0432]: unresolved imports `tree::Difference`, `tree::DifferenceValue`, `tree::Tree`
[INFO] [stdout]   --> src/main.rs:29:12
[INFO] [stdout]    |
[INFO] [stdout] 29 | use tree::{Difference, DifferenceValue, Tree};
[INFO] [stdout]    |            ^^^^^^^^^^  ^^^^^^^^^^^^^^^  ^^^^ no `Tree` in `tree`
[INFO] [stdout]    |            |           |
[INFO] [stdout]    |            |           no `DifferenceValue` in `tree`
[INFO] [stdout]    |            no `Difference` in `tree`
[INFO] [stdout] 
[INFO] [stdout] 
[INFO] [stdout] error[E0432]: unresolved imports `tree::Difference`, `tree::DifferenceValue`, `tree::Tree`
[INFO] [stdout]   --> src/main.rs:29:12
[INFO] [stdout]    |
[INFO] [stdout] 29 | use tree::{Difference, DifferenceValue, Tree};
[INFO] [stdout]    |            ^^^^^^^^^^  ^^^^^^^^^^^^^^^  ^^^^ no `Tree` in `tree`
[INFO] [stdout]    |            |           |
[INFO] [stdout]    |            |           no `DifferenceValue` in `tree`
[INFO] [stdout]    |            no `Difference` in `tree`
[INFO] [stdout] 
[INFO] [stdout] 
[INFO] [stdout] warning: unused import: `convert::TryFrom`
[INFO] [stdout]   --> src/main.rs:11:5
[INFO] [stdout]    |
[INFO] [stdout] 11 |     convert::TryFrom,
[INFO] [stdout]    |     ^^^^^^^^^^^^^^^^
[INFO] [stdout]    |
[INFO] [stdout]    = note: `#[warn(unused_imports)]` on by default
[INFO] [stdout] 
[INFO] [stdout] 
[INFO] [stdout] warning: unused import: `convert::TryFrom`
[INFO] [stdout]   --> src/main.rs:11:5
[INFO] [stdout]    |
[INFO] [stdout] 11 |     convert::TryFrom,
[INFO] [stdout]    |     ^^^^^^^^^^^^^^^^
[INFO] [stdout]    |
[INFO] [stdout]    = note: `#[warn(unused_imports)]` on by default
[INFO] [stdout] 
[INFO] [stdout] 
[INFO] [stdout] warning: unused imports: `Selector`, `select_vec`, `selector`
[INFO] [stdout]   --> src/main.rs:27:14
[INFO] [stdout]    |
[INFO] [stdout] 27 | use select::{select_vec, select_vec_try, selector, Selector};
[INFO] [stdout]    |              ^^^^^^^^^^                  ^^^^^^^^  ^^^^^^^^
[INFO] [stdout] 
[INFO] [stdout] 
[INFO] [stdout] warning: unused imports: `Selector`, `select_vec`, `selector`
[INFO] [stdout]   --> src/main.rs:27:14
[INFO] [stdout]    |
[INFO] [stdout] 27 | use select::{select_vec, select_vec_try, selector, Selector};
[INFO] [stdout]    |              ^^^^^^^^^^                  ^^^^^^^^  ^^^^^^^^
[INFO] [stdout] 
[INFO] [stdout] 
[INFO] [stdout] error: aborting due to 2 previous errors; 2 warnings emitted
[INFO] [stdout] 
[INFO] [stdout] 
[INFO] [stdout] Some errors have detailed explanations: E0432, E0583.
[INFO] [stdout] 
[INFO] [stdout] For more information about an error, try `rustc --explain E0432`.
[INFO] [stdout] 
[INFO] [stdout] error: aborting due to 2 previous errors; 2 warnings emitted
[INFO] [stdout] 
[INFO] [stdout] 
[INFO] [stdout] Some errors have detailed explanations: E0432, E0583.
[INFO] [stdout] 
[INFO] [stdout] For more information about an error, try `rustc --explain E0432`.
[INFO] [stdout] 
[INFO] [stderr] error: could not compile `s3s` due to 3 previous errors; 2 warnings emitted
[INFO] [stderr] warning: build failed, waiting for other jobs to finish...
[INFO] [stderr] error: build failed
[INFO] running `Command { std: "docker" "inspect" "e86d4ae7c36cc32f474743d7c98d260b44150378713cd7551c030011ce4c6106", kill_on_drop: false }`
[INFO] running `Command { std: "docker" "rm" "-f" "e86d4ae7c36cc32f474743d7c98d260b44150378713cd7551c030011ce4c6106", kill_on_drop: false }`
[INFO] [stdout] e86d4ae7c36cc32f474743d7c98d260b44150378713cd7551c030011ce4c6106
