[INFO] cloning repository https://github.com/nicokaegi/oandapt
[INFO] running `Command { std: "git" "-c" "credential.helper=" "-c" "credential.helper=/workspace/cargo-home/bin/git-credential-null" "clone" "--bare" "https://github.com/nicokaegi/oandapt" "/workspace/cache/git-repos/https%3A%2F%2Fgithub.com%2Fnicokaegi%2Foandapt", kill_on_drop: false }`
[INFO] [stderr] Cloning into bare repository '/workspace/cache/git-repos/https%3A%2F%2Fgithub.com%2Fnicokaegi%2Foandapt'...
[INFO] running `Command { std: "git" "rev-parse" "HEAD", kill_on_drop: false }`
[INFO] [stdout] 42ceb8f8c62c41d6a8819d8c10c2bc5fb9af41b1
[INFO] checking nicokaegi/oandapt against 1.55.0 for beta-1.56-3
[INFO] running `Command { std: "git" "clone" "/workspace/cache/git-repos/https%3A%2F%2Fgithub.com%2Fnicokaegi%2Foandapt" "/workspace/builds/worker-25/source", kill_on_drop: false }`
[INFO] [stderr] Cloning into '/workspace/builds/worker-25/source'...
[INFO] [stderr] done.
[INFO] validating manifest of git repo https://github.com/nicokaegi/oandapt on toolchain 1.55.0
[INFO] running `Command { std: "/workspace/cargo-home/bin/cargo" "+1.55.0" "metadata" "--manifest-path" "Cargo.toml" "--no-deps", kill_on_drop: false }`
[INFO] started tweaking git repo https://github.com/nicokaegi/oandapt
[INFO] finished tweaking git repo https://github.com/nicokaegi/oandapt
[INFO] tweaked toml for git repo https://github.com/nicokaegi/oandapt written to /workspace/builds/worker-25/source/Cargo.toml
[INFO] crate git repo https://github.com/nicokaegi/oandapt already has a lockfile, it will not be regenerated
[INFO] running `Command { std: "/workspace/cargo-home/bin/cargo" "+1.55.0" "fetch" "--manifest-path" "Cargo.toml", kill_on_drop: false }`
[INFO] [stderr]     Blocking waiting for file lock on package cache
[INFO] running `Command { std: "docker" "create" "-v" "/var/lib/crater-agent-workspace/builds/worker-25/target:/opt/rustwide/target:rw,Z" "-v" "/var/lib/crater-agent-workspace/builds/worker-25/source:/opt/rustwide/workdir:ro,Z" "-v" "/var/lib/crater-agent-workspace/cargo-home:/opt/rustwide/cargo-home:ro,Z" "-v" "/var/lib/crater-agent-workspace/rustup-home:/opt/rustwide/rustup-home:ro,Z" "-e" "SOURCE_DIR=/opt/rustwide/workdir" "-e" "CARGO_TARGET_DIR=/opt/rustwide/target" "-e" "CARGO_HOME=/opt/rustwide/cargo-home" "-e" "RUSTUP_HOME=/opt/rustwide/rustup-home" "-w" "/opt/rustwide/workdir" "-m" "1610612736" "--user" "0:0" "--network" "none" "ghcr.io/rust-lang/crates-build-env/linux@sha256:a89201d6b5b9fd45c15d5952ece0a0129e7e80cb26ec023fd59cf09bc26f1604" "/opt/rustwide/cargo-home/bin/cargo" "+1.55.0" "metadata" "--no-deps" "--format-version=1", kill_on_drop: false }`
[INFO] [stdout] 114f1ca1300c9acaae2b827715422348467715ef978f94b78804debdc7fc7fb1
[INFO] running `Command { std: "docker" "start" "-a" "114f1ca1300c9acaae2b827715422348467715ef978f94b78804debdc7fc7fb1", kill_on_drop: false }`
[INFO] running `Command { std: "docker" "inspect" "114f1ca1300c9acaae2b827715422348467715ef978f94b78804debdc7fc7fb1", kill_on_drop: false }`
[INFO] running `Command { std: "docker" "rm" "-f" "114f1ca1300c9acaae2b827715422348467715ef978f94b78804debdc7fc7fb1", kill_on_drop: false }`
[INFO] [stdout] 114f1ca1300c9acaae2b827715422348467715ef978f94b78804debdc7fc7fb1
[INFO] running `Command { std: "docker" "create" "-v" "/var/lib/crater-agent-workspace/builds/worker-25/target:/opt/rustwide/target:rw,Z" "-v" "/var/lib/crater-agent-workspace/builds/worker-25/source:/opt/rustwide/workdir:ro,Z" "-v" "/var/lib/crater-agent-workspace/cargo-home:/opt/rustwide/cargo-home:ro,Z" "-v" "/var/lib/crater-agent-workspace/rustup-home:/opt/rustwide/rustup-home:ro,Z" "-e" "SOURCE_DIR=/opt/rustwide/workdir" "-e" "CARGO_TARGET_DIR=/opt/rustwide/target" "-e" "CARGO_INCREMENTAL=0" "-e" "RUST_BACKTRACE=full" "-e" "RUSTFLAGS=--cap-lints=warn" "-e" "CARGO_HOME=/opt/rustwide/cargo-home" "-e" "RUSTUP_HOME=/opt/rustwide/rustup-home" "-w" "/opt/rustwide/workdir" "-m" "1610612736" "--user" "0:0" "--network" "none" "ghcr.io/rust-lang/crates-build-env/linux@sha256:a89201d6b5b9fd45c15d5952ece0a0129e7e80cb26ec023fd59cf09bc26f1604" "/opt/rustwide/cargo-home/bin/cargo" "+1.55.0" "check" "--frozen" "--all" "--all-targets" "--message-format=json", kill_on_drop: false }`
[INFO] [stdout] 07f012af1b4fc7d72b93fd932a1e8b9af8b9333e112b1aacdba1b1efa794598c
[INFO] running `Command { std: "docker" "start" "-a" "07f012af1b4fc7d72b93fd932a1e8b9af8b9333e112b1aacdba1b1efa794598c", kill_on_drop: false }`
[INFO] [stderr]     Blocking waiting for file lock on package cache
[INFO] [stderr]    Compiling libc v0.2.98
[INFO] [stderr]    Compiling log v0.4.14
[INFO] [stderr]    Compiling proc-macro2 v1.0.28
[INFO] [stderr]    Compiling unicode-xid v0.2.2
[INFO] [stderr]    Compiling syn v1.0.74
[INFO] [stderr]     Checking pin-project-lite v0.2.7
[INFO] [stderr]    Compiling cc v1.0.69
[INFO] [stderr]     Checking once_cell v1.8.0
[INFO] [stderr]    Compiling memchr v2.4.0
[INFO] [stderr]     Checking smallvec v1.6.1
[INFO] [stderr]    Compiling futures-core v0.3.16
[INFO] [stderr]     Checking scopeguard v1.1.0
[INFO] [stderr]    Compiling futures-task v0.3.16
[INFO] [stderr]    Compiling openssl v0.10.35
[INFO] [stderr]     Checking hashbrown v0.11.2
[INFO] [stderr]     Checking futures-sink v0.3.16
[INFO] [stderr]    Compiling futures-channel v0.3.16
[INFO] [stderr]    Compiling httparse v1.4.1
[INFO] [stderr]    Compiling serde v1.0.126
[INFO] [stderr]     Checking openssl-probe v0.1.4
[INFO] [stderr]     Checking slab v0.4.3
[INFO] [stderr]     Checking tower-service v0.3.1
[INFO] [stderr]    Compiling encoding_rs v0.8.28
[INFO] [stderr]     Checking httpdate v1.0.1
[INFO] [stderr]     Checking unicode-width v0.1.8
[INFO] [stderr]     Checking vec_map v0.8.2
[INFO] [stderr]     Checking strsim v0.8.0
[INFO] [stderr]     Checking ipnet v2.3.1
[INFO] [stderr]     Checking ansi_term v0.11.0
[INFO] [stderr]     Checking json v0.12.4
[INFO] [stderr]    Compiling tokio v1.9.0
[INFO] [stderr]    Compiling indexmap v1.7.0
[INFO] [stderr]    Compiling futures-util v0.3.16
[INFO] [stderr]     Checking instant v0.1.10
[INFO] [stderr]     Checking tracing-core v0.1.18
[INFO] [stderr]     Checking http v0.2.4
[INFO] [stderr]     Checking unicode-bidi v0.3.5
[INFO] [stderr]     Checking lock_api v0.4.4
[INFO] [stderr]     Checking tinyvec v1.3.1
[INFO] [stderr]     Checking form_urlencoded v1.0.1
[INFO] [stderr]     Checking textwrap v0.11.0
[INFO] [stderr]    Compiling openssl-sys v0.9.65
[INFO] [stderr]    Compiling native-tls v0.2.7
[INFO] [stderr]     Checking want v0.3.0
[INFO] [stderr]     Checking unicode-normalization v0.1.19
[INFO] [stderr]    Compiling quote v1.0.9
[INFO] [stderr]     Checking tracing v0.1.26
[INFO] [stderr]     Checking parking_lot_core v0.8.3
[INFO] [stderr]     Checking num_cpus v1.13.0
[INFO] [stderr]     Checking signal-hook-registry v1.4.0
[INFO] [stderr]     Checking mio v0.7.13
[INFO] [stderr]     Checking socket2 v0.4.1
[INFO] [stderr]     Checking atty v0.2.14
[INFO] [stderr]     Checking http-body v0.4.2
[INFO] [stderr]     Checking serde_urlencoded v0.7.0
[INFO] [stderr]     Checking clap v2.33.3
[INFO] [stderr]     Checking parking_lot v0.11.1
[INFO] [stderr]     Checking idna v0.2.3
[INFO] [stderr]     Checking url v2.2.2
[INFO] [stderr]    Compiling tokio-macros v1.3.0
[INFO] [stderr]     Checking tokio-util v0.6.7
[INFO] [stderr]     Checking tokio-native-tls v0.3.0
[INFO] [stderr]     Checking h2 v0.3.3
[INFO] [stderr]     Checking hyper v0.14.11
[INFO] [stderr]     Checking hyper-tls v0.5.0
[INFO] [stderr]     Checking reqwest v0.11.4
[INFO] [stderr]     Checking oandaPT v0.1.0 (/opt/rustwide/workdir)
[INFO] [stdout] warning: unused imports: `App`, `Arg`
[INFO] [stdout]  --> src/main.rs:2:12
[INFO] [stdout]   |
[INFO] [stdout] 2 | use clap::{Arg, App};
[INFO] [stdout]   |            ^^^  ^^^
[INFO] [stdout]   |
[INFO] [stdout]   = note: `#[warn(unused_imports)]` on by default
[INFO] [stdout] 
[INFO] [stdout] 
[INFO] [stdout] warning: unused import: `std::path::Path`
[INFO] [stdout]  --> src/main.rs:7:5
[INFO] [stdout]   |
[INFO] [stdout] 7 | use std::path::Path;
[INFO] [stdout]   |     ^^^^^^^^^^^^^^^
[INFO] [stdout] 
[INFO] [stdout] 
[INFO] [stdout] warning: unused imports: `App`, `Arg`
[INFO] [stdout]  --> src/main.rs:2:12
[INFO] [stdout]   |
[INFO] [stdout] 2 | use clap::{Arg, App};
[INFO] [stdout]   |            ^^^  ^^^
[INFO] [stdout]   |
[INFO] [stdout]   = note: `#[warn(unused_imports)]` on by default
[INFO] [stdout] 
[INFO] [stdout] 
[INFO] [stdout] warning: unused import: `std::path::Path`
[INFO] [stdout]  --> src/main.rs:7:5
[INFO] [stdout]   |
[INFO] [stdout] 7 | use std::path::Path;
[INFO] [stdout]   |     ^^^^^^^^^^^^^^^
[INFO] [stdout] 
[INFO] [stdout] 
[INFO] [stdout] error[E0277]: the trait bound `Result<std::fs::File, std::io::Error>: std::io::Write` is not satisfied
[INFO] [stdout]    --> src/main.rs:118:41
[INFO] [stdout]     |
[INFO] [stdout] 118 |     let mut out_buffer = BufWriter::new(out_file);
[INFO] [stdout]     |                                         ^^^^^^^^ the trait `std::io::Write` is not implemented for `Result<std::fs::File, std::io::Error>`
[INFO] [stdout]     |
[INFO] [stdout] note: required by `std::io::BufWriter::<W>::new`
[INFO] [stdout] 
[INFO] [stdout] 
[INFO] [stdout] error[E0277]: the trait bound `Result<std::fs::File, std::io::Error>: std::io::Write` is not satisfied
[INFO] [stdout]    --> src/main.rs:118:26
[INFO] [stdout]     |
[INFO] [stdout] 118 |     let mut out_buffer = BufWriter::new(out_file);
[INFO] [stdout]     |                          ^^^^^^^^^^^^^^^^^^^^^^^^ the trait `std::io::Write` is not implemented for `Result<std::fs::File, std::io::Error>`
[INFO] [stdout] 
[INFO] [stdout] 
[INFO] [stdout] error: aborting due to 2 previous errors; 2 warnings emitted
[INFO] [stdout] 
[INFO] [stdout] 
[INFO] [stdout] For more information about this error, try `rustc --explain E0277`.
[INFO] [stdout] 
[INFO] [stderr] error: could not compile `oandaPT` due to 3 previous errors; 2 warnings emitted
[INFO] [stderr] warning: build failed, waiting for other jobs to finish...
[INFO] [stdout] error[E0277]: the trait bound `Result<std::fs::File, std::io::Error>: std::io::Write` is not satisfied
[INFO] [stdout]    --> src/main.rs:118:41
[INFO] [stdout]     |
[INFO] [stdout] 118 |     let mut out_buffer = BufWriter::new(out_file);
[INFO] [stdout]     |                                         ^^^^^^^^ the trait `std::io::Write` is not implemented for `Result<std::fs::File, std::io::Error>`
[INFO] [stdout]     |
[INFO] [stdout] note: required by `std::io::BufWriter::<W>::new`
[INFO] [stdout] 
[INFO] [stdout] 
[INFO] [stdout] error[E0277]: the trait bound `Result<std::fs::File, std::io::Error>: std::io::Write` is not satisfied
[INFO] [stdout]    --> src/main.rs:118:26
[INFO] [stdout]     |
[INFO] [stdout] 118 |     let mut out_buffer = BufWriter::new(out_file);
[INFO] [stdout]     |                          ^^^^^^^^^^^^^^^^^^^^^^^^ the trait `std::io::Write` is not implemented for `Result<std::fs::File, std::io::Error>`
[INFO] [stdout] 
[INFO] [stdout] 
[INFO] [stdout] error: aborting due to 2 previous errors; 2 warnings emitted
[INFO] [stdout] 
[INFO] [stdout] 
[INFO] [stdout] For more information about this error, try `rustc --explain E0277`.
[INFO] [stdout] 
[INFO] [stderr] error: build failed
[INFO] running `Command { std: "docker" "inspect" "07f012af1b4fc7d72b93fd932a1e8b9af8b9333e112b1aacdba1b1efa794598c", kill_on_drop: false }`
[INFO] running `Command { std: "docker" "rm" "-f" "07f012af1b4fc7d72b93fd932a1e8b9af8b9333e112b1aacdba1b1efa794598c", kill_on_drop: false }`
[INFO] [stdout] 07f012af1b4fc7d72b93fd932a1e8b9af8b9333e112b1aacdba1b1efa794598c
