[INFO] cloning repository https://github.com/nicholashobbs/rust-test
[INFO] running `Command { std: "git" "-c" "credential.helper=" "-c" "credential.helper=/workspace/cargo-home/bin/git-credential-null" "clone" "--bare" "https://github.com/nicholashobbs/rust-test" "/workspace/cache/git-repos/https%3A%2F%2Fgithub.com%2Fnicholashobbs%2Frust-test", kill_on_drop: false }`
[INFO] [stderr] Cloning into bare repository '/workspace/cache/git-repos/https%3A%2F%2Fgithub.com%2Fnicholashobbs%2Frust-test'...
[INFO] running `Command { std: "git" "rev-parse" "HEAD", kill_on_drop: false }`
[INFO] [stdout] 64e16bd9da94659636dcfce3c0d9a4a62c7d897e
[INFO] checking nicholashobbs/rust-test against beta-2021-10-15 for beta-1.56-3
[INFO] running `Command { std: "git" "clone" "/workspace/cache/git-repos/https%3A%2F%2Fgithub.com%2Fnicholashobbs%2Frust-test" "/workspace/builds/worker-31/source", kill_on_drop: false }`
[INFO] [stderr] Cloning into '/workspace/builds/worker-31/source'...
[INFO] [stderr] done.
[INFO] validating manifest of git repo https://github.com/nicholashobbs/rust-test on toolchain beta-2021-10-15
[INFO] running `Command { std: "/workspace/cargo-home/bin/cargo" "+beta-2021-10-15" "metadata" "--manifest-path" "Cargo.toml" "--no-deps", kill_on_drop: false }`
[INFO] started tweaking git repo https://github.com/nicholashobbs/rust-test
[INFO] finished tweaking git repo https://github.com/nicholashobbs/rust-test
[INFO] tweaked toml for git repo https://github.com/nicholashobbs/rust-test written to /workspace/builds/worker-31/source/Cargo.toml
[INFO] crate git repo https://github.com/nicholashobbs/rust-test already has a lockfile, it will not be regenerated
[INFO] running `Command { std: "/workspace/cargo-home/bin/cargo" "+beta-2021-10-15" "fetch" "--manifest-path" "Cargo.toml", kill_on_drop: false }`
[INFO] [stderr] warning: profiles for the non root package will be ignored, specify profiles at the workspace root:
[INFO] [stderr] package:   /workspace/builds/worker-31/source/app/Cargo.toml
[INFO] [stderr] workspace: /workspace/builds/worker-31/source/Cargo.toml
[INFO] [stderr]     Blocking waiting for file lock on package cache
[INFO] [stderr]     Updating git repository `https://github.com/seed-rs/seed`
[INFO] [stderr]     Blocking waiting for file lock on package cache
[INFO] running `Command { std: "docker" "create" "-v" "/var/lib/crater-agent-workspace/builds/worker-31/target:/opt/rustwide/target:rw,Z" "-v" "/var/lib/crater-agent-workspace/builds/worker-31/source:/opt/rustwide/workdir:ro,Z" "-v" "/var/lib/crater-agent-workspace/cargo-home:/opt/rustwide/cargo-home:ro,Z" "-v" "/var/lib/crater-agent-workspace/rustup-home:/opt/rustwide/rustup-home:ro,Z" "-e" "SOURCE_DIR=/opt/rustwide/workdir" "-e" "CARGO_TARGET_DIR=/opt/rustwide/target" "-e" "CARGO_HOME=/opt/rustwide/cargo-home" "-e" "RUSTUP_HOME=/opt/rustwide/rustup-home" "-w" "/opt/rustwide/workdir" "-m" "1610612736" "--user" "0:0" "--network" "none" "ghcr.io/rust-lang/crates-build-env/linux@sha256:a89201d6b5b9fd45c15d5952ece0a0129e7e80cb26ec023fd59cf09bc26f1604" "/opt/rustwide/cargo-home/bin/cargo" "+beta-2021-10-15" "metadata" "--no-deps" "--format-version=1", kill_on_drop: false }`
[INFO] [stdout] 2baf9c55d0e2422b4ca17f66b2237d1df70a016054b2f73945694ec14e3dc34a
[INFO] running `Command { std: "docker" "start" "-a" "2baf9c55d0e2422b4ca17f66b2237d1df70a016054b2f73945694ec14e3dc34a", kill_on_drop: false }`
[INFO] running `Command { std: "docker" "inspect" "2baf9c55d0e2422b4ca17f66b2237d1df70a016054b2f73945694ec14e3dc34a", kill_on_drop: false }`
[INFO] running `Command { std: "docker" "rm" "-f" "2baf9c55d0e2422b4ca17f66b2237d1df70a016054b2f73945694ec14e3dc34a", kill_on_drop: false }`
[INFO] [stdout] 2baf9c55d0e2422b4ca17f66b2237d1df70a016054b2f73945694ec14e3dc34a
[INFO] running `Command { std: "docker" "create" "-v" "/var/lib/crater-agent-workspace/builds/worker-31/target:/opt/rustwide/target:rw,Z" "-v" "/var/lib/crater-agent-workspace/builds/worker-31/source:/opt/rustwide/workdir:ro,Z" "-v" "/var/lib/crater-agent-workspace/cargo-home:/opt/rustwide/cargo-home:ro,Z" "-v" "/var/lib/crater-agent-workspace/rustup-home:/opt/rustwide/rustup-home:ro,Z" "-e" "SOURCE_DIR=/opt/rustwide/workdir" "-e" "CARGO_TARGET_DIR=/opt/rustwide/target" "-e" "CARGO_INCREMENTAL=0" "-e" "RUST_BACKTRACE=full" "-e" "RUSTFLAGS=--cap-lints=warn" "-e" "CARGO_HOME=/opt/rustwide/cargo-home" "-e" "RUSTUP_HOME=/opt/rustwide/rustup-home" "-w" "/opt/rustwide/workdir" "-m" "1610612736" "--user" "0:0" "--network" "none" "ghcr.io/rust-lang/crates-build-env/linux@sha256:a89201d6b5b9fd45c15d5952ece0a0129e7e80cb26ec023fd59cf09bc26f1604" "/opt/rustwide/cargo-home/bin/cargo" "+beta-2021-10-15" "check" "--frozen" "--all" "--all-targets" "--message-format=json", kill_on_drop: false }`
[INFO] [stdout] c04a18e83beeeb9c8758b21de5e43b93f0b53cd68ec6fc48b749ce9e2d73ddbd
[INFO] running `Command { std: "docker" "start" "-a" "c04a18e83beeeb9c8758b21de5e43b93f0b53cd68ec6fc48b749ce9e2d73ddbd", kill_on_drop: false }`
[INFO] [stderr] warning: profiles for the non root package will be ignored, specify profiles at the workspace root:
[INFO] [stderr] package:   /opt/rustwide/workdir/app/Cargo.toml
[INFO] [stderr] workspace: /opt/rustwide/workdir/Cargo.toml
[INFO] [stderr]    Compiling proc-macro2 v1.0.19
[INFO] [stderr]    Compiling syn v1.0.39
[INFO] [stderr]    Compiling libc v0.2.76
[INFO] [stderr]    Compiling version_check v0.9.2
[INFO] [stderr]    Compiling memchr v2.3.3
[INFO] [stderr]     Checking futures-core v0.3.5
[INFO] [stderr]     Checking futures-sink v0.3.5
[INFO] [stderr]    Compiling proc-macro-hack v0.5.18
[INFO] [stderr]    Compiling pin-project-internal v0.4.23
[INFO] [stderr]     Checking bytes v0.5.6
[INFO] [stderr]    Compiling proc-macro-nested v0.1.6
[INFO] [stderr]     Checking itoa v0.4.6
[INFO] [stderr]     Checking once_cell v1.4.1
[INFO] [stderr]     Checking futures-io v0.3.5
[INFO] [stderr]    Compiling serde v1.0.116
[INFO] [stderr]    Compiling getrandom v0.1.14
[INFO] [stderr]     Checking arc-swap v0.4.7
[INFO] [stderr]     Checking pin-project-lite v0.1.7
[INFO] [stderr]     Checking smallvec v1.4.2
[INFO] [stderr]    Compiling wasm-bindgen-shared v0.2.67
[INFO] [stderr]    Compiling version_check v0.1.5
[INFO] [stderr]     Checking instant v0.1.6
[INFO] [stderr]    Compiling bumpalo v3.4.0
[INFO] [stderr]    Compiling lazy_static v1.4.0
[INFO] [stderr]     Checking tinyvec v0.3.4
[INFO] [stderr]    Compiling typenum v1.12.0
[INFO] [stderr]    Compiling wasm-bindgen v0.2.67
[INFO] [stderr]     Checking copyless v0.1.5
[INFO] [stderr]     Checking gimli v0.22.0
[INFO] [stderr]     Checking either v1.6.0
[INFO] [stderr]    Compiling unicode-segmentation v1.6.0
[INFO] [stderr]    Compiling cc v1.0.59
[INFO] [stderr]     Checking object v0.20.0
[INFO] [stderr]     Checking rustc-demangle v0.1.16
[INFO] [stderr]     Checking match_cfg v0.1.0
[INFO] [stderr]     Checking quick-error v1.2.3
[INFO] [stderr]     Checking regex-syntax v0.6.18
[INFO] [stderr]    Compiling encoding_rs v0.8.24
[INFO] [stderr]     Checking dtoa v0.4.6
[INFO] [stderr]     Checking cpuid-bool v0.1.2
[INFO] [stderr]     Checking opaque-debug v0.3.0
[INFO] [stderr]     Checking language-tags v0.2.2
[INFO] [stderr]     Checking base64 v0.12.3
[INFO] [stderr]    Compiling v_escape v0.12.1
[INFO] [stderr]    Compiling v_htmlescape v0.10.0
[INFO] [stderr]    Compiling pulldown-cmark v0.7.2
[INFO] [stderr]     Checking enclose v1.1.8
[INFO] [stderr]    Compiling serde_derive v1.0.116
[INFO] [stderr]    Compiling serde_json v1.0.57
[INFO] [stderr]     Checking lock_api v0.4.1
[INFO] [stderr]    Compiling hashbrown v0.8.2
[INFO] [stderr]    Compiling indexmap v1.5.1
[INFO] [stderr]    Compiling crc32fast v1.2.0
[INFO] [stderr]     Checking tracing-core v0.1.16
[INFO] [stderr]     Checking lru-cache v0.1.2
[INFO] [stderr]     Checking thread_local v1.0.1
[INFO] [stderr]     Checking getopts v0.2.21
[INFO] [stderr]    Compiling miniz_oxide v0.4.2
[INFO] [stderr]     Checking fxhash v0.2.1
[INFO] [stderr]     Checking futures-channel v0.3.5
[INFO] [stderr]     Checking futures-task v0.3.5
[INFO] [stderr]     Checking http v0.2.1
[INFO] [stderr]     Checking bytestring v0.1.5
[INFO] [stderr]     Checking buf-min v0.1.1
[INFO] [stderr]    Compiling nom v4.2.3
[INFO] [stderr]    Compiling dbg v1.0.4
[INFO] [stderr]     Checking addr2line v0.13.0
[INFO] [stderr]     Checking aho-corasick v0.7.13
[INFO] [stderr]     Checking unicode-normalization v0.1.13
[INFO] [stderr]     Checking tracing v0.1.19
[INFO] [stderr]    Compiling heck v0.3.1
[INFO] [stderr]    Compiling standback v0.2.10
[INFO] [stderr]    Compiling unicase v2.6.0
[INFO] [stderr]    Compiling time v0.2.16
[INFO] [stderr]    Compiling cookie v0.14.2
[INFO] [stderr]    Compiling generic-array v0.14.4
[INFO] [stderr]    Compiling seed v0.7.0 (https://github.com/seed-rs/seed?rev=0a538f0#0a538f03)
[INFO] [stderr]    Compiling brotli-sys v0.3.2
[INFO] [stderr]    Compiling quote v1.0.7
[INFO] [stderr]     Checking net2 v0.2.35
[INFO] [stderr]     Checking iovec v0.1.4
[INFO] [stderr]     Checking signal-hook-registry v1.2.1
[INFO] [stderr]     Checking num_cpus v1.13.0
[INFO] [stderr]     Checking parking_lot_core v0.8.0
[INFO] [stderr]     Checking hostname v0.3.1
[INFO] [stderr]     Checking backtrace v0.3.50
[INFO] [stderr]     Checking socket2 v0.3.15
[INFO] [stderr]     Checking flate2 v1.0.17
[INFO] [stderr]     Checking regex v1.3.9
[INFO] [stderr]     Checking idna v0.2.0
[INFO] [stderr]     Checking rand_core v0.5.1
[INFO] [stderr]     Checking parking_lot v0.11.0
[INFO] [stderr]     Checking resolv-conf v0.6.3
[INFO] [stderr]     Checking threadpool v1.8.1
[INFO] [stderr]     Checking rand_pcg v0.2.1
[INFO] [stderr]     Checking rand_chacha v0.2.2
[INFO] [stderr]     Checking mio v0.6.22
[INFO] [stderr]     Checking url v2.1.1
[INFO] [stderr]     Checking digest v0.9.0
[INFO] [stderr]     Checking block-buffer v0.9.0
[INFO] [stderr]    Compiling mime_guess v2.0.3
[INFO] [stderr]     Checking rand v0.7.3
[INFO] [stderr]     Checking sha-1 v0.9.1
[INFO] [stderr]     Checking mio-uds v0.6.8
[INFO] [stderr]     Checking tokio v0.2.22
[INFO] [stderr]     Checking uuid v0.8.1
[INFO] [stderr]     Checking tokio-util v0.3.1
[INFO] [stderr]    Compiling wasm-bindgen-backend v0.2.67
[INFO] [stderr]     Checking brotli2 v0.3.2
[INFO] [stderr]    Compiling wasm-bindgen-macro-support v0.2.67
[INFO] [stderr]    Compiling futures-macro v0.3.5
[INFO] [stderr]    Compiling derive_more v0.99.10
[INFO] [stderr]    Compiling time-macros-impl v0.1.1
[INFO] [stderr]    Compiling actix-macros v0.1.2
[INFO] [stderr]    Compiling thiserror-impl v1.0.20
[INFO] [stderr]    Compiling async-trait v0.1.40
[INFO] [stderr]    Compiling enum-as-inner v0.3.3
[INFO] [stderr]    Compiling v_escape_derive v0.8.1
[INFO] [stderr]    Compiling actix-web-codegen v0.3.0
[INFO] [stderr]    Compiling wasm-bindgen-macro v0.2.67
[INFO] [stderr]     Checking time-macros v0.1.0
[INFO] [stderr]     Checking thiserror v1.0.20
[INFO] [stderr]     Checking pin-project v0.4.23
[INFO] [stderr]     Checking futures-util v0.3.5
[INFO] [stderr]     Checking actix-codec v0.3.0
[INFO] [stderr]     Checking actix-threadpool v0.3.3
[INFO] [stderr]     Checking futures-executor v0.3.5
[INFO] [stderr]     Checking actix-service v1.0.6
[INFO] [stderr]     Checking actix-rt v1.1.1
[INFO] [stderr]     Checking h2 v0.2.6
[INFO] [stderr]     Checking futures v0.3.5
[INFO] [stderr]     Checking trust-dns-proto v0.19.5
[INFO] [stderr]     Checking actix-utils v2.0.0
[INFO] [stderr]     Checking actix-server v1.0.4
[INFO] [stderr]     Checking actix-tls v2.0.0
[INFO] [stderr]     Checking actix-testing v1.0.1
[INFO] [stderr]     Checking trust-dns-resolver v0.19.5
[INFO] [stderr]     Checking serde_urlencoded v0.6.1
[INFO] [stderr]     Checking actix-router v0.2.4
[INFO] [stderr]     Checking actix-connect v2.0.0
[INFO] [stderr]     Checking actix-http v2.0.0
[INFO] [stderr]     Checking js-sys v0.3.44
[INFO] [stderr]     Checking console_error_panic_hook v0.1.6
[INFO] [stderr]     Checking awc v2.0.0
[INFO] [stderr]     Checking web-sys v0.3.44
[INFO] [stderr]     Checking wasm-bindgen-futures v0.4.17
[INFO] [stderr]     Checking actix-web v3.0.2
[INFO] [stderr]     Checking actix-files v0.3.0
[INFO] [stderr]     Checking rust_test v0.1.0 (/opt/rustwide/workdir)
[INFO] [stderr]     Checking gloo-events v0.1.1
[INFO] [stderr]     Checking gloo-timers v0.2.1
[INFO] [stderr]     Checking gloo-file v0.1.0
[INFO] [stderr]     Checking app v0.1.0 (/opt/rustwide/workdir/app)
[INFO] [stdout] error[E0412]: cannot find type `Bool` in this scope
[INFO] [stdout]   --> app/src/lib.rs:16:16
[INFO] [stdout]    |
[INFO] [stdout] 16 |     completed: Bool,
[INFO] [stdout]    |                ^^^^
[INFO] [stdout]    |
[INFO] [stdout] help: there is an enum variant `serde::de::Unexpected::Bool` and 1 other; try using the variant's enum
[INFO] [stdout]    |
[INFO] [stdout] 16 |     completed: serde::de::Unexpected,
[INFO] [stdout]    |                ~~~~~~~~~~~~~~~~~~~~~
[INFO] [stdout] 16 |     completed: serde::private::de::Content,
[INFO] [stdout]    |                ~~~~~~~~~~~~~~~~~~~~~~~~~~~
[INFO] [stdout] help: a builtin type with a similar name exists
[INFO] [stdout]    |
[INFO] [stdout] 16 |     completed: bool,
[INFO] [stdout]    |                ~~~~
[INFO] [stdout] 
[INFO] [stdout] 
[INFO] [stdout] error[E0425]: cannot find value `False` in this scope
[INFO] [stdout]   --> app/src/lib.rs:39:71
[INFO] [stdout]    |
[INFO] [stdout] 39 |             let new_todo = Todo { value: title.to_owned(), completed: False };
[INFO] [stdout]    |                                                                       ^^^^^ not found in this scope
[INFO] [stdout] 
[INFO] [stdout] 
[INFO] [stdout] warning: unused import: `Msg::*`
[INFO] [stdout]   --> app/src/lib.rs:29:9
[INFO] [stdout]    |
[INFO] [stdout] 29 |     use Msg::*;
[INFO] [stdout]    |         ^^^^^^
[INFO] [stdout]    |
[INFO] [stdout]    = note: `#[warn(unused_imports)]` on by default
[INFO] [stdout] 
[INFO] [stdout] 
[INFO] [stdout] error[E0412]: cannot find type `Bool` in this scope
[INFO] [stdout]   --> app/src/lib.rs:16:16
[INFO] [stdout]    |
[INFO] [stdout] 16 |     completed: Bool,
[INFO] [stdout]    |                ^^^^
[INFO] [stdout]    |
[INFO] [stdout] help: there is an enum variant `serde::de::Unexpected::Bool` and 1 other; try using the variant's enum
[INFO] [stdout]    |
[INFO] [stdout] 16 |     completed: serde::de::Unexpected,
[INFO] [stdout]    |                ~~~~~~~~~~~~~~~~~~~~~
[INFO] [stdout] 16 |     completed: serde::private::de::Content,
[INFO] [stdout]    |                ~~~~~~~~~~~~~~~~~~~~~~~~~~~
[INFO] [stdout] help: a builtin type with a similar name exists
[INFO] [stdout]    |
[INFO] [stdout] 16 |     completed: bool,
[INFO] [stdout]    |                ~~~~
[INFO] [stdout] 
[INFO] [stdout] 
[INFO] [stdout] error[E0425]: cannot find value `False` in this scope
[INFO] [stdout]   --> app/src/lib.rs:39:71
[INFO] [stdout]    |
[INFO] [stdout] 39 |             let new_todo = Todo { value: title.to_owned(), completed: False };
[INFO] [stdout]    |                                                                       ^^^^^ not found in this scope
[INFO] [stdout] 
[INFO] [stdout] 
[INFO] [stdout] warning: unused import: `Msg::*`
[INFO] [stdout]   --> app/src/lib.rs:29:9
[INFO] [stdout]    |
[INFO] [stdout] 29 |     use Msg::*;
[INFO] [stdout]    |         ^^^^^^
[INFO] [stdout]    |
[INFO] [stdout]    = note: `#[warn(unused_imports)]` on by default
[INFO] [stdout] 
[INFO] [stdout] 
[INFO] [stdout] error[E0277]: the trait bound `Todo: serde::de::Deserialize<'_>` is not satisfied
[INFO] [stdout]    --> app/src/lib.rs:110:10
[INFO] [stdout]     |
[INFO] [stdout] 110 |         .json()
[INFO] [stdout]     |          ^^^^ the trait `serde::de::Deserialize<'_>` is not implemented for `Todo`
[INFO] [stdout]     |
[INFO] [stdout]     = note: required because of the requirements on the impl of `for<'de> serde::de::Deserialize<'de>` for `Vec<Todo>`
[INFO] [stdout]     = note: required because of the requirements on the impl of `serde::de::DeserializeOwned` for `Vec<Todo>`
[INFO] [stdout] 
[INFO] [stdout] 
[INFO] [stdout] error[E0277]: the trait bound `Todo: serde::de::Deserialize<'_>` is not satisfied
[INFO] [stdout]    --> app/src/lib.rs:110:10
[INFO] [stdout]     |
[INFO] [stdout] 110 |         .json()
[INFO] [stdout]     |          ^^^^ the trait `serde::de::Deserialize<'_>` is not implemented for `Todo`
[INFO] [stdout]     |
[INFO] [stdout]     = note: required because of the requirements on the impl of `for<'de> serde::de::Deserialize<'de>` for `Vec<Todo>`
[INFO] [stdout]     = note: required because of the requirements on the impl of `serde::de::DeserializeOwned` for `Vec<Todo>`
[INFO] [stdout] 
[INFO] [stdout] 
[INFO] [stdout] error[E0308]: mismatched types
[INFO] [stdout]   --> app/src/lib.rs:41:36
[INFO] [stdout]    |
[INFO] [stdout] 41 |                 model.items.append(new_todo);
[INFO] [stdout]    |                                    ^^^^^^^^ expected `&mut Vec<Todo>`, found struct `Todo`
[INFO] [stdout]    |
[INFO] [stdout]    = note: expected mutable reference `&mut Vec<Todo>`
[INFO] [stdout]                          found struct `Todo`
[INFO] [stdout] 
[INFO] [stdout] 
[INFO] [stdout] error: aborting due to 4 previous errors; 1 warning emitted
[INFO] [stdout] 
[INFO] [stdout] 
[INFO] [stdout] Some errors have detailed explanations: E0277, E0308, E0412, E0425.
[INFO] [stdout] 
[INFO] [stdout] For more information about an error, try `rustc --explain E0277`.
[INFO] [stdout] 
[INFO] [stderr] error: could not compile `app` due to 5 previous errors; 1 warning emitted
[INFO] [stderr] warning: build failed, waiting for other jobs to finish...
[INFO] [stdout] error[E0308]: mismatched types
[INFO] [stdout]   --> app/src/lib.rs:41:36
[INFO] [stdout]    |
[INFO] [stdout] 41 |                 model.items.append(new_todo);
[INFO] [stdout]    |                                    ^^^^^^^^ expected `&mut Vec<Todo>`, found struct `Todo`
[INFO] [stdout]    |
[INFO] [stdout]    = note: expected mutable reference `&mut Vec<Todo>`
[INFO] [stdout]                          found struct `Todo`
[INFO] [stdout] 
[INFO] [stdout] 
[INFO] [stdout] error: aborting due to 4 previous errors; 1 warning emitted
[INFO] [stdout] 
[INFO] [stdout] 
[INFO] [stdout] Some errors have detailed explanations: E0277, E0308, E0412, E0425.
[INFO] [stdout] 
[INFO] [stdout] For more information about an error, try `rustc --explain E0277`.
[INFO] [stdout] 
[INFO] [stderr] error: build failed
[INFO] running `Command { std: "docker" "inspect" "c04a18e83beeeb9c8758b21de5e43b93f0b53cd68ec6fc48b749ce9e2d73ddbd", kill_on_drop: false }`
[INFO] running `Command { std: "docker" "rm" "-f" "c04a18e83beeeb9c8758b21de5e43b93f0b53cd68ec6fc48b749ce9e2d73ddbd", kill_on_drop: false }`
[INFO] [stdout] c04a18e83beeeb9c8758b21de5e43b93f0b53cd68ec6fc48b749ce9e2d73ddbd
