[INFO] cloning repository https://github.com/nfatkhiyev/Harold_RS
[INFO] running `Command { std: "git" "-c" "credential.helper=" "-c" "credential.helper=/workspace/cargo-home/bin/git-credential-null" "clone" "--bare" "https://github.com/nfatkhiyev/Harold_RS" "/workspace/cache/git-repos/https%3A%2F%2Fgithub.com%2Fnfatkhiyev%2FHarold_RS", kill_on_drop: false }`
[INFO] [stderr] Cloning into bare repository '/workspace/cache/git-repos/https%3A%2F%2Fgithub.com%2Fnfatkhiyev%2FHarold_RS'...
[INFO] running `Command { std: "git" "rev-parse" "HEAD", kill_on_drop: false }`
[INFO] [stdout] d859d85ba3115c1dcb92807fe392eaaae084621a
[INFO] checking nfatkhiyev/Harold_RS against beta-2021-10-15 for beta-1.56-3
[INFO] running `Command { std: "git" "clone" "/workspace/cache/git-repos/https%3A%2F%2Fgithub.com%2Fnfatkhiyev%2FHarold_RS" "/workspace/builds/worker-25/source", kill_on_drop: false }`
[INFO] [stderr] Cloning into '/workspace/builds/worker-25/source'...
[INFO] [stderr] done.
[INFO] validating manifest of git repo https://github.com/nfatkhiyev/Harold_RS on toolchain beta-2021-10-15
[INFO] running `Command { std: "/workspace/cargo-home/bin/cargo" "+beta-2021-10-15" "metadata" "--manifest-path" "Cargo.toml" "--no-deps", kill_on_drop: false }`
[INFO] started tweaking git repo https://github.com/nfatkhiyev/Harold_RS
[INFO] finished tweaking git repo https://github.com/nfatkhiyev/Harold_RS
[INFO] tweaked toml for git repo https://github.com/nfatkhiyev/Harold_RS written to /workspace/builds/worker-25/source/Cargo.toml
[INFO] crate git repo https://github.com/nfatkhiyev/Harold_RS already has a lockfile, it will not be regenerated
[INFO] running `Command { std: "/workspace/cargo-home/bin/cargo" "+beta-2021-10-15" "fetch" "--manifest-path" "Cargo.toml", kill_on_drop: false }`
[INFO] [stderr]     Blocking waiting for file lock on package cache
[INFO] running `Command { std: "docker" "create" "-v" "/var/lib/crater-agent-workspace/builds/worker-25/target:/opt/rustwide/target:rw,Z" "-v" "/var/lib/crater-agent-workspace/builds/worker-25/source:/opt/rustwide/workdir:ro,Z" "-v" "/var/lib/crater-agent-workspace/cargo-home:/opt/rustwide/cargo-home:ro,Z" "-v" "/var/lib/crater-agent-workspace/rustup-home:/opt/rustwide/rustup-home:ro,Z" "-e" "SOURCE_DIR=/opt/rustwide/workdir" "-e" "CARGO_TARGET_DIR=/opt/rustwide/target" "-e" "CARGO_HOME=/opt/rustwide/cargo-home" "-e" "RUSTUP_HOME=/opt/rustwide/rustup-home" "-w" "/opt/rustwide/workdir" "-m" "1610612736" "--user" "0:0" "--network" "none" "ghcr.io/rust-lang/crates-build-env/linux@sha256:a89201d6b5b9fd45c15d5952ece0a0129e7e80cb26ec023fd59cf09bc26f1604" "/opt/rustwide/cargo-home/bin/cargo" "+beta-2021-10-15" "metadata" "--no-deps" "--format-version=1", kill_on_drop: false }`
[INFO] [stdout] 2c4ec8067c5957e2ce8b1bf2d623c908015bf54ec7c5add4594c7b0ee92c6e74
[INFO] running `Command { std: "docker" "start" "-a" "2c4ec8067c5957e2ce8b1bf2d623c908015bf54ec7c5add4594c7b0ee92c6e74", kill_on_drop: false }`
[INFO] running `Command { std: "docker" "inspect" "2c4ec8067c5957e2ce8b1bf2d623c908015bf54ec7c5add4594c7b0ee92c6e74", kill_on_drop: false }`
[INFO] running `Command { std: "docker" "rm" "-f" "2c4ec8067c5957e2ce8b1bf2d623c908015bf54ec7c5add4594c7b0ee92c6e74", kill_on_drop: false }`
[INFO] [stdout] 2c4ec8067c5957e2ce8b1bf2d623c908015bf54ec7c5add4594c7b0ee92c6e74
[INFO] running `Command { std: "docker" "create" "-v" "/var/lib/crater-agent-workspace/builds/worker-25/target:/opt/rustwide/target:rw,Z" "-v" "/var/lib/crater-agent-workspace/builds/worker-25/source:/opt/rustwide/workdir:ro,Z" "-v" "/var/lib/crater-agent-workspace/cargo-home:/opt/rustwide/cargo-home:ro,Z" "-v" "/var/lib/crater-agent-workspace/rustup-home:/opt/rustwide/rustup-home:ro,Z" "-e" "SOURCE_DIR=/opt/rustwide/workdir" "-e" "CARGO_TARGET_DIR=/opt/rustwide/target" "-e" "CARGO_INCREMENTAL=0" "-e" "RUST_BACKTRACE=full" "-e" "RUSTFLAGS=--cap-lints=warn" "-e" "CARGO_HOME=/opt/rustwide/cargo-home" "-e" "RUSTUP_HOME=/opt/rustwide/rustup-home" "-w" "/opt/rustwide/workdir" "-m" "1610612736" "--user" "0:0" "--network" "none" "ghcr.io/rust-lang/crates-build-env/linux@sha256:a89201d6b5b9fd45c15d5952ece0a0129e7e80cb26ec023fd59cf09bc26f1604" "/opt/rustwide/cargo-home/bin/cargo" "+beta-2021-10-15" "check" "--frozen" "--all" "--all-targets" "--message-format=json", kill_on_drop: false }`
[INFO] [stdout] af85de89ae92e17de7a2b79bd595f39a9b487f624e83de2bd40d4e8b17d54dcc
[INFO] running `Command { std: "docker" "start" "-a" "af85de89ae92e17de7a2b79bd595f39a9b487f624e83de2bd40d4e8b17d54dcc", kill_on_drop: false }`
[INFO] [stderr]     Blocking waiting for file lock on package cache
[INFO] [stderr]     Blocking waiting for file lock on package cache
[INFO] [stderr]    Compiling libc v0.2.77
[INFO] [stderr]    Compiling proc-macro2 v1.0.21
[INFO] [stderr]    Compiling syn v1.0.40
[INFO] [stderr]    Compiling pkg-config v0.3.18
[INFO] [stderr]    Compiling log v0.4.11
[INFO] [stderr]    Compiling memchr v2.3.3
[INFO] [stderr]     Checking futures-core v0.3.5
[INFO] [stderr]     Checking bytes v0.5.6
[INFO] [stderr]    Compiling cc v1.0.59
[INFO] [stderr]    Compiling pin-project-internal v0.4.23
[INFO] [stderr]    Compiling proc-macro-nested v0.1.6
[INFO] [stderr]     Checking futures-sink v0.3.5
[INFO] [stderr]     Checking arc-swap v0.4.7
[INFO] [stderr]     Checking once_cell v1.4.1
[INFO] [stderr]     Checking pin-project-lite v0.1.7
[INFO] [stderr]    Compiling proc-macro-hack v0.5.18
[INFO] [stderr]    Compiling openssl v0.10.30
[INFO] [stderr]     Checking itoa v0.4.6
[INFO] [stderr]     Checking futures-io v0.3.5
[INFO] [stderr]    Compiling native-tls v0.2.4
[INFO] [stderr]     Checking tinyvec v0.3.4
[INFO] [stderr]    Compiling getrandom v0.1.15
[INFO] [stderr]     Checking hashbrown v0.9.0
[INFO] [stderr]    Compiling serde v1.0.115
[INFO] [stderr]    Compiling httparse v1.3.4
[INFO] [stderr]    Compiling byteorder v1.3.4
[INFO] [stderr]     Checking try-lock v0.2.3
[INFO] [stderr]    Compiling serde_json v1.0.57
[INFO] [stderr]     Checking tower-service v0.3.0
[INFO] [stderr]    Compiling nix v0.14.1
[INFO] [stderr]    Compiling encoding_rs v0.8.24
[INFO] [stderr]     Checking ppv-lite86 v0.2.9
[INFO] [stderr]     Checking nom v2.2.1
[INFO] [stderr]     Checking dtoa v0.4.6
[INFO] [stderr]     Checking mime v0.3.16
[INFO] [stderr]     Checking maplit v1.0.2
[INFO] [stderr]     Checking ipnet v2.3.0
[INFO] [stderr]    Compiling unicase v2.6.0
[INFO] [stderr]    Compiling indexmap v1.6.0
[INFO] [stderr]     Checking tracing-core v0.1.16
[INFO] [stderr]     Checking futures-channel v0.3.5
[INFO] [stderr]    Compiling libudev-sys v0.1.4
[INFO] [stderr]     Checking http v0.2.1
[INFO] [stderr]     Checking futures-task v0.3.5
[INFO] [stderr]     Checking unicode-normalization v0.1.13
[INFO] [stderr]     Checking tracing v0.1.19
[INFO] [stderr]     Checking want v0.3.0
[INFO] [stderr]    Compiling openssl-sys v0.9.58
[INFO] [stderr]    Compiling quote v1.0.7
[INFO] [stderr]     Checking lber v0.2.0
[INFO] [stderr]     Checking iovec v0.1.4
[INFO] [stderr]     Checking net2 v0.2.35
[INFO] [stderr]     Checking num_cpus v1.13.0
[INFO] [stderr]     Checking signal-hook-registry v1.2.1
[INFO] [stderr]     Checking time v0.1.44
[INFO] [stderr]     Checking socket2 v0.3.15
[INFO] [stderr]     Checking rppal v0.11.3
[INFO] [stderr]     Checking vlc-rs v0.3.0
[INFO] [stderr]    Compiling mime_guess v2.0.3
[INFO] [stderr]     Checking idna v0.2.0
[INFO] [stderr]     Checking http-body v0.3.1
[INFO] [stderr]     Checking rand_core v0.5.1
[INFO] [stderr]     Checking libudev v0.2.0
[INFO] [stderr]     Checking mio v0.6.22
[INFO] [stderr]     Checking rand_chacha v0.2.2
[INFO] [stderr]     Checking serialport v3.3.0
[INFO] [stderr]     Checking url v2.1.1
[INFO] [stderr]     Checking rand v0.7.3
[INFO] [stderr]     Checking mio-uds v0.6.8
[INFO] [stderr]     Checking serde_urlencoded v0.6.1
[INFO] [stderr]    Compiling tokio-macros v0.2.5
[INFO] [stderr]    Compiling futures-macro v0.3.5
[INFO] [stderr]    Compiling thiserror-impl v1.0.20
[INFO] [stderr]    Compiling async-trait v0.1.40
[INFO] [stderr]     Checking tokio v0.2.22
[INFO] [stderr]     Checking thiserror v1.0.20
[INFO] [stderr]     Checking pin-project v0.4.23
[INFO] [stderr]     Checking futures-util v0.3.5
[INFO] [stderr]     Checking tokio-util v0.3.1
[INFO] [stderr]     Checking tokio-tls v0.3.1
[INFO] [stderr]     Checking tokio-native-tls v0.1.0
[INFO] [stderr]     Checking h2 v0.2.6
[INFO] [stderr]     Checking futures-executor v0.3.5
[INFO] [stderr]     Checking futures v0.3.5
[INFO] [stderr]     Checking ldap3 v0.7.1
[INFO] [stderr]     Checking hyper v0.13.7
[INFO] [stderr]     Checking hyper-tls v0.4.3
[INFO] [stderr]     Checking reqwest v0.10.8
[INFO] [stderr]     Checking harold_rs v0.1.0 (/opt/rustwide/workdir)
[INFO] [stdout] error[E0583]: file not found for module `secrets`
[INFO] [stdout]  --> src/main.rs:8:1
[INFO] [stdout]   |
[INFO] [stdout] 8 | mod secrets;
[INFO] [stdout]   | ^^^^^^^^^^^^
[INFO] [stdout]   |
[INFO] [stdout]   = help: to create the module `secrets`, create file "src/secrets.rs" or "src/secrets/mod.rs"
[INFO] [stdout] 
[INFO] [stdout] 
[INFO] [stdout] error[E0583]: file not found for module `secrets`
[INFO] [stdout]  --> src/main.rs:8:1
[INFO] [stdout]   |
[INFO] [stdout] 8 | mod secrets;
[INFO] [stdout]   | ^^^^^^^^^^^^
[INFO] [stdout]   |
[INFO] [stdout]   = help: to create the module `secrets`, create file "src/secrets.rs" or "src/secrets/mod.rs"
[INFO] [stdout] 
[INFO] [stdout] 
[INFO] [stdout] error[E0432]: unresolved import `crate::secrets::secrets`
[INFO] [stdout]  --> src/requests.rs:2:9
[INFO] [stdout]   |
[INFO] [stdout] 2 |     use crate::secrets::secrets;
[INFO] [stdout]   |         ^^^^^^^^^^^^^^^^^^^^^^^ no `secrets` in `secrets`
[INFO] [stdout] 
[INFO] [stdout] 
[INFO] [stdout] error[E0433]: failed to resolve: could not find `secrets` in `secrets`
[INFO] [stdout]   --> src/main.rs:13:35
[INFO] [stdout]    |
[INFO] [stdout] 13 |     let harold_secrets = secrets::secrets::initialized_secrets();
[INFO] [stdout]    |                                   ^^^^^^^ could not find `secrets` in `secrets`
[INFO] [stdout] 
[INFO] [stdout] 
[INFO] [stdout] error[E0433]: failed to resolve: could not find `secrets` in `secrets`
[INFO] [stdout]   --> src/main.rs:94:80
[INFO] [stdout]    |
[INFO] [stdout] 94 | async fn harold_retriever(used_function_uid: &String, harold_secrets: secrets::secrets::Secrets) {
[INFO] [stdout]    |                                                                                ^^^^^^^ could not find `secrets` in `secrets`
[INFO] [stdout] 
[INFO] [stdout] 
[INFO] [stdout] warning: unused import: `SerialPortSettings`
[INFO] [stdout]  --> src/main.rs:1:49
[INFO] [stdout]   |
[INFO] [stdout] 1 | use serialport::{DataBits, FlowControl, Parity, SerialPortSettings, StopBits};
[INFO] [stdout]   |                                                 ^^^^^^^^^^^^^^^^^^
[INFO] [stdout]   |
[INFO] [stdout]   = note: `#[warn(unused_imports)]` on by default
[INFO] [stdout] 
[INFO] [stdout] 
[INFO] [stdout] warning: unused import: `self`
[INFO] [stdout]  --> src/main.rs:2:15
[INFO] [stdout]   |
[INFO] [stdout] 2 | use std::io::{self, BufRead, BufReader, ErrorKind};
[INFO] [stdout]   |               ^^^^
[INFO] [stdout] 
[INFO] [stdout] 
[INFO] [stdout] warning: unused import: `path::Path`
[INFO] [stdout]  --> src/main.rs:3:11
[INFO] [stdout]   |
[INFO] [stdout] 3 | use std::{path::Path, thread, time};
[INFO] [stdout]   |           ^^^^^^^^^^
[INFO] [stdout] 
[INFO] [stdout] 
[INFO] [stdout] warning: unused import: `tokio::runtime::Runtime`
[INFO] [stdout]  --> src/main.rs:4:5
[INFO] [stdout]   |
[INFO] [stdout] 4 | use tokio::runtime::Runtime;
[INFO] [stdout]   |     ^^^^^^^^^^^^^^^^^^^^^^^
[INFO] [stdout] 
[INFO] [stdout] 
[INFO] [stdout] warning: unused import: `Error`
[INFO] [stdout]  --> src/music.rs:3:23
[INFO] [stdout]   |
[INFO] [stdout] 3 |     use rppal::gpio::{Error, Gpio};
[INFO] [stdout]   |                       ^^^^^
[INFO] [stdout] 
[INFO] [stdout] 
[INFO] [stdout] error[E0432]: unresolved import `crate::secrets::secrets`
[INFO] [stdout]  --> src/requests.rs:2:9
[INFO] [stdout]   |
[INFO] [stdout] 2 |     use crate::secrets::secrets;
[INFO] [stdout]   |         ^^^^^^^^^^^^^^^^^^^^^^^ no `secrets` in `secrets`
[INFO] [stdout] 
[INFO] [stdout] 
[INFO] [stdout] error[E0433]: failed to resolve: could not find `secrets` in `secrets`
[INFO] [stdout]   --> src/main.rs:13:35
[INFO] [stdout]    |
[INFO] [stdout] 13 |     let harold_secrets = secrets::secrets::initialized_secrets();
[INFO] [stdout]    |                                   ^^^^^^^ could not find `secrets` in `secrets`
[INFO] [stdout] 
[INFO] [stdout] 
[INFO] [stdout] error[E0433]: failed to resolve: could not find `secrets` in `secrets`
[INFO] [stdout]   --> src/main.rs:94:80
[INFO] [stdout]    |
[INFO] [stdout] 94 | async fn harold_retriever(used_function_uid: &String, harold_secrets: secrets::secrets::Secrets) {
[INFO] [stdout]    |                                                                                ^^^^^^^ could not find `secrets` in `secrets`
[INFO] [stdout] 
[INFO] [stdout] 
[INFO] [stdout] warning: unused import: `SerialPortSettings`
[INFO] [stdout]  --> src/main.rs:1:49
[INFO] [stdout]   |
[INFO] [stdout] 1 | use serialport::{DataBits, FlowControl, Parity, SerialPortSettings, StopBits};
[INFO] [stdout]   |                                                 ^^^^^^^^^^^^^^^^^^
[INFO] [stdout]   |
[INFO] [stdout]   = note: `#[warn(unused_imports)]` on by default
[INFO] [stdout] 
[INFO] [stdout] 
[INFO] [stdout] warning: unused import: `self`
[INFO] [stdout]  --> src/main.rs:2:15
[INFO] [stdout]   |
[INFO] [stdout] 2 | use std::io::{self, BufRead, BufReader, ErrorKind};
[INFO] [stdout]   |               ^^^^
[INFO] [stdout] 
[INFO] [stdout] 
[INFO] [stdout] warning: unused import: `path::Path`
[INFO] [stdout]  --> src/main.rs:3:11
[INFO] [stdout]   |
[INFO] [stdout] 3 | use std::{path::Path, thread, time};
[INFO] [stdout]   |           ^^^^^^^^^^
[INFO] [stdout] 
[INFO] [stdout] 
[INFO] [stdout] warning: unused import: `tokio::runtime::Runtime`
[INFO] [stdout]  --> src/main.rs:4:5
[INFO] [stdout]   |
[INFO] [stdout] 4 | use tokio::runtime::Runtime;
[INFO] [stdout]   |     ^^^^^^^^^^^^^^^^^^^^^^^
[INFO] [stdout] 
[INFO] [stdout] 
[INFO] [stdout] warning: unused import: `Error`
[INFO] [stdout]  --> src/music.rs:3:23
[INFO] [stdout]   |
[INFO] [stdout] 3 |     use rppal::gpio::{Error, Gpio};
[INFO] [stdout]   |                       ^^^^^
[INFO] [stdout] 
[INFO] [stdout] 
[INFO] [stdout] error: aborting due to 4 previous errors; 5 warnings emitted
[INFO] [stdout] 
[INFO] [stdout] 
[INFO] [stdout] Some errors have detailed explanations: E0432, E0433, E0583.
[INFO] [stdout] 
[INFO] [stdout] For more information about an error, try `rustc --explain E0432`.
[INFO] [stdout] 
[INFO] [stderr] error: could not compile `harold_rs` due to 5 previous errors; 5 warnings emitted
[INFO] [stderr] warning: build failed, waiting for other jobs to finish...
[INFO] [stdout] error: aborting due to 4 previous errors; 5 warnings emitted
[INFO] [stdout] 
[INFO] [stdout] 
[INFO] [stdout] Some errors have detailed explanations: E0432, E0433, E0583.
[INFO] [stdout] 
[INFO] [stdout] For more information about an error, try `rustc --explain E0432`.
[INFO] [stdout] 
[INFO] [stderr] error: build failed
[INFO] running `Command { std: "docker" "inspect" "af85de89ae92e17de7a2b79bd595f39a9b487f624e83de2bd40d4e8b17d54dcc", kill_on_drop: false }`
[INFO] running `Command { std: "docker" "rm" "-f" "af85de89ae92e17de7a2b79bd595f39a9b487f624e83de2bd40d4e8b17d54dcc", kill_on_drop: false }`
[INFO] [stdout] af85de89ae92e17de7a2b79bd595f39a9b487f624e83de2bd40d4e8b17d54dcc
