[INFO] cloning repository https://github.com/neubaner/rust-gba
[INFO] running `Command { std: "git" "-c" "credential.helper=" "-c" "credential.helper=/workspace/cargo-home/bin/git-credential-null" "clone" "--bare" "https://github.com/neubaner/rust-gba" "/workspace/cache/git-repos/https%3A%2F%2Fgithub.com%2Fneubaner%2Frust-gba", kill_on_drop: false }`
[INFO] [stderr] Cloning into bare repository '/workspace/cache/git-repos/https%3A%2F%2Fgithub.com%2Fneubaner%2Frust-gba'...
[INFO] running `Command { std: "git" "rev-parse" "HEAD", kill_on_drop: false }`
[INFO] [stdout] 19ccbc31dfddaf166fa9e8b4857d3bd28328a31b
[INFO] checking neubaner/rust-gba against beta-2021-10-15 for beta-1.56-3
[INFO] running `Command { std: "git" "clone" "/workspace/cache/git-repos/https%3A%2F%2Fgithub.com%2Fneubaner%2Frust-gba" "/workspace/builds/worker-100/source", kill_on_drop: false }`
[INFO] [stderr] Cloning into '/workspace/builds/worker-100/source'...
[INFO] [stderr] done.
[INFO] validating manifest of git repo https://github.com/neubaner/rust-gba on toolchain beta-2021-10-15
[INFO] running `Command { std: "/workspace/cargo-home/bin/cargo" "+beta-2021-10-15" "metadata" "--manifest-path" "Cargo.toml" "--no-deps", kill_on_drop: false }`
[INFO] started tweaking git repo https://github.com/neubaner/rust-gba
[INFO] finished tweaking git repo https://github.com/neubaner/rust-gba
[INFO] tweaked toml for git repo https://github.com/neubaner/rust-gba written to /workspace/builds/worker-100/source/Cargo.toml
[INFO] crate git repo https://github.com/neubaner/rust-gba already has a lockfile, it will not be regenerated
[INFO] running `Command { std: "/workspace/cargo-home/bin/cargo" "+beta-2021-10-15" "fetch" "--manifest-path" "Cargo.toml", kill_on_drop: false }`
[INFO] [stderr]     Blocking waiting for file lock on package cache
[INFO] [stderr]     Blocking waiting for file lock on package cache
[INFO] running `Command { std: "docker" "create" "-v" "/var/lib/crater-agent-workspace/builds/worker-100/target:/opt/rustwide/target:rw,Z" "-v" "/var/lib/crater-agent-workspace/builds/worker-100/source:/opt/rustwide/workdir:ro,Z" "-v" "/var/lib/crater-agent-workspace/cargo-home:/opt/rustwide/cargo-home:ro,Z" "-v" "/var/lib/crater-agent-workspace/rustup-home:/opt/rustwide/rustup-home:ro,Z" "-e" "SOURCE_DIR=/opt/rustwide/workdir" "-e" "CARGO_TARGET_DIR=/opt/rustwide/target" "-e" "CARGO_HOME=/opt/rustwide/cargo-home" "-e" "RUSTUP_HOME=/opt/rustwide/rustup-home" "-w" "/opt/rustwide/workdir" "-m" "1610612736" "--user" "0:0" "--network" "none" "ghcr.io/rust-lang/crates-build-env/linux@sha256:a89201d6b5b9fd45c15d5952ece0a0129e7e80cb26ec023fd59cf09bc26f1604" "/opt/rustwide/cargo-home/bin/cargo" "+beta-2021-10-15" "metadata" "--no-deps" "--format-version=1", kill_on_drop: false }`
[INFO] [stdout] ae1de53e85ce2f72a444030d03cc5c525b0a47d84d4151c97304630cdf38c9a7
[INFO] running `Command { std: "docker" "start" "-a" "ae1de53e85ce2f72a444030d03cc5c525b0a47d84d4151c97304630cdf38c9a7", kill_on_drop: false }`
[INFO] running `Command { std: "docker" "inspect" "ae1de53e85ce2f72a444030d03cc5c525b0a47d84d4151c97304630cdf38c9a7", kill_on_drop: false }`
[INFO] running `Command { std: "docker" "rm" "-f" "ae1de53e85ce2f72a444030d03cc5c525b0a47d84d4151c97304630cdf38c9a7", kill_on_drop: false }`
[INFO] [stdout] ae1de53e85ce2f72a444030d03cc5c525b0a47d84d4151c97304630cdf38c9a7
[INFO] running `Command { std: "docker" "create" "-v" "/var/lib/crater-agent-workspace/builds/worker-100/target:/opt/rustwide/target:rw,Z" "-v" "/var/lib/crater-agent-workspace/builds/worker-100/source:/opt/rustwide/workdir:ro,Z" "-v" "/var/lib/crater-agent-workspace/cargo-home:/opt/rustwide/cargo-home:ro,Z" "-v" "/var/lib/crater-agent-workspace/rustup-home:/opt/rustwide/rustup-home:ro,Z" "-e" "SOURCE_DIR=/opt/rustwide/workdir" "-e" "CARGO_TARGET_DIR=/opt/rustwide/target" "-e" "CARGO_INCREMENTAL=0" "-e" "RUST_BACKTRACE=full" "-e" "RUSTFLAGS=--cap-lints=warn" "-e" "CARGO_HOME=/opt/rustwide/cargo-home" "-e" "RUSTUP_HOME=/opt/rustwide/rustup-home" "-w" "/opt/rustwide/workdir" "-m" "1610612736" "--user" "0:0" "--network" "none" "ghcr.io/rust-lang/crates-build-env/linux@sha256:a89201d6b5b9fd45c15d5952ece0a0129e7e80cb26ec023fd59cf09bc26f1604" "/opt/rustwide/cargo-home/bin/cargo" "+beta-2021-10-15" "check" "--frozen" "--all" "--all-targets" "--message-format=json", kill_on_drop: false }`
[INFO] [stdout] e31805c9f26917ad7ca0222c26baeb911eb147e27dd67575358dda15b8c778a4
[INFO] running `Command { std: "docker" "start" "-a" "e31805c9f26917ad7ca0222c26baeb911eb147e27dd67575358dda15b8c778a4", kill_on_drop: false }`
[INFO] [stderr]     Blocking waiting for file lock on package cache
[INFO] [stderr]     Checking rust-gba v0.1.0 (/opt/rustwide/workdir)
[INFO] [stdout] error[E0599]: no associated item named `LDC` found for struct `ArmInstruction` in the current scope
[INFO] [stdout]    --> src/arm_instructions.rs:145:21
[INFO] [stdout]     |
[INFO] [stdout] 70  | pub struct ArmInstruction {
[INFO] [stdout]     | ------------------------- associated item `LDC` not found for this
[INFO] [stdout] ...
[INFO] [stdout] 145 |     ArmInstruction::LDC
[INFO] [stdout]     |                     ^^^ associated item not found in `ArmInstruction`
[INFO] [stdout] 
[INFO] [stdout] 
[INFO] [stderr] error: could not compile `rust-gba` due to 3 previous errors
[INFO] [stdout] error[E0308]: mismatched types
[INFO] [stdout]  --> src/main.rs:5:28
[INFO] [stdout]   |
[INFO] [stdout] 5 |     decode_arm_instruction(2u32);
[INFO] [stdout]   |                            ^^^^
[INFO] [stdout]   |                            |
[INFO] [stdout]   |                            expected `&u32`, found `u32`
[INFO] [stdout]   |                            help: consider borrowing here: `&2u32`
[INFO] [stdout] 
[INFO] [stdout] 
[INFO] [stderr] warning: build failed, waiting for other jobs to finish...
[INFO] [stdout] error: aborting due to 2 previous errors
[INFO] [stdout] 
[INFO] [stdout] 
[INFO] [stdout] Some errors have detailed explanations: E0308, E0599.
[INFO] [stdout] 
[INFO] [stdout] For more information about an error, try `rustc --explain E0308`.
[INFO] [stdout] 
[INFO] [stdout] error[E0599]: no associated item named `LDC` found for struct `ArmInstruction` in the current scope
[INFO] [stdout]    --> src/arm_instructions.rs:145:21
[INFO] [stdout]     |
[INFO] [stdout] 70  | pub struct ArmInstruction {
[INFO] [stdout]     | ------------------------- associated item `LDC` not found for this
[INFO] [stdout] ...
[INFO] [stdout] 145 |     ArmInstruction::LDC
[INFO] [stdout]     |                     ^^^ associated item not found in `ArmInstruction`
[INFO] [stdout] 
[INFO] [stdout] 
[INFO] [stdout] error[E0308]: mismatched types
[INFO] [stdout]  --> src/main.rs:5:28
[INFO] [stdout]   |
[INFO] [stdout] 5 |     decode_arm_instruction(2u32);
[INFO] [stdout]   |                            ^^^^
[INFO] [stdout]   |                            |
[INFO] [stdout]   |                            expected `&u32`, found `u32`
[INFO] [stdout]   |                            help: consider borrowing here: `&2u32`
[INFO] [stdout] 
[INFO] [stdout] 
[INFO] [stdout] error: aborting due to 2 previous errors
[INFO] [stdout] 
[INFO] [stdout] 
[INFO] [stdout] Some errors have detailed explanations: E0308, E0599.
[INFO] [stdout] 
[INFO] [stdout] For more information about an error, try `rustc --explain E0308`.
[INFO] [stdout] 
[INFO] [stderr] error: build failed
[INFO] running `Command { std: "docker" "inspect" "e31805c9f26917ad7ca0222c26baeb911eb147e27dd67575358dda15b8c778a4", kill_on_drop: false }`
[INFO] running `Command { std: "docker" "rm" "-f" "e31805c9f26917ad7ca0222c26baeb911eb147e27dd67575358dda15b8c778a4", kill_on_drop: false }`
[INFO] [stdout] e31805c9f26917ad7ca0222c26baeb911eb147e27dd67575358dda15b8c778a4
