[INFO] cloning repository https://github.com/neivv/aise
[INFO] running `Command { std: "git" "-c" "credential.helper=" "-c" "credential.helper=/workspace/cargo-home/bin/git-credential-null" "clone" "--bare" "https://github.com/neivv/aise" "/workspace/cache/git-repos/https%3A%2F%2Fgithub.com%2Fneivv%2Faise", kill_on_drop: false }`
[INFO] [stderr] Cloning into bare repository '/workspace/cache/git-repos/https%3A%2F%2Fgithub.com%2Fneivv%2Faise'...
[INFO] running `Command { std: "git" "rev-parse" "HEAD", kill_on_drop: false }`
[INFO] [stdout] 841675626dd439bf2279d6988d45e00b7f64686d
[INFO] checking neivv/aise against beta-2021-10-15 for beta-1.56-3
[INFO] running `Command { std: "git" "clone" "/workspace/cache/git-repos/https%3A%2F%2Fgithub.com%2Fneivv%2Faise" "/workspace/builds/worker-41/source", kill_on_drop: false }`
[INFO] [stderr] Cloning into '/workspace/builds/worker-41/source'...
[INFO] [stderr] done.
[INFO] validating manifest of git repo https://github.com/neivv/aise on toolchain beta-2021-10-15
[INFO] running `Command { std: "/workspace/cargo-home/bin/cargo" "+beta-2021-10-15" "metadata" "--manifest-path" "Cargo.toml" "--no-deps", kill_on_drop: false }`
[INFO] removed /workspace/builds/worker-41/source/.cargo/config
[INFO] started tweaking git repo https://github.com/neivv/aise
[INFO] finished tweaking git repo https://github.com/neivv/aise
[INFO] tweaked toml for git repo https://github.com/neivv/aise written to /workspace/builds/worker-41/source/Cargo.toml
[INFO] crate git repo https://github.com/neivv/aise already has a lockfile, it will not be regenerated
[INFO] running `Command { std: "/workspace/cargo-home/bin/cargo" "+beta-2021-10-15" "fetch" "--manifest-path" "Cargo.toml", kill_on_drop: false }`
[INFO] [stderr]     Blocking waiting for file lock on package cache
[INFO] [stderr]     Blocking waiting for file lock on package cache
[INFO] running `Command { std: "docker" "create" "-v" "/var/lib/crater-agent-workspace/builds/worker-41/target:/opt/rustwide/target:rw,Z" "-v" "/var/lib/crater-agent-workspace/builds/worker-41/source:/opt/rustwide/workdir:ro,Z" "-v" "/var/lib/crater-agent-workspace/cargo-home:/opt/rustwide/cargo-home:ro,Z" "-v" "/var/lib/crater-agent-workspace/rustup-home:/opt/rustwide/rustup-home:ro,Z" "-e" "SOURCE_DIR=/opt/rustwide/workdir" "-e" "CARGO_TARGET_DIR=/opt/rustwide/target" "-e" "CARGO_HOME=/opt/rustwide/cargo-home" "-e" "RUSTUP_HOME=/opt/rustwide/rustup-home" "-w" "/opt/rustwide/workdir" "-m" "1610612736" "--user" "0:0" "--network" "none" "ghcr.io/rust-lang/crates-build-env/linux@sha256:a89201d6b5b9fd45c15d5952ece0a0129e7e80cb26ec023fd59cf09bc26f1604" "/opt/rustwide/cargo-home/bin/cargo" "+beta-2021-10-15" "metadata" "--no-deps" "--format-version=1", kill_on_drop: false }`
[INFO] [stdout] b7acd097837d207676b12cdefb54f5d07d9f0af3da5b3ce54a7bbf949dcd3960
[INFO] running `Command { std: "docker" "start" "-a" "b7acd097837d207676b12cdefb54f5d07d9f0af3da5b3ce54a7bbf949dcd3960", kill_on_drop: false }`
[INFO] running `Command { std: "docker" "inspect" "b7acd097837d207676b12cdefb54f5d07d9f0af3da5b3ce54a7bbf949dcd3960", kill_on_drop: false }`
[INFO] running `Command { std: "docker" "rm" "-f" "b7acd097837d207676b12cdefb54f5d07d9f0af3da5b3ce54a7bbf949dcd3960", kill_on_drop: false }`
[INFO] [stdout] b7acd097837d207676b12cdefb54f5d07d9f0af3da5b3ce54a7bbf949dcd3960
[INFO] running `Command { std: "docker" "create" "-v" "/var/lib/crater-agent-workspace/builds/worker-41/target:/opt/rustwide/target:rw,Z" "-v" "/var/lib/crater-agent-workspace/builds/worker-41/source:/opt/rustwide/workdir:ro,Z" "-v" "/var/lib/crater-agent-workspace/cargo-home:/opt/rustwide/cargo-home:ro,Z" "-v" "/var/lib/crater-agent-workspace/rustup-home:/opt/rustwide/rustup-home:ro,Z" "-e" "SOURCE_DIR=/opt/rustwide/workdir" "-e" "CARGO_TARGET_DIR=/opt/rustwide/target" "-e" "CARGO_INCREMENTAL=0" "-e" "RUST_BACKTRACE=full" "-e" "RUSTFLAGS=--cap-lints=warn" "-e" "CARGO_HOME=/opt/rustwide/cargo-home" "-e" "RUSTUP_HOME=/opt/rustwide/rustup-home" "-w" "/opt/rustwide/workdir" "-m" "1610612736" "--user" "0:0" "--network" "none" "ghcr.io/rust-lang/crates-build-env/linux@sha256:a89201d6b5b9fd45c15d5952ece0a0129e7e80cb26ec023fd59cf09bc26f1604" "/opt/rustwide/cargo-home/bin/cargo" "+beta-2021-10-15" "check" "--frozen" "--all" "--all-targets" "--message-format=json", kill_on_drop: false }`
[INFO] [stdout] 87534a0455f731a284f585749b376ada984bdae950ab2bc8b04ed8ffb7ce7510
[INFO] running `Command { std: "docker" "start" "-a" "87534a0455f731a284f585749b376ada984bdae950ab2bc8b04ed8ffb7ce7510", kill_on_drop: false }`
[INFO] [stderr]    Compiling libc v0.2.103
[INFO] [stderr]    Compiling syn v1.0.63
[INFO] [stderr]    Compiling autocfg v0.1.7
[INFO] [stderr]    Compiling serde_derive v1.0.124
[INFO] [stderr]    Compiling serde v1.0.124
[INFO] [stderr]     Checking rand_core v0.4.2
[INFO] [stderr]    Compiling parking_lot_core v0.8.5
[INFO] [stderr]     Checking cfg-if v0.1.10
[INFO] [stderr]    Compiling winapi v0.3.9
[INFO] [stderr]     Checking cfg-if v1.0.0
[INFO] [stderr]     Checking scopeguard v1.1.0
[INFO] [stderr]     Checking adler32 v1.0.4
[INFO] [stderr]     Checking smallvec v1.7.0
[INFO] [stderr]     Checking once_cell v1.7.2
[INFO] [stderr]     Checking quick-error v2.0.1
[INFO] [stderr]     Checking lazy_static v1.4.0
[INFO] [stderr]     Checking bumpalo v3.7.1
[INFO] [stderr]    Compiling byteorder v1.3.2
[INFO] [stderr]    Compiling num-traits v0.2.11
[INFO] [stderr]    Compiling crc32fast v1.2.0
[INFO] [stderr]    Compiling log v0.4.8
[INFO] [stderr]    Compiling num-integer v0.1.42
[INFO] [stderr]    Compiling bitflags v1.2.1
[INFO] [stderr]     Checking instant v0.1.11
[INFO] [stderr]     Checking miniz_oxide v0.3.5
[INFO] [stderr]     Checking lock_api v0.4.5
[INFO] [stderr]     Checking rand_core v0.3.1
[INFO] [stderr]     Checking rand_jitter v0.1.4
[INFO] [stderr]     Checking thread_local v1.1.3
[INFO] [stderr]     Checking rand_isaac v0.1.1
[INFO] [stderr]     Checking rand_hc v0.1.0
[INFO] [stderr]     Checking fern v0.5.8
[INFO] [stderr]    Compiling rand_chacha v0.1.1
[INFO] [stderr]    Compiling rand_pcg v0.1.2
[INFO] [stderr]    Compiling rand v0.6.5
[INFO] [stderr]     Checking fxhash v0.2.1
[INFO] [stderr]     Checking time v0.1.42
[INFO] [stderr]     Checking dirs-sys v0.3.4
[INFO] [stderr]     Checking rand_os v0.1.3
[INFO] [stderr]     Checking flate2 v1.0.13
[INFO] [stderr]     Checking directories v2.0.2
[INFO] [stderr]     Checking parking_lot v0.11.2
[INFO] [stderr]     Checking samase_plugin v0.5.0 (https://github.com/neivv/samase_plugin?rev=80a88f4a775a5c8b0a1efd2c2c9e1a3d369c9135#80a88f4a)
[INFO] [stderr]     Checking chrono v0.4.10
[INFO] [stderr]     Checking rand_xorshift v0.1.1
[INFO] [stderr]     Checking bw_dat v0.1.0 (/opt/rustwide/workdir/bw_dat)
[INFO] [stderr]     Checking bincode v1.2.1
[INFO] [stdout] error[E0433]: failed to resolve: could not find `um` in `winapi`
[INFO] [stdout]  --> bw_dat/src/dialog.rs:6:13
[INFO] [stdout]   |
[INFO] [stdout] 6 | use winapi::um::sysinfoapi::GetTickCount;
[INFO] [stdout]   |             ^^ could not find `um` in `winapi`
[INFO] [stdout] 
[INFO] [stdout] 
[INFO] [stdout] error[E0433]: failed to resolve: could not find `um` in `winapi`
[INFO] [stdout]    --> bw_dat/src/dialog.rs:483:17
[INFO] [stdout]     |
[INFO] [stdout] 483 |     use winapi::um::heapapi::HeapAlloc;
[INFO] [stdout]     |                 ^^ could not find `um` in `winapi`
[INFO] [stdout] 
[INFO] [stdout] 
[INFO] [stdout] error[E0433]: failed to resolve: could not find `um` in `winapi`
[INFO] [stdout]    --> bw_dat/src/dialog.rs:486:25
[INFO] [stdout]     |
[INFO] [stdout] 486 |             use winapi::um::heapapi::HeapCreate;
[INFO] [stdout]     |                         ^^ could not find `um` in `winapi`
[INFO] [stdout] 
[INFO] [stdout] 
[INFO] [stdout] error[E0433]: failed to resolve: could not find `um` in `winapi`
[INFO] [stdout]    --> bw_dat/src/dialog.rs:487:25
[INFO] [stdout]     |
[INFO] [stdout] 487 |             use winapi::um::winnt::HEAP_CREATE_ENABLE_EXECUTE;
[INFO] [stdout]     |                         ^^ could not find `um` in `winapi`
[INFO] [stdout] 
[INFO] [stdout] 
[INFO] [stdout] error[E0425]: cannot find function, tuple struct or tuple variant `GetTickCount` in this scope
[INFO] [stdout]    --> bw_dat/src/dialog.rs:213:27
[INFO] [stdout]     |
[INFO] [stdout] 213 |                     time: GetTickCount(),
[INFO] [stdout]     |                           ^^^^^^^^^^^^ not found in this scope
[INFO] [stdout] 
[INFO] [stdout] 
[INFO] [stdout] error[E0425]: cannot find function, tuple struct or tuple variant `HeapCreate` in this scope
[INFO] [stdout]    --> bw_dat/src/dialog.rs:488:24
[INFO] [stdout]     |
[INFO] [stdout] 488 |             let heap = HeapCreate(HEAP_CREATE_ENABLE_EXECUTE, 0, 0);
[INFO] [stdout]     |                        ^^^^^^^^^^ not found in this scope
[INFO] [stdout] 
[INFO] [stdout] 
[INFO] [stdout] error[E0425]: cannot find value `HEAP_CREATE_ENABLE_EXECUTE` in this scope
[INFO] [stdout]    --> bw_dat/src/dialog.rs:488:35
[INFO] [stdout]     |
[INFO] [stdout] 488 |             let heap = HeapCreate(HEAP_CREATE_ENABLE_EXECUTE, 0, 0);
[INFO] [stdout]     |                                   ^^^^^^^^^^^^^^^^^^^^^^^^^^ not found in this scope
[INFO] [stdout] 
[INFO] [stdout] 
[INFO] [stdout] error[E0425]: cannot find function, tuple struct or tuple variant `HeapAlloc` in this scope
[INFO] [stdout]    --> bw_dat/src/dialog.rs:492:9
[INFO] [stdout]     |
[INFO] [stdout] 492 |         HeapAlloc(*heap as *mut _, 0, size) as *mut u8
[INFO] [stdout]     |         ^^^^^^^^^ not found in this scope
[INFO] [stdout] 
[INFO] [stdout] 
[INFO] [stdout] error: aborting due to 8 previous errors
[INFO] [stdout] 
[INFO] [stdout] 
[INFO] [stdout] Some errors have detailed explanations: E0425, E0433.
[INFO] [stdout] 
[INFO] [stdout] For more information about an error, try `rustc --explain E0425`.
[INFO] [stdout] 
[INFO] [stderr] error: could not compile `bw_dat` due to 9 previous errors
[INFO] [stderr] warning: build failed, waiting for other jobs to finish...
[INFO] [stderr] error: build failed
[INFO] running `Command { std: "docker" "inspect" "87534a0455f731a284f585749b376ada984bdae950ab2bc8b04ed8ffb7ce7510", kill_on_drop: false }`
[INFO] running `Command { std: "docker" "rm" "-f" "87534a0455f731a284f585749b376ada984bdae950ab2bc8b04ed8ffb7ce7510", kill_on_drop: false }`
[INFO] [stdout] 87534a0455f731a284f585749b376ada984bdae950ab2bc8b04ed8ffb7ce7510
