[INFO] cloning repository https://github.com/nebelgrau77/TMP36_RTIC
[INFO] running `Command { std: "git" "-c" "credential.helper=" "-c" "credential.helper=/workspace/cargo-home/bin/git-credential-null" "clone" "--bare" "https://github.com/nebelgrau77/TMP36_RTIC" "/workspace/cache/git-repos/https%3A%2F%2Fgithub.com%2Fnebelgrau77%2FTMP36_RTIC", kill_on_drop: false }`
[INFO] [stderr] Cloning into bare repository '/workspace/cache/git-repos/https%3A%2F%2Fgithub.com%2Fnebelgrau77%2FTMP36_RTIC'...
[INFO] running `Command { std: "git" "rev-parse" "HEAD", kill_on_drop: false }`
[INFO] [stdout] 7bb858c74d767f5099bf1fa8cb485792c830f42f
[INFO] checking nebelgrau77/TMP36_RTIC against 1.55.0 for beta-1.56-3
[INFO] running `Command { std: "git" "clone" "/workspace/cache/git-repos/https%3A%2F%2Fgithub.com%2Fnebelgrau77%2FTMP36_RTIC" "/workspace/builds/worker-82/source", kill_on_drop: false }`
[INFO] [stderr] Cloning into '/workspace/builds/worker-82/source'...
[INFO] [stderr] done.
[INFO] validating manifest of git repo https://github.com/nebelgrau77/TMP36_RTIC on toolchain 1.55.0
[INFO] running `Command { std: "/workspace/cargo-home/bin/cargo" "+1.55.0" "metadata" "--manifest-path" "Cargo.toml" "--no-deps", kill_on_drop: false }`
[INFO] removed /workspace/builds/worker-82/source/.cargo/config
[INFO] started tweaking git repo https://github.com/nebelgrau77/TMP36_RTIC
[INFO] finished tweaking git repo https://github.com/nebelgrau77/TMP36_RTIC
[INFO] tweaked toml for git repo https://github.com/nebelgrau77/TMP36_RTIC written to /workspace/builds/worker-82/source/Cargo.toml
[INFO] crate git repo https://github.com/nebelgrau77/TMP36_RTIC already has a lockfile, it will not be regenerated
[INFO] running `Command { std: "/workspace/cargo-home/bin/cargo" "+1.55.0" "fetch" "--manifest-path" "Cargo.toml", kill_on_drop: false }`
[INFO] [stderr]     Blocking waiting for file lock on package cache
[INFO] [stderr]     Blocking waiting for file lock on package cache
[INFO] [stderr]  Downloading crates ...
[INFO] [stderr]   Downloaded atsamd21g18a v0.7.0
[INFO] running `Command { std: "docker" "create" "-v" "/var/lib/crater-agent-workspace/builds/worker-82/target:/opt/rustwide/target:rw,Z" "-v" "/var/lib/crater-agent-workspace/builds/worker-82/source:/opt/rustwide/workdir:ro,Z" "-v" "/var/lib/crater-agent-workspace/cargo-home:/opt/rustwide/cargo-home:ro,Z" "-v" "/var/lib/crater-agent-workspace/rustup-home:/opt/rustwide/rustup-home:ro,Z" "-e" "SOURCE_DIR=/opt/rustwide/workdir" "-e" "CARGO_TARGET_DIR=/opt/rustwide/target" "-e" "CARGO_HOME=/opt/rustwide/cargo-home" "-e" "RUSTUP_HOME=/opt/rustwide/rustup-home" "-w" "/opt/rustwide/workdir" "-m" "1610612736" "--user" "0:0" "--network" "none" "ghcr.io/rust-lang/crates-build-env/linux@sha256:a89201d6b5b9fd45c15d5952ece0a0129e7e80cb26ec023fd59cf09bc26f1604" "/opt/rustwide/cargo-home/bin/cargo" "+1.55.0" "metadata" "--no-deps" "--format-version=1", kill_on_drop: false }`
[INFO] [stdout] a98521e166b23d3163471e650aea5ef6118ac0b768b97604de9cb2e0a21b3737
[INFO] running `Command { std: "docker" "start" "-a" "a98521e166b23d3163471e650aea5ef6118ac0b768b97604de9cb2e0a21b3737", kill_on_drop: false }`
[INFO] running `Command { std: "docker" "inspect" "a98521e166b23d3163471e650aea5ef6118ac0b768b97604de9cb2e0a21b3737", kill_on_drop: false }`
[INFO] running `Command { std: "docker" "rm" "-f" "a98521e166b23d3163471e650aea5ef6118ac0b768b97604de9cb2e0a21b3737", kill_on_drop: false }`
[INFO] [stdout] a98521e166b23d3163471e650aea5ef6118ac0b768b97604de9cb2e0a21b3737
[INFO] running `Command { std: "docker" "create" "-v" "/var/lib/crater-agent-workspace/builds/worker-82/target:/opt/rustwide/target:rw,Z" "-v" "/var/lib/crater-agent-workspace/builds/worker-82/source:/opt/rustwide/workdir:ro,Z" "-v" "/var/lib/crater-agent-workspace/cargo-home:/opt/rustwide/cargo-home:ro,Z" "-v" "/var/lib/crater-agent-workspace/rustup-home:/opt/rustwide/rustup-home:ro,Z" "-e" "SOURCE_DIR=/opt/rustwide/workdir" "-e" "CARGO_TARGET_DIR=/opt/rustwide/target" "-e" "CARGO_INCREMENTAL=0" "-e" "RUST_BACKTRACE=full" "-e" "RUSTFLAGS=--cap-lints=warn" "-e" "CARGO_HOME=/opt/rustwide/cargo-home" "-e" "RUSTUP_HOME=/opt/rustwide/rustup-home" "-w" "/opt/rustwide/workdir" "-m" "1610612736" "--user" "0:0" "--network" "none" "ghcr.io/rust-lang/crates-build-env/linux@sha256:a89201d6b5b9fd45c15d5952ece0a0129e7e80cb26ec023fd59cf09bc26f1604" "/opt/rustwide/cargo-home/bin/cargo" "+1.55.0" "check" "--frozen" "--all" "--all-targets" "--message-format=json", kill_on_drop: false }`
[INFO] [stdout] b463aa5fa1fc41921e65efd4cb1d4e89d76f617e047ccc09f9f20f136397efcc
[INFO] running `Command { std: "docker" "start" "-a" "b463aa5fa1fc41921e65efd4cb1d4e89d76f617e047ccc09f9f20f136397efcc", kill_on_drop: false }`
[INFO] [stderr]    Compiling proc-macro2 v1.0.21
[INFO] [stderr]    Compiling typenum v1.12.0
[INFO] [stderr]    Compiling unicode-xid v0.2.1
[INFO] [stderr]    Compiling syn v1.0.40
[INFO] [stderr]    Compiling semver-parser v0.7.0
[INFO] [stderr]    Compiling cortex-m v0.6.3
[INFO] [stderr]     Checking stable_deref_trait v1.2.0
[INFO] [stderr]    Compiling cortex-m-rt v0.6.13
[INFO] [stderr]     Checking vcell v0.1.2
[INFO] [stderr]     Checking bitfield v0.13.2
[INFO] [stderr]     Checking r0 v0.2.2
[INFO] [stderr]    Compiling byteorder v1.3.4
[INFO] [stderr]    Compiling proc-macro-hack v0.5.18
[INFO] [stderr]     Checking nb v1.0.0
[INFO] [stderr]    Compiling atsamd21g18a v0.7.0
[INFO] [stderr]    Compiling hashbrown v0.9.0
[INFO] [stderr]    Compiling heapless v0.5.5
[INFO] [stderr]     Checking rand_core v0.5.1
[INFO] [stderr]    Compiling arduino_nano33iot v0.2.1-alpha (/opt/rustwide/workdir/custom_crate/arduino_nano33iot)
[INFO] [stderr]     Checking panic-halt v0.2.0
[INFO] [stderr]     Checking rtic-core v0.3.0
[INFO] [stderr]    Compiling indexmap v1.6.0
[INFO] [stderr]    Compiling cortex-m-rtic v0.5.5
[INFO] [stderr]     Checking volatile-register v0.2.0
[INFO] [stderr]    Compiling semver v0.9.0
[INFO] [stderr]     Checking nb v0.1.3
[INFO] [stderr]    Compiling paste-impl v0.1.18
[INFO] [stderr]     Checking embedded-hal v0.2.4
[INFO] [stderr]     Checking paste v0.1.18
[INFO] [stderr]    Compiling rustc_version v0.2.3
[INFO] [stderr]    Compiling quote v1.0.7
[INFO] [stderr]    Compiling bare-metal v0.2.5
[INFO] [stderr]     Checking generic-array v0.13.2
[INFO] [stderr]     Checking generic-array v0.12.3
[INFO] [stderr]     Checking hash32 v0.1.1
[INFO] [stderr]     Checking as-slice v0.1.3
[INFO] [stderr]     Checking aligned v0.3.4
[INFO] [stderr]    Compiling rtic-syntax v0.4.0
[INFO] [stderr]    Compiling cortex-m-rt-macros v0.1.8
[INFO] [stderr]    Compiling cortex-m-rtic-macros v0.5.2
[INFO] [stderr]     Checking atsamd-hal v0.9.0
[INFO] [stderr]     Checking nano33iot_serial_rtic v0.1.0 (/opt/rustwide/workdir)
[INFO] [stdout] error[E0432]: unresolved import `hal::adc`
[INFO] [stdout]   --> src/main.rs:10:10
[INFO] [stdout]    |
[INFO] [stdout] 10 | use hal::adc::Adc;
[INFO] [stdout]    |          ^^^ help: a similar path exists: `atsamd_hal::hal::adc`
[INFO] [stdout] 
[INFO] [stdout] 
[INFO] [stdout] error[E0433]: failed to resolve: could not find `adc` in `hal`
[INFO] [stdout]   --> src/main.rs:21:25
[INFO] [stdout]    |
[INFO] [stdout] 21 |         converter: hal::adc::Adc<hal::pac::ADC>,
[INFO] [stdout]    |                         ^^^ could not find `adc` in `hal`
[INFO] [stdout] 
[INFO] [stdout] 
[INFO] [stdout] error[E0432]: unresolved import `hal::adc`
[INFO] [stdout]   --> src/main.rs:10:10
[INFO] [stdout]    |
[INFO] [stdout] 10 | use hal::adc::Adc;
[INFO] [stdout]    |          ^^^ help: a similar path exists: `atsamd_hal::hal::adc`
[INFO] [stdout] 
[INFO] [stdout] 
[INFO] [stdout] error: duplicate lang item in crate `std` (which `test` depends on): `panic_impl`.
[INFO] [stdout]   |
[INFO] [stdout]   = note: the lang item is first defined in crate `panic_halt` (which `arduino_nano33iot` depends on)
[INFO] [stdout]   = note: first definition in `panic_halt` loaded from /opt/rustwide/target/debug/deps/libpanic_halt-80c8be1ae71ccc18.rmeta
[INFO] [stdout]   = note: second definition in `std` loaded from /opt/rustwide/rustup-home/toolchains/1.55.0-x86_64-unknown-linux-gnu/lib/rustlib/x86_64-unknown-linux-gnu/lib/libstd-008055cc7d873802.rlib
[INFO] [stdout] 
[INFO] [stdout] 
[INFO] [stdout] error[E0433]: failed to resolve: could not find `adc` in `hal`
[INFO] [stdout]   --> src/main.rs:21:25
[INFO] [stdout]    |
[INFO] [stdout] 21 |         converter: hal::adc::Adc<hal::pac::ADC>,
[INFO] [stdout]    |                         ^^^ could not find `adc` in `hal`
[INFO] [stdout] 
[INFO] [stdout] 
[INFO] [stdout] error: language item required, but not found: `eh_personality`
[INFO] [stdout] 
[INFO] [stdout] 
[INFO] [stdout] error: aborting due to 3 previous errors
[INFO] [stdout] 
[INFO] [stdout] 
[INFO] [stdout] Some errors have detailed explanations: E0432, E0433.
[INFO] [stdout] 
[INFO] [stdout] For more information about an error, try `rustc --explain E0432`.
[INFO] [stdout] 
[INFO] [stderr] error: could not compile `nano33iot_serial_rtic` due to 4 previous errors
[INFO] [stderr] warning: build failed, waiting for other jobs to finish...
[INFO] [stdout] error: aborting due to 3 previous errors
[INFO] [stdout] 
[INFO] [stdout] 
[INFO] [stdout] Some errors have detailed explanations: E0432, E0433.
[INFO] [stdout] 
[INFO] [stdout] For more information about an error, try `rustc --explain E0432`.
[INFO] [stdout] 
[INFO] [stderr] error: build failed
[INFO] running `Command { std: "docker" "inspect" "b463aa5fa1fc41921e65efd4cb1d4e89d76f617e047ccc09f9f20f136397efcc", kill_on_drop: false }`
[INFO] running `Command { std: "docker" "rm" "-f" "b463aa5fa1fc41921e65efd4cb1d4e89d76f617e047ccc09f9f20f136397efcc", kill_on_drop: false }`
[INFO] [stdout] b463aa5fa1fc41921e65efd4cb1d4e89d76f617e047ccc09f9f20f136397efcc
