[INFO] cloning repository https://github.com/naoki-tomita/text-editor
[INFO] running `Command { std: "git" "-c" "credential.helper=" "-c" "credential.helper=/workspace/cargo-home/bin/git-credential-null" "clone" "--bare" "https://github.com/naoki-tomita/text-editor" "/workspace/cache/git-repos/https%3A%2F%2Fgithub.com%2Fnaoki-tomita%2Ftext-editor", kill_on_drop: false }`
[INFO] [stderr] Cloning into bare repository '/workspace/cache/git-repos/https%3A%2F%2Fgithub.com%2Fnaoki-tomita%2Ftext-editor'...
[INFO] running `Command { std: "git" "rev-parse" "HEAD", kill_on_drop: false }`
[INFO] [stdout] 0e3f5c5645142c3a35adf76be2e48d7941f16afb
[INFO] checking naoki-tomita/text-editor against 1.55.0 for beta-1.56-3
[INFO] running `Command { std: "git" "clone" "/workspace/cache/git-repos/https%3A%2F%2Fgithub.com%2Fnaoki-tomita%2Ftext-editor" "/workspace/builds/worker-81/source", kill_on_drop: false }`
[INFO] [stderr] Cloning into '/workspace/builds/worker-81/source'...
[INFO] [stderr] done.
[INFO] validating manifest of git repo https://github.com/naoki-tomita/text-editor on toolchain 1.55.0
[INFO] running `Command { std: "/workspace/cargo-home/bin/cargo" "+1.55.0" "metadata" "--manifest-path" "Cargo.toml" "--no-deps", kill_on_drop: false }`
[INFO] started tweaking git repo https://github.com/naoki-tomita/text-editor
[INFO] finished tweaking git repo https://github.com/naoki-tomita/text-editor
[INFO] tweaked toml for git repo https://github.com/naoki-tomita/text-editor written to /workspace/builds/worker-81/source/Cargo.toml
[INFO] crate git repo https://github.com/naoki-tomita/text-editor already has a lockfile, it will not be regenerated
[INFO] running `Command { std: "/workspace/cargo-home/bin/cargo" "+1.55.0" "fetch" "--manifest-path" "Cargo.toml", kill_on_drop: false }`
[INFO] [stderr]     Blocking waiting for file lock on package cache
[INFO] [stderr]     Blocking waiting for file lock on package cache
[INFO] running `Command { std: "docker" "create" "-v" "/var/lib/crater-agent-workspace/builds/worker-81/target:/opt/rustwide/target:rw,Z" "-v" "/var/lib/crater-agent-workspace/builds/worker-81/source:/opt/rustwide/workdir:ro,Z" "-v" "/var/lib/crater-agent-workspace/cargo-home:/opt/rustwide/cargo-home:ro,Z" "-v" "/var/lib/crater-agent-workspace/rustup-home:/opt/rustwide/rustup-home:ro,Z" "-e" "SOURCE_DIR=/opt/rustwide/workdir" "-e" "CARGO_TARGET_DIR=/opt/rustwide/target" "-e" "CARGO_HOME=/opt/rustwide/cargo-home" "-e" "RUSTUP_HOME=/opt/rustwide/rustup-home" "-w" "/opt/rustwide/workdir" "-m" "1610612736" "--user" "0:0" "--network" "none" "ghcr.io/rust-lang/crates-build-env/linux@sha256:a89201d6b5b9fd45c15d5952ece0a0129e7e80cb26ec023fd59cf09bc26f1604" "/opt/rustwide/cargo-home/bin/cargo" "+1.55.0" "metadata" "--no-deps" "--format-version=1", kill_on_drop: false }`
[INFO] [stdout] 6c8deacc854fffc87dfcfda67ca65f9abe8de50689074648c05164cf71474c23
[INFO] running `Command { std: "docker" "start" "-a" "6c8deacc854fffc87dfcfda67ca65f9abe8de50689074648c05164cf71474c23", kill_on_drop: false }`
[INFO] running `Command { std: "docker" "inspect" "6c8deacc854fffc87dfcfda67ca65f9abe8de50689074648c05164cf71474c23", kill_on_drop: false }`
[INFO] running `Command { std: "docker" "rm" "-f" "6c8deacc854fffc87dfcfda67ca65f9abe8de50689074648c05164cf71474c23", kill_on_drop: false }`
[INFO] [stdout] 6c8deacc854fffc87dfcfda67ca65f9abe8de50689074648c05164cf71474c23
[INFO] running `Command { std: "docker" "create" "-v" "/var/lib/crater-agent-workspace/builds/worker-81/target:/opt/rustwide/target:rw,Z" "-v" "/var/lib/crater-agent-workspace/builds/worker-81/source:/opt/rustwide/workdir:ro,Z" "-v" "/var/lib/crater-agent-workspace/cargo-home:/opt/rustwide/cargo-home:ro,Z" "-v" "/var/lib/crater-agent-workspace/rustup-home:/opt/rustwide/rustup-home:ro,Z" "-e" "SOURCE_DIR=/opt/rustwide/workdir" "-e" "CARGO_TARGET_DIR=/opt/rustwide/target" "-e" "CARGO_INCREMENTAL=0" "-e" "RUST_BACKTRACE=full" "-e" "RUSTFLAGS=--cap-lints=warn" "-e" "CARGO_HOME=/opt/rustwide/cargo-home" "-e" "RUSTUP_HOME=/opt/rustwide/rustup-home" "-w" "/opt/rustwide/workdir" "-m" "1610612736" "--user" "0:0" "--network" "none" "ghcr.io/rust-lang/crates-build-env/linux@sha256:a89201d6b5b9fd45c15d5952ece0a0129e7e80cb26ec023fd59cf09bc26f1604" "/opt/rustwide/cargo-home/bin/cargo" "+1.55.0" "check" "--frozen" "--all" "--all-targets" "--message-format=json", kill_on_drop: false }`
[INFO] [stdout] ebf9c04c0beae54ff7137233ce446450bc3e7f60145112647d1139c748dca52d
[INFO] running `Command { std: "docker" "start" "-a" "ebf9c04c0beae54ff7137233ce446450bc3e7f60145112647d1139c748dca52d", kill_on_drop: false }`
[INFO] [stderr]     Blocking waiting for file lock on package cache
[INFO] [stderr]    Compiling libc v0.2.97
[INFO] [stderr]     Checking text-editor v0.1.0 (/opt/rustwide/workdir)
[INFO] [stdout] error[E0308]: mismatched types
[INFO] [stdout]   --> src/main.rs:15:15
[INFO] [stdout]    |
[INFO] [stdout] 15 |         c_cc: [0u8; 20],
[INFO] [stdout]    |               ^^^^^^^^^ expected an array with a fixed size of 32 elements, found one with 20 elements
[INFO] [stdout] 
[INFO] [stdout] 
[INFO] [stdout] error[E0063]: missing field `c_line` in initializer of `termios`
[INFO] [stdout]   --> src/main.rs:10:30
[INFO] [stdout]    |
[INFO] [stdout] 10 |     let mut saved_termattr = libc::termios {
[INFO] [stdout]    |                              ^^^^^^^^^^^^^ missing `c_line`
[INFO] [stdout] 
[INFO] [stdout] 
[INFO] [stdout] error: aborting due to 2 previous errors
[INFO] [stdout] 
[INFO] [stdout] 
[INFO] [stdout] Some errors have detailed explanations: E0063, E0308.
[INFO] [stdout] 
[INFO] [stdout] For more information about an error, try `rustc --explain E0063`.
[INFO] [stdout] 
[INFO] [stderr] error: could not compile `text-editor` due to 3 previous errors
[INFO] [stderr] warning: build failed, waiting for other jobs to finish...
[INFO] [stdout] error[E0308]: mismatched types
[INFO] [stdout]   --> src/main.rs:15:15
[INFO] [stdout]    |
[INFO] [stdout] 15 |         c_cc: [0u8; 20],
[INFO] [stdout]    |               ^^^^^^^^^ expected an array with a fixed size of 32 elements, found one with 20 elements
[INFO] [stdout] 
[INFO] [stdout] 
[INFO] [stdout] error[E0063]: missing field `c_line` in initializer of `termios`
[INFO] [stdout]   --> src/main.rs:10:30
[INFO] [stdout]    |
[INFO] [stdout] 10 |     let mut saved_termattr = libc::termios {
[INFO] [stdout]    |                              ^^^^^^^^^^^^^ missing `c_line`
[INFO] [stdout] 
[INFO] [stdout] 
[INFO] [stdout] error: aborting due to 2 previous errors
[INFO] [stdout] 
[INFO] [stdout] 
[INFO] [stdout] Some errors have detailed explanations: E0063, E0308.
[INFO] [stdout] 
[INFO] [stdout] For more information about an error, try `rustc --explain E0063`.
[INFO] [stdout] 
[INFO] [stderr] error: build failed
[INFO] running `Command { std: "docker" "inspect" "ebf9c04c0beae54ff7137233ce446450bc3e7f60145112647d1139c748dca52d", kill_on_drop: false }`
[INFO] running `Command { std: "docker" "rm" "-f" "ebf9c04c0beae54ff7137233ce446450bc3e7f60145112647d1139c748dca52d", kill_on_drop: false }`
[INFO] [stdout] ebf9c04c0beae54ff7137233ce446450bc3e7f60145112647d1139c748dca52d
