[INFO] cloning repository https://github.com/namachan10777/gba-test
[INFO] running `Command { std: "git" "-c" "credential.helper=" "-c" "credential.helper=/workspace/cargo-home/bin/git-credential-null" "clone" "--bare" "https://github.com/namachan10777/gba-test" "/workspace/cache/git-repos/https%3A%2F%2Fgithub.com%2Fnamachan10777%2Fgba-test", kill_on_drop: false }`
[INFO] [stderr] Cloning into bare repository '/workspace/cache/git-repos/https%3A%2F%2Fgithub.com%2Fnamachan10777%2Fgba-test'...
[INFO] running `Command { std: "git" "rev-parse" "HEAD", kill_on_drop: false }`
[INFO] [stdout] 2c3f92cbb6f9a60212c6991af39bc410ed09c7ac
[INFO] checking namachan10777/gba-test against beta-2021-10-15 for beta-1.56-3
[INFO] running `Command { std: "git" "clone" "/workspace/cache/git-repos/https%3A%2F%2Fgithub.com%2Fnamachan10777%2Fgba-test" "/workspace/builds/worker-25/source", kill_on_drop: false }`
[INFO] [stderr] Cloning into '/workspace/builds/worker-25/source'...
[INFO] [stderr] done.
[INFO] validating manifest of git repo https://github.com/namachan10777/gba-test on toolchain beta-2021-10-15
[INFO] running `Command { std: "/workspace/cargo-home/bin/cargo" "+beta-2021-10-15" "metadata" "--manifest-path" "Cargo.toml" "--no-deps", kill_on_drop: false }`
[INFO] started tweaking git repo https://github.com/namachan10777/gba-test
[INFO] finished tweaking git repo https://github.com/namachan10777/gba-test
[INFO] tweaked toml for git repo https://github.com/namachan10777/gba-test written to /workspace/builds/worker-25/source/Cargo.toml
[INFO] crate git repo https://github.com/namachan10777/gba-test already has a lockfile, it will not be regenerated
[INFO] running `Command { std: "/workspace/cargo-home/bin/cargo" "+beta-2021-10-15" "fetch" "--manifest-path" "Cargo.toml", kill_on_drop: false }`
[INFO] [stderr]     Blocking waiting for file lock on package cache
[INFO] [stderr]     Blocking waiting for file lock on package cache
[INFO] running `Command { std: "docker" "create" "-v" "/var/lib/crater-agent-workspace/builds/worker-25/target:/opt/rustwide/target:rw,Z" "-v" "/var/lib/crater-agent-workspace/builds/worker-25/source:/opt/rustwide/workdir:ro,Z" "-v" "/var/lib/crater-agent-workspace/cargo-home:/opt/rustwide/cargo-home:ro,Z" "-v" "/var/lib/crater-agent-workspace/rustup-home:/opt/rustwide/rustup-home:ro,Z" "-e" "SOURCE_DIR=/opt/rustwide/workdir" "-e" "CARGO_TARGET_DIR=/opt/rustwide/target" "-e" "CARGO_HOME=/opt/rustwide/cargo-home" "-e" "RUSTUP_HOME=/opt/rustwide/rustup-home" "-w" "/opt/rustwide/workdir" "-m" "1610612736" "--user" "0:0" "--network" "none" "ghcr.io/rust-lang/crates-build-env/linux@sha256:a89201d6b5b9fd45c15d5952ece0a0129e7e80cb26ec023fd59cf09bc26f1604" "/opt/rustwide/cargo-home/bin/cargo" "+beta-2021-10-15" "metadata" "--no-deps" "--format-version=1", kill_on_drop: false }`
[INFO] [stdout] 1e9832a8e79380d4a29978292a6611c41989b7c9bd6467fd4b074a76d94a857b
[INFO] running `Command { std: "docker" "start" "-a" "1e9832a8e79380d4a29978292a6611c41989b7c9bd6467fd4b074a76d94a857b", kill_on_drop: false }`
[INFO] running `Command { std: "docker" "inspect" "1e9832a8e79380d4a29978292a6611c41989b7c9bd6467fd4b074a76d94a857b", kill_on_drop: false }`
[INFO] running `Command { std: "docker" "rm" "-f" "1e9832a8e79380d4a29978292a6611c41989b7c9bd6467fd4b074a76d94a857b", kill_on_drop: false }`
[INFO] [stdout] 1e9832a8e79380d4a29978292a6611c41989b7c9bd6467fd4b074a76d94a857b
[INFO] running `Command { std: "docker" "create" "-v" "/var/lib/crater-agent-workspace/builds/worker-25/target:/opt/rustwide/target:rw,Z" "-v" "/var/lib/crater-agent-workspace/builds/worker-25/source:/opt/rustwide/workdir:ro,Z" "-v" "/var/lib/crater-agent-workspace/cargo-home:/opt/rustwide/cargo-home:ro,Z" "-v" "/var/lib/crater-agent-workspace/rustup-home:/opt/rustwide/rustup-home:ro,Z" "-e" "SOURCE_DIR=/opt/rustwide/workdir" "-e" "CARGO_TARGET_DIR=/opt/rustwide/target" "-e" "CARGO_INCREMENTAL=0" "-e" "RUST_BACKTRACE=full" "-e" "RUSTFLAGS=--cap-lints=warn" "-e" "CARGO_HOME=/opt/rustwide/cargo-home" "-e" "RUSTUP_HOME=/opt/rustwide/rustup-home" "-w" "/opt/rustwide/workdir" "-m" "1610612736" "--user" "0:0" "--network" "none" "ghcr.io/rust-lang/crates-build-env/linux@sha256:a89201d6b5b9fd45c15d5952ece0a0129e7e80cb26ec023fd59cf09bc26f1604" "/opt/rustwide/cargo-home/bin/cargo" "+beta-2021-10-15" "check" "--frozen" "--all" "--all-targets" "--message-format=json", kill_on_drop: false }`
[INFO] [stdout] dfbc32ab8b4ba7b7570a12a16223809928026c599057dfb04e213cd7598e0b02
[INFO] running `Command { std: "docker" "start" "-a" "dfbc32ab8b4ba7b7570a12a16223809928026c599057dfb04e213cd7598e0b02", kill_on_drop: false }`
[INFO] [stderr]     Blocking waiting for file lock on package cache
[INFO] [stderr]     Checking arm7tdmi-test v0.1.0 (/opt/rustwide/workdir)
[INFO] [stdout] error[E0554]: `#![feature]` may not be used on the beta release channel
[INFO] [stdout]  --> src/main.rs:2:1
[INFO] [stdout]   |
[INFO] [stdout] 2 | #![feature(start)]
[INFO] [stdout]   | ^^^^^^^^^^^^^^^^^^
[INFO] [stdout] 
[INFO] [stdout] 
[INFO] [stdout] error: language item required, but not found: `eh_personality`
[INFO] [stdout] 
[INFO] [stdout] 
[INFO] [stdout] error: aborting due to 2 previous errors
[INFO] [stdout] 
[INFO] [stdout] 
[INFO] [stdout] For more information about this error, try `rustc --explain E0554`.
[INFO] [stdout] 
[INFO] [stderr] error: could not compile `arm7tdmi-test` due to 3 previous errors
[INFO] [stderr] warning: build failed, waiting for other jobs to finish...
[INFO] [stdout] error[E0554]: `#![feature]` may not be used on the beta release channel
[INFO] [stdout]  --> src/main.rs:2:1
[INFO] [stdout]   |
[INFO] [stdout] 2 | #![feature(start)]
[INFO] [stdout]   | ^^^^^^^^^^^^^^^^^^
[INFO] [stdout] 
[INFO] [stdout] 
[INFO] [stderr] error: build failed
[INFO] [stdout] error[E0152]: found duplicate lang item `panic_impl`
[INFO] [stdout]  --> src/main.rs:5:1
[INFO] [stdout]   |
[INFO] [stdout] 5 | fn panic(_info: &core::panic::PanicInfo) -> ! {
[INFO] [stdout]   | ^^^^^^^^^^^^^^^^^^^^^^^^^^^^^^^^^^^^^^^^^^^^^
[INFO] [stdout]   |
[INFO] [stdout]   = note: the lang item is first defined in crate `std` (which `test` depends on)
[INFO] [stdout]   = note: first definition in `std` loaded from /opt/rustwide/rustup-home/toolchains/beta-2021-10-15-x86_64-unknown-linux-gnu/lib/rustlib/x86_64-unknown-linux-gnu/lib/libstd-9a950938f3668a37.rlib
[INFO] [stdout]   = note: second definition in the local crate (`arm7tdmi_test`)
[INFO] [stdout] 
[INFO] [stdout] 
[INFO] [stdout] error: aborting due to 2 previous errors
[INFO] [stdout] 
[INFO] [stdout] 
[INFO] [stdout] Some errors have detailed explanations: E0152, E0554.
[INFO] [stdout] 
[INFO] [stdout] For more information about an error, try `rustc --explain E0152`.
[INFO] [stdout] 
[INFO] running `Command { std: "docker" "inspect" "dfbc32ab8b4ba7b7570a12a16223809928026c599057dfb04e213cd7598e0b02", kill_on_drop: false }`
[INFO] running `Command { std: "docker" "rm" "-f" "dfbc32ab8b4ba7b7570a12a16223809928026c599057dfb04e213cd7598e0b02", kill_on_drop: false }`
[INFO] [stdout] dfbc32ab8b4ba7b7570a12a16223809928026c599057dfb04e213cd7598e0b02
