[INFO] cloning repository https://github.com/myblockchainx/cbase_pro
[INFO] running `Command { std: "git" "-c" "credential.helper=" "-c" "credential.helper=/workspace/cargo-home/bin/git-credential-null" "clone" "--bare" "https://github.com/myblockchainx/cbase_pro" "/workspace/cache/git-repos/https%3A%2F%2Fgithub.com%2Fmyblockchainx%2Fcbase_pro", kill_on_drop: false }`
[INFO] [stderr] Cloning into bare repository '/workspace/cache/git-repos/https%3A%2F%2Fgithub.com%2Fmyblockchainx%2Fcbase_pro'...
[INFO] running `Command { std: "git" "rev-parse" "HEAD", kill_on_drop: false }`
[INFO] [stdout] 695f351cc771263c096b0f38ca68c5d5c8e895b7
[INFO] checking myblockchainx/cbase_pro against beta-2021-10-15 for beta-1.56-3
[INFO] running `Command { std: "git" "clone" "/workspace/cache/git-repos/https%3A%2F%2Fgithub.com%2Fmyblockchainx%2Fcbase_pro" "/workspace/builds/worker-12/source", kill_on_drop: false }`
[INFO] [stderr] Cloning into '/workspace/builds/worker-12/source'...
[INFO] [stderr] done.
[INFO] validating manifest of git repo https://github.com/myblockchainx/cbase_pro on toolchain beta-2021-10-15
[INFO] running `Command { std: "/workspace/cargo-home/bin/cargo" "+beta-2021-10-15" "metadata" "--manifest-path" "Cargo.toml" "--no-deps", kill_on_drop: false }`
[INFO] removed /workspace/builds/worker-12/source/rust-toolchain
[INFO] started tweaking git repo https://github.com/myblockchainx/cbase_pro
[INFO] finished tweaking git repo https://github.com/myblockchainx/cbase_pro
[INFO] tweaked toml for git repo https://github.com/myblockchainx/cbase_pro written to /workspace/builds/worker-12/source/Cargo.toml
[INFO] crate git repo https://github.com/myblockchainx/cbase_pro already has a lockfile, it will not be regenerated
[INFO] running `Command { std: "/workspace/cargo-home/bin/cargo" "+beta-2021-10-15" "fetch" "--manifest-path" "Cargo.toml", kill_on_drop: false }`
[INFO] [stderr] warning: /workspace/builds/worker-12/source/Cargo.toml: the cargo feature `profile-overrides` has been stabilized in the 1.41 release and is no longer necessary to be listed in the manifest
[INFO] [stderr]   See https://doc.rust-lang.org/beta/cargo/reference/profiles.html#overrides for more information about using this feature.
[INFO] [stderr] warning: /workspace/builds/worker-12/source/Cargo.toml: unused manifest key: profile.dev.overrides
[INFO] [stderr]     Updating git repository `https://github.com/actix/actix-net`
[INFO] [stderr]  Downloading crates ...
[INFO] [stderr]   Downloaded bytestring v0.1.2
[INFO] [stderr]   Downloaded actix-connect v1.0.1
[INFO] [stderr]   Downloaded gnuplot v0.0.32
[INFO] [stderr]   Downloaded sysinfo v0.10.5
[INFO] [stderr]   Downloaded wasmer-runtime v0.13.1
[INFO] [stderr]   Downloaded hyper-rustls v0.19.0
[INFO] [stderr]   Downloaded reed-solomon-erasure v4.0.1
[INFO] [stderr]   Downloaded wasmer-singlepass-backend v0.13.1
[INFO] [stderr]   Downloaded wasmer-runtime-core v0.13.1
[INFO] [stderr]   Downloaded wasmparser v0.44.0
[INFO] [stderr]   Downloaded tracing v0.1.11
[INFO] [stderr]   Downloaded wasmparser v0.45.2
[INFO] [stderr]   Downloaded actix-service v1.0.2
[INFO] [stderr]   Downloaded borsh-schema-derive-internal v0.6.0
[INFO] [stderr]   Downloaded git-version-macro v0.3.3
[INFO] [stderr]   Downloaded git-version v0.3.3
[INFO] [stderr]   Downloaded borsh-derive v0.6.0
[INFO] [stderr]   Downloaded easy-ext v0.1.6
[INFO] [stderr]   Downloaded borsh-derive-internal v0.6.0
[INFO] [stderr]   Downloaded borsh v0.6.0
[INFO] running `Command { std: "docker" "create" "-v" "/var/lib/crater-agent-workspace/builds/worker-12/target:/opt/rustwide/target:rw,Z" "-v" "/var/lib/crater-agent-workspace/builds/worker-12/source:/opt/rustwide/workdir:ro,Z" "-v" "/var/lib/crater-agent-workspace/cargo-home:/opt/rustwide/cargo-home:ro,Z" "-v" "/var/lib/crater-agent-workspace/rustup-home:/opt/rustwide/rustup-home:ro,Z" "-e" "SOURCE_DIR=/opt/rustwide/workdir" "-e" "CARGO_TARGET_DIR=/opt/rustwide/target" "-e" "CARGO_HOME=/opt/rustwide/cargo-home" "-e" "RUSTUP_HOME=/opt/rustwide/rustup-home" "-w" "/opt/rustwide/workdir" "-m" "1610612736" "--user" "0:0" "--network" "none" "ghcr.io/rust-lang/crates-build-env/linux@sha256:a89201d6b5b9fd45c15d5952ece0a0129e7e80cb26ec023fd59cf09bc26f1604" "/opt/rustwide/cargo-home/bin/cargo" "+beta-2021-10-15" "metadata" "--no-deps" "--format-version=1", kill_on_drop: false }`
[INFO] [stderr] WARNING: Your kernel does not support swap limit capabilities or the cgroup is not mounted. Memory limited without swap.
[INFO] [stdout] 9507bbe2855b7d98b0eb6ea918e28da0aa5730f5c1e40ae02cdc20906d2961e3
[INFO] running `Command { std: "docker" "start" "-a" "9507bbe2855b7d98b0eb6ea918e28da0aa5730f5c1e40ae02cdc20906d2961e3", kill_on_drop: false }`
[INFO] running `Command { std: "docker" "inspect" "9507bbe2855b7d98b0eb6ea918e28da0aa5730f5c1e40ae02cdc20906d2961e3", kill_on_drop: false }`
[INFO] running `Command { std: "docker" "rm" "-f" "9507bbe2855b7d98b0eb6ea918e28da0aa5730f5c1e40ae02cdc20906d2961e3", kill_on_drop: false }`
[INFO] [stdout] 9507bbe2855b7d98b0eb6ea918e28da0aa5730f5c1e40ae02cdc20906d2961e3
[INFO] running `Command { std: "docker" "create" "-v" "/var/lib/crater-agent-workspace/builds/worker-12/target:/opt/rustwide/target:rw,Z" "-v" "/var/lib/crater-agent-workspace/builds/worker-12/source:/opt/rustwide/workdir:ro,Z" "-v" "/var/lib/crater-agent-workspace/cargo-home:/opt/rustwide/cargo-home:ro,Z" "-v" "/var/lib/crater-agent-workspace/rustup-home:/opt/rustwide/rustup-home:ro,Z" "-e" "SOURCE_DIR=/opt/rustwide/workdir" "-e" "CARGO_TARGET_DIR=/opt/rustwide/target" "-e" "CARGO_INCREMENTAL=0" "-e" "RUST_BACKTRACE=full" "-e" "RUSTFLAGS=--cap-lints=warn" "-e" "CARGO_HOME=/opt/rustwide/cargo-home" "-e" "RUSTUP_HOME=/opt/rustwide/rustup-home" "-w" "/opt/rustwide/workdir" "-m" "1610612736" "--user" "0:0" "--network" "none" "ghcr.io/rust-lang/crates-build-env/linux@sha256:a89201d6b5b9fd45c15d5952ece0a0129e7e80cb26ec023fd59cf09bc26f1604" "/opt/rustwide/cargo-home/bin/cargo" "+beta-2021-10-15" "check" "--frozen" "--all" "--all-targets" "--message-format=json", kill_on_drop: false }`
[INFO] [stderr] WARNING: Your kernel does not support swap limit capabilities or the cgroup is not mounted. Memory limited without swap.
[INFO] [stdout] c554f151ccf317450f8cbf48bee63cf070cc9c1b2eb472242747a95319a08a60
[INFO] running `Command { std: "docker" "start" "-a" "c554f151ccf317450f8cbf48bee63cf070cc9c1b2eb472242747a95319a08a60", kill_on_drop: false }`
[INFO] [stderr] warning: /opt/rustwide/workdir/Cargo.toml: the cargo feature `profile-overrides` has been stabilized in the 1.41 release and is no longer necessary to be listed in the manifest
[INFO] [stderr]   See https://doc.rust-lang.org/beta/cargo/reference/profiles.html#overrides for more information about using this feature.
[INFO] [stderr] warning: /opt/rustwide/workdir/Cargo.toml: unused manifest key: profile.dev.overrides
[INFO] [stderr]    Compiling libc v0.2.65
[INFO] [stderr]    Compiling proc-macro2 v1.0.6
[INFO] [stderr]    Compiling syn v1.0.5
[INFO] [stderr]    Compiling byteorder v1.3.2
[INFO] [stderr]    Compiling serde v1.0.104
[INFO] [stderr]    Compiling memchr v2.2.1
[INFO] [stderr]     Checking arc-swap v0.4.3
[INFO] [stderr]    Compiling getrandom v0.1.12
[INFO] [stderr]     Checking bs58 v0.3.0
[INFO] [stderr]     Checking regex-syntax v0.6.12
[INFO] [stderr]     Checking arrayref v0.3.5
[INFO] [stderr]    Compiling openssl v0.10.25
[INFO] [stderr]    Compiling encoding_rs v0.8.20
[INFO] [stderr]     Checking mime v0.3.14
[INFO] [stderr]     Checking arrayvec v0.5.1
[INFO] [stderr]     Checking zeroize v1.1.0
[INFO] [stderr]     Checking subtle v2.2.1
[INFO] [stderr]    Compiling fs_extra v1.1.0
[INFO] [stderr]    Compiling reed-solomon-erasure v4.0.1
[INFO] [stderr]    Compiling if_chain v1.0.0
[INFO] [stderr]    Compiling proc-macro2 v0.4.30
[INFO] [stderr]    Compiling quick-error v1.2.2
[INFO] [stderr]    Compiling unicode-width v0.1.6
[INFO] [stderr]    Compiling vec_map v0.8.1
[INFO] [stderr]    Compiling bindgen v0.49.2
[INFO] [stderr]    Compiling termcolor v1.0.5
[INFO] [stderr]    Compiling shlex v0.1.1
[INFO] [stderr]    Compiling peeking_take_while v0.1.2
[INFO] [stderr]    Compiling prometheus v0.7.0
[INFO] [stderr]    Compiling nodrop v0.1.14
[INFO] [stderr]    Compiling constant_time_eq v0.1.4
[INFO] [stderr]     Checking wasmparser v0.45.2
[INFO] [stderr]     Checking parity-wasm v0.41.0
[INFO] [stderr]     Checking wasmparser v0.44.0
[INFO] [stderr]     Checking rustc-hex v2.0.1
[INFO] [stderr]    Compiling doc-comment v0.3.1
[INFO] [stderr]    Compiling sysinfo v0.10.5
[INFO] [stderr]     Checking byte-slice-cast v0.3.4
[INFO] [stderr]     Checking bitvec v0.15.2
[INFO] [stderr]     Checking utf8-ranges v1.0.4
[INFO] [stderr]     Checking untrusted v0.7.0
[INFO] [stderr]     Checking bencher v0.1.5
[INFO] [stderr]     Checking unicode-xid v0.2.0
[INFO] [stderr]     Checking hex v0.4.0
[INFO] [stderr]    Compiling indexmap v1.3.0
[INFO] [stderr]    Compiling num-traits v0.2.8
[INFO] [stderr]    Compiling bincode v1.2.0
[INFO] [stderr]     Checking tracing-core v0.1.9
[INFO] [stderr]     Checking bytestring v0.1.2
[INFO] [stderr]     Checking futures-channel v0.3.1
[INFO] [stderr]     Checking humantime v1.3.0
[INFO] [stderr]     Checking cached v0.12.0
[INFO] [stderr]    Compiling clang-sys v0.28.1
[INFO] [stderr]    Compiling heapsize v0.4.2
[INFO] [stderr]     Checking owning_ref v0.4.1
[INFO] [stderr]    Compiling textwrap v0.11.0
[INFO] [stderr]     Checking rlp v0.4.4
[INFO] [stderr]     Checking idna v0.2.0
[INFO] [stderr]    Compiling arrayvec v0.4.12
[INFO] [stderr]     Checking tracing-log v0.1.1
[INFO] [stderr]     Checking blake2b_simd v0.5.8
[INFO] [stderr]     Checking impl-rlp v0.2.1
[INFO] [stderr]     Checking tiny-keccak v1.5.0
[INFO] [stderr]     Checking elastic-array v0.11.0
[INFO] [stderr]     Checking stream-cipher v0.3.2
[INFO] [stderr]     Checking crypto-mac v0.7.0
[INFO] [stderr]     Checking url v2.1.0
[INFO] [stderr]     Checking block-buffer v0.7.3
[INFO] [stderr]     Checking fxhash v0.2.1
[INFO] [stderr]     Checking uint v0.8.2
[INFO] [stderr]     Checking base64 v0.10.1
[INFO] [stderr]     Checking gnuplot v0.0.32
[INFO] [stderr]     Checking pwasm-utils v0.12.0
[INFO] [stderr]    Compiling quote v1.0.2
[INFO] [stderr]     Checking regex-automata v0.1.8
[INFO] [stderr]    Compiling quote v0.6.13
[INFO] [stderr]     Checking sha2 v0.8.0
[INFO] [stderr]     Checking sha3 v0.8.2
[INFO] [stderr]     Checking c2-chacha v0.2.3
[INFO] [stderr]     Checking blake2 v0.8.1
[INFO] [stderr]     Checking mime_guess v2.0.1
[INFO] [stderr]     Checking crossbeam-epoch v0.7.2
[INFO] [stderr]     Checking num_cpus v1.11.1
[INFO] [stderr]     Checking iovec v0.1.4
[INFO] [stderr]     Checking net2 v0.2.33
[INFO] [stderr]     Checking signal-hook-registry v1.1.1
[INFO] [stderr]     Checking parking_lot_core v0.7.0
[INFO] [stderr]     Checking time v0.1.42
[INFO] [stderr]     Checking hostname v0.1.5
[INFO] [stderr]     Checking socket2 v0.3.11
[INFO] [stderr]     Checking flate2 v1.0.13
[INFO] [stderr]     Checking atty v0.2.13
[INFO] [stderr]     Checking parking_lot_core v0.6.2
[INFO] [stderr]     Checking page_size v0.4.1
[INFO] [stderr]     Checking errno v0.2.4
[INFO] [stderr]     Checking memmap v0.7.0
[INFO] [stderr]     Checking nix v0.15.0
[INFO] [stderr]     Checking rand_os v0.1.3
[INFO] [stderr]     Checking dirs-sys v0.3.4
[INFO] [stderr]     Checking rand v0.4.6
[INFO] [stderr]     Checking clicolors-control v1.0.1
[INFO] [stderr]     Checking termios v0.3.1
[INFO] [stderr]     Checking near-metrics v0.1.0 (/opt/rustwide/workdir/core/metrics)
[INFO] [stderr]    Compiling jobserver v0.1.17
[INFO] [stderr]     Checking num-integer v0.1.41
[INFO] [stderr]     Checking crossbeam-deque v0.7.1
[INFO] [stderr]     Checking threadpool v1.7.1
[INFO] [stderr]     Checking rand_core v0.5.1
[INFO] [stderr]     Checking matchers v0.0.1
[INFO] [stderr]     Checking resolv-conf v0.6.2
[INFO] [stderr]     Checking aho-corasick v0.7.6
[INFO] [stderr]     Checking csv-core v0.1.6
[INFO] [stderr]     Checking parking_lot v0.10.0
[INFO] [stderr]     Checking mio v0.6.21
[INFO] [stderr]     Checking clap v2.33.0
[INFO] [stderr]     Checking dirs v2.0.2
[INFO] [stderr]     Checking rand v0.6.5
[INFO] [stderr]     Checking dynasmrt v0.5.2
[INFO] [stderr]     Checking parking_lot v0.9.0
[INFO] [stderr]    Compiling nom v4.2.3
[INFO] [stderr]    Compiling cc v1.0.46
[INFO] [stderr]     Checking rayon-core v1.6.0
[INFO] [stderr]     Checking tempdir v0.3.7
[INFO] [stderr]     Checking rand_chacha v0.2.1
[INFO] [stderr]     Checking curve25519-dalek v2.0.0
[INFO] [stderr]     Checking rand_xorshift v0.2.0
[INFO] [stderr]     Checking rand v0.7.2
[INFO] [stderr]     Checking rayon v1.2.0
[INFO] [stderr]     Checking mio-uds v0.6.7
[INFO] [stderr]    Compiling openssl-src v111.6.1+1.1.1d
[INFO] [stderr]    Compiling cmake v0.1.42
[INFO] [stderr]     Checking regex v1.3.1
[INFO] [stderr]    Compiling cexpr v0.3.6
[INFO] [stderr]     Checking uuid v0.8.1
[INFO] [stderr]     Checking fixed-hash v0.5.1
[INFO] [stderr]     Checking tempfile v3.1.0
[INFO] [stderr]    Compiling backtrace-sys v0.1.32
[INFO] [stderr]    Compiling openssl-sys v0.9.52
[INFO] [stderr]    Compiling brotli-sys v0.3.2
[INFO] [stderr]    Compiling clear_on_drop v0.2.3
[INFO] [stderr]    Compiling parity-secp256k1 v0.7.0
[INFO] [stderr]    Compiling jemalloc-sys v0.3.2
[INFO] [stderr]    Compiling libloading v0.5.2
[INFO] [stderr]    Compiling wasmer-runtime-core v0.13.1
[INFO] [stderr]    Compiling ring v0.16.9
[INFO] [stderr]    Compiling wabt-sys v0.7.0
[INFO] [stderr]     Checking env_logger v0.7.1
[INFO] [stderr]     Checking console v0.9.1
[INFO] [stderr]    Compiling env_logger v0.6.2
[INFO] [stderr]     Checking indicatif v0.13.0
[INFO] [stderr]     Checking ed25519-dalek v1.0.0-pre.3
[INFO] [stderr]     Checking backtrace v0.3.40
[INFO] [stderr]    Compiling borsh-derive-internal v0.6.0
[INFO] [stderr]    Compiling borsh-schema-derive-internal v0.6.0
[INFO] [stderr]    Compiling synstructure v0.12.1
[INFO] [stderr]     Checking brotli2 v0.3.2
[INFO] [stderr]     Checking webpki v0.21.0
[INFO] [stderr]     Checking sct v0.6.0
[INFO] [stderr]     Checking ct-logs v0.6.0
[INFO] [stderr]     Checking rustls v0.16.0
[INFO] [stderr]     Checking webpki-roots v0.17.0
[INFO] [stderr]     Checking rustls-native-certs v0.1.0
[INFO] [stderr]    Compiling serde_derive v1.0.104
[INFO] [stderr]    Compiling proc-macro-hack v0.5.11
[INFO] [stderr]    Compiling borsh-derive v0.6.0
[INFO] [stderr]    Compiling tokio-macros v0.2.3
[INFO] [stderr]    Compiling failure_derive v0.1.6
[INFO] [stderr]    Compiling pin-project-internal v0.4.6
[INFO] [stderr]    Compiling derive_more v0.99.3
[INFO] [stderr]    Compiling actix-macros v0.1.1
[INFO] [stderr]    Compiling enum-as-inner v0.3.0
[INFO] [stderr]    Compiling async-trait v0.1.22
[INFO] [stderr]    Compiling actix_derive v0.5.0
[INFO] [stderr]    Compiling smart-default v0.6.0
[INFO] [stderr]    Compiling easy-ext v0.1.6
[INFO] [stderr] error: failed to run custom build command for `wabt-sys v0.7.0`
[INFO] [stderr] 
[INFO] [stderr] Caused by:
[INFO] [stderr]   process didn't exit successfully: `/opt/rustwide/target/debug/build/wabt-sys-52a041112c1dcc55/build-script-build` (exit status: 101)
[INFO] [stderr]   --- stdout
[INFO] [stderr]   running: "cmake" "/opt/rustwide/cargo-home/registry/src/github.com-1ecc6299db9ec823/wabt-sys-0.7.0/wabt" "-DBUILD_TESTS=OFF" "-DBUILD_TOOLS=OFF" "-DCMAKE_INSTALL_PREFIX=/opt/rustwide/target/debug/build/wabt-sys-4eb4847295f66a43/out" "-DCMAKE_C_FLAGS= -ffunction-sections -fdata-sections -fPIC -m64" "-DCMAKE_C_COMPILER=/usr/bin/cc" "-DCMAKE_CXX_FLAGS= -ffunction-sections -fdata-sections -fPIC -m64" "-DCMAKE_CXX_COMPILER=/usr/bin/c++" "-DCMAKE_BUILD_TYPE=Debug"
[INFO] [stderr]   -- The C compiler identification is GNU 9.3.0
[INFO] [stderr]   -- The CXX compiler identification is GNU 9.3.0
[INFO] [stderr]   -- Check for working C compiler: /usr/bin/cc
[INFO] [stderr]   -- Check for working C compiler: /usr/bin/cc -- works
[INFO] [stderr]   -- Detecting C compiler ABI info
[INFO] [stderr]   -- Detecting C compiler ABI info - done
[INFO] [stderr]   -- Detecting C compile features
[INFO] [stderr]   -- Detecting C compile features - done
[INFO] [stderr]   -- Check for working CXX compiler: /usr/bin/c++
[INFO] [stderr]   -- Check for working CXX compiler: /usr/bin/c++ -- works
[INFO] [stderr]   -- Detecting CXX compiler ABI info
[INFO] [stderr]   -- Detecting CXX compiler ABI info - done
[INFO] [stderr]   -- Detecting CXX compile features
[INFO] [stderr]   -- Detecting CXX compile features - done
[INFO] [stderr]   -- Looking for alloca.h
[INFO] [stderr]   -- Looking for alloca.h - found
[INFO] [stderr]   -- Looking for unistd.h
[INFO] [stderr]   -- Looking for unistd.h - found
[INFO] [stderr]   -- Looking for snprintf
[INFO] [stderr]   -- Looking for snprintf - found
[INFO] [stderr]   -- Looking for sysconf
[INFO] [stderr]   -- Looking for sysconf - found
[INFO] [stderr]   -- Looking for strcasecmp
[INFO] [stderr]   -- Looking for strcasecmp - found
[INFO] [stderr]   -- Looking for sys/types.h
[INFO] [stderr]   -- Looking for sys/types.h - found
[INFO] [stderr]   -- Looking for stdint.h
[INFO] [stderr]   -- Looking for stdint.h - found
[INFO] [stderr]   -- Looking for stddef.h
[INFO] [stderr]   -- Looking for stddef.h - found
[INFO] [stderr]   -- Check size of ssize_t
[INFO] [stderr]   -- Check size of ssize_t - done
[INFO] [stderr]   -- Check size of size_t
[INFO] [stderr]   -- Check size of size_t - done
[INFO] [stderr]   -- Looking for pthread.h
[INFO] [stderr]   -- Looking for pthread.h - found
[INFO] [stderr]   -- Performing Test CMAKE_HAVE_LIBC_PTHREAD
[INFO] [stderr]   -- Performing Test CMAKE_HAVE_LIBC_PTHREAD - Failed
[INFO] [stderr]   -- Looking for pthread_create in pthreads
[INFO] [stderr]   -- Looking for pthread_create in pthreads - not found
[INFO] [stderr]   -- Looking for pthread_create in pthread
[INFO] [stderr]   -- Looking for pthread_create in pthread - found
[INFO] [stderr]   -- Found Threads: TRUE  
[INFO] [stderr]   -- Configuring done
[INFO] [stderr]   -- Generating done
[INFO] [stderr]   -- Build files have been written to: /opt/rustwide/target/debug/build/wabt-sys-4eb4847295f66a43/out/build
[INFO] [stderr]   running: "cmake" "--build" "." "--config" "Debug" "--"
[INFO] [stderr]   Scanning dependencies of target wabt
[INFO] [stderr]   [  2%] Building CXX object CMakeFiles/wabt.dir/src/apply-names.cc.o
[INFO] [stderr]   [  4%] Building CXX object CMakeFiles/wabt.dir/src/binary.cc.o
[INFO] [stderr]   [  7%] Building CXX object CMakeFiles/wabt.dir/src/binary-reader.cc.o
[INFO] [stderr]   [  9%] Building CXX object CMakeFiles/wabt.dir/src/binary-reader-ir.cc.o
[INFO] [stderr]   [ 12%] Building CXX object CMakeFiles/wabt.dir/src/binary-reader-logging.cc.o
[INFO] [stderr]   [ 14%] Building CXX object CMakeFiles/wabt.dir/src/binary-writer.cc.o
[INFO] [stderr]   [ 17%] Building CXX object CMakeFiles/wabt.dir/src/binary-writer-spec.cc.o
[INFO] [stderr]   [ 19%] Building CXX object CMakeFiles/wabt.dir/src/binding-hash.cc.o
[INFO] [stderr]   [ 21%] Building CXX object CMakeFiles/wabt.dir/src/color.cc.o
[INFO] [stderr]   [ 24%] Building CXX object CMakeFiles/wabt.dir/src/common.cc.o
[INFO] [stderr]   [ 26%] Building CXX object CMakeFiles/wabt.dir/src/config.cc.o
[INFO] [stderr]   [ 29%] Building CXX object CMakeFiles/wabt.dir/src/error-formatter.cc.o
[INFO] [stderr]   [ 31%] Building CXX object CMakeFiles/wabt.dir/src/expr-visitor.cc.o
[INFO] [stderr]   [ 34%] Building CXX object CMakeFiles/wabt.dir/src/feature.cc.o
[INFO] [stderr]   [ 36%] Building CXX object CMakeFiles/wabt.dir/src/filenames.cc.o
[INFO] [stderr]   [ 39%] Building CXX object CMakeFiles/wabt.dir/src/generate-names.cc.o
[INFO] [stderr]   [ 41%] Building CXX object CMakeFiles/wabt.dir/src/hash-util.cc.o
[INFO] [stderr]   [ 43%] Building CXX object CMakeFiles/wabt.dir/src/ir.cc.o
[INFO] [stderr]   [ 46%] Building CXX object CMakeFiles/wabt.dir/src/leb128.cc.o
[INFO] [stderr]   [ 48%] Building CXX object CMakeFiles/wabt.dir/src/lexer-source.cc.o
[INFO] [stderr]   [ 51%] Building CXX object CMakeFiles/wabt.dir/src/lexer-source-line-finder.cc.o
[INFO] [stderr]   [ 53%] Building CXX object CMakeFiles/wabt.dir/src/literal.cc.o
[INFO] [stderr]   [ 56%] Building CXX object CMakeFiles/wabt.dir/src/opcode.cc.o
[INFO] [stderr]   [ 58%] Building C object CMakeFiles/wabt.dir/src/opcode-code-table.c.o
[INFO] [stderr]   [ 60%] Building CXX object CMakeFiles/wabt.dir/src/option-parser.cc.o
[INFO] [stderr]   [ 63%] Building CXX object CMakeFiles/wabt.dir/src/resolve-names.cc.o
[INFO] [stderr]   [ 65%] Building CXX object CMakeFiles/wabt.dir/src/stream.cc.o
[INFO] [stderr]   [ 68%] Building CXX object CMakeFiles/wabt.dir/src/string-view.cc.o
[INFO] [stderr]   [ 70%] Building CXX object CMakeFiles/wabt.dir/src/token.cc.o
[INFO] [stderr]   [ 73%] Building CXX object CMakeFiles/wabt.dir/src/tracing.cc.o
[INFO] [stderr]   [ 75%] Building CXX object CMakeFiles/wabt.dir/src/type-checker.cc.o
[INFO] [stderr]   [ 78%] Building CXX object CMakeFiles/wabt.dir/src/utf8.cc.o
[INFO] [stderr]   [ 80%] Building CXX object CMakeFiles/wabt.dir/src/validator.cc.o
[INFO] [stderr]   [ 82%] Building CXX object CMakeFiles/wabt.dir/src/wast-lexer.cc.o
[INFO] [stderr]   [ 85%] Building CXX object CMakeFiles/wabt.dir/src/wast-parser.cc.o
[INFO] [stderr]   [ 87%] Building CXX object CMakeFiles/wabt.dir/src/wat-writer.cc.o
[INFO] [stderr]   [ 90%] Building CXX object CMakeFiles/wabt.dir/src/interp/binary-reader-interp.cc.o
[INFO] [stderr]   [ 92%] Building CXX object CMakeFiles/wabt.dir/src/interp/interp.cc.o
[INFO] [stderr]   [ 95%] Building CXX object CMakeFiles/wabt.dir/src/interp/interp-disassemble.cc.o
[INFO] [stderr]   [ 97%] Building CXX object CMakeFiles/wabt.dir/src/interp/interp-trace.cc.o
[INFO] [stderr] 
[INFO] [stderr]   --- stderr
[INFO] [stderr]   c++: fatal error: Killed signal terminated program cc1plus
[INFO] [stderr]   compilation terminated.
[INFO] [stderr]   make[2]: *** [CMakeFiles/wabt.dir/build.make:102: CMakeFiles/wabt.dir/src/binary-reader-ir.cc.o] Error 1
[INFO] [stderr]   make[2]: *** Waiting for unfinished jobs....
[INFO] [stderr]   c++: fatal error: Killed signal terminated program cc1plus
[INFO] [stderr]   compilation terminated.
[INFO] [stderr]   make[2]: *** [CMakeFiles/wabt.dir/build.make:505: CMakeFiles/wabt.dir/src/wast-parser.cc.o] Error 1
[INFO] [stderr]   make[1]: *** [CMakeFiles/Makefile2:77: CMakeFiles/wabt.dir/all] Error 2
[INFO] [stderr]   make: *** [Makefile:84: all] Error 2
[INFO] [stderr]   thread 'main' panicked at '
[INFO] [stderr]   command did not execute successfully, got: exit status: 2
[INFO] [stderr] 
[INFO] [stderr]   build script failed, must exit now', /opt/rustwide/cargo-home/registry/src/github.com-1ecc6299db9ec823/cmake-0.1.42/src/lib.rs:861:5
[INFO] [stderr]   stack backtrace:
[INFO] [stderr]      0:     0x55d749b942cc - std::backtrace_rs::backtrace::libunwind::trace::h51faa62df48810e4
[INFO] [stderr]                                  at /rustc/58268ff091703ace98c3c2a8c5f2fb2c3aecace2/library/std/src/../../backtrace/src/backtrace/libunwind.rs:90:5
[INFO] [stderr]      1:     0x55d749b942cc - std::backtrace_rs::backtrace::trace_unsynchronized::h91de4d8e16d607e4
[INFO] [stderr]                                  at /rustc/58268ff091703ace98c3c2a8c5f2fb2c3aecace2/library/std/src/../../backtrace/src/backtrace/mod.rs:66:5
[INFO] [stderr]      2:     0x55d749b942cc - std::sys_common::backtrace::_print_fmt::h71b0935f97e4322c
[INFO] [stderr]                                  at /rustc/58268ff091703ace98c3c2a8c5f2fb2c3aecace2/library/std/src/sys_common/backtrace.rs:67:5
[INFO] [stderr]      3:     0x55d749b942cc - <std::sys_common::backtrace::_print::DisplayBacktrace as core::fmt::Display>::fmt::h9a78218788c14e18
[INFO] [stderr]                                  at /rustc/58268ff091703ace98c3c2a8c5f2fb2c3aecace2/library/std/src/sys_common/backtrace.rs:46:22
[INFO] [stderr]      4:     0x55d749bb5b8c - core::fmt::write::h3381b3176fe2b3d3
[INFO] [stderr]                                  at /rustc/58268ff091703ace98c3c2a8c5f2fb2c3aecace2/library/core/src/fmt/mod.rs:1150:17
[INFO] [stderr]      5:     0x55d749b90655 - std::io::Write::write_fmt::h1d5220480c7a2437
[INFO] [stderr]                                  at /rustc/58268ff091703ace98c3c2a8c5f2fb2c3aecace2/library/std/src/io/mod.rs:1667:15
[INFO] [stderr]      6:     0x55d749b963a0 - std::sys_common::backtrace::_print::h4b77abc4d907ed0e
[INFO] [stderr]                                  at /rustc/58268ff091703ace98c3c2a8c5f2fb2c3aecace2/library/std/src/sys_common/backtrace.rs:49:5
[INFO] [stderr]      7:     0x55d749b963a0 - std::sys_common::backtrace::print::hb170c60b542377ad
[INFO] [stderr]                                  at /rustc/58268ff091703ace98c3c2a8c5f2fb2c3aecace2/library/std/src/sys_common/backtrace.rs:36:9
[INFO] [stderr]      8:     0x55d749b963a0 - std::panicking::default_hook::{{closure}}::h12bbda9af8901ee3
[INFO] [stderr]                                  at /rustc/58268ff091703ace98c3c2a8c5f2fb2c3aecace2/library/std/src/panicking.rs:210:50
[INFO] [stderr]      9:     0x55d749b95f57 - std::panicking::default_hook::h8c6c66d3f3ba6768
[INFO] [stderr]                                  at /rustc/58268ff091703ace98c3c2a8c5f2fb2c3aecace2/library/std/src/panicking.rs:227:9
[INFO] [stderr]     10:     0x55d749b96a54 - std::panicking::rust_panic_with_hook::h36f2fa0bb09f4069
[INFO] [stderr]                                  at /rustc/58268ff091703ace98c3c2a8c5f2fb2c3aecace2/library/std/src/panicking.rs:624:17
[INFO] [stderr]     11:     0x55d749b96530 - std::panicking::begin_panic_handler::{{closure}}::h9c42b65a42d06a7a
[INFO] [stderr]                                  at /rustc/58268ff091703ace98c3c2a8c5f2fb2c3aecace2/library/std/src/panicking.rs:521:13
[INFO] [stderr]     12:     0x55d749b94794 - std::sys_common::backtrace::__rust_end_short_backtrace::hc791bddfe31e532c
[INFO] [stderr]                                  at /rustc/58268ff091703ace98c3c2a8c5f2fb2c3aecace2/library/std/src/sys_common/backtrace.rs:141:18
[INFO] [stderr]     13:     0x55d749b96499 - rust_begin_unwind
[INFO] [stderr]                                  at /rustc/58268ff091703ace98c3c2a8c5f2fb2c3aecace2/library/std/src/panicking.rs:517:5
[INFO] [stderr]     14:     0x55d749afebcb - std::panicking::begin_panic_fmt::h32ac317c038a272d
[INFO] [stderr]                                  at /rustc/58268ff091703ace98c3c2a8c5f2fb2c3aecace2/library/std/src/panicking.rs:460:5
[INFO] [stderr]     15:     0x55d749b0903b - cmake::fail::h3117535b51f72659
[INFO] [stderr]                                  at /opt/rustwide/cargo-home/registry/src/github.com-1ecc6299db9ec823/cmake-0.1.42/src/lib.rs:861:5
[INFO] [stderr]     16:     0x55d749b08a59 - cmake::run::ha94726a09861935e
[INFO] [stderr]                                  at /opt/rustwide/cargo-home/registry/src/github.com-1ecc6299db9ec823/cmake-0.1.42/src/lib.rs:839:9
[INFO] [stderr]     17:     0x55d749b05cc3 - cmake::Config::build::hca61f469e89702bf
[INFO] [stderr]                                  at /opt/rustwide/cargo-home/registry/src/github.com-1ecc6299db9ec823/cmake-0.1.42/src/lib.rs:745:9
[INFO] [stderr]     18:     0x55d749affc96 - build_script_build::main::hcdb603dea56f7673
[INFO] [stderr]                                  at /opt/rustwide/cargo-home/registry/src/github.com-1ecc6299db9ec823/wabt-sys-0.7.0/build.rs:9:15
[INFO] [stderr]     19:     0x55d749b0167b - core::ops::function::FnOnce::call_once::h66ccf1ce008dbbc7
[INFO] [stderr]                                  at /rustc/58268ff091703ace98c3c2a8c5f2fb2c3aecace2/library/core/src/ops/function.rs:227:5
[INFO] [stderr]     20:     0x55d749b00c5e - std::sys_common::backtrace::__rust_begin_short_backtrace::hcf456e0f8b63471d
[INFO] [stderr]                                  at /rustc/58268ff091703ace98c3c2a8c5f2fb2c3aecace2/library/std/src/sys_common/backtrace.rs:125:18
[INFO] [stderr]     21:     0x55d749b015e1 - std::rt::lang_start::{{closure}}::hab0d338787722d38
[INFO] [stderr]                                  at /rustc/58268ff091703ace98c3c2a8c5f2fb2c3aecace2/library/std/src/rt.rs:63:18
[INFO] [stderr]     22:     0x55d749b96f5a - core::ops::function::impls::<impl core::ops::function::FnOnce<A> for &F>::call_once::hc590b210ed55e22f
[INFO] [stderr]                                  at /rustc/58268ff091703ace98c3c2a8c5f2fb2c3aecace2/library/core/src/ops/function.rs:259:13
[INFO] [stderr]     23:     0x55d749b96f5a - std::panicking::try::do_call::h5f0600b7a33ea1af
[INFO] [stderr]                                  at /rustc/58268ff091703ace98c3c2a8c5f2fb2c3aecace2/library/std/src/panicking.rs:403:40
[INFO] [stderr]     24:     0x55d749b96f5a - std::panicking::try::he15826df0f376a33
[INFO] [stderr]                                  at /rustc/58268ff091703ace98c3c2a8c5f2fb2c3aecace2/library/std/src/panicking.rs:367:19
[INFO] [stderr]     25:     0x55d749b96f5a - std::panic::catch_unwind::hd8af3a578b6b4c86
[INFO] [stderr]                                  at /rustc/58268ff091703ace98c3c2a8c5f2fb2c3aecace2/library/std/src/panic.rs:129:14
[INFO] [stderr]     26:     0x55d749b96f5a - std::rt::lang_start_internal::{{closure}}::h301d1329324ae1f0
[INFO] [stderr]                                  at /rustc/58268ff091703ace98c3c2a8c5f2fb2c3aecace2/library/std/src/rt.rs:45:48
[INFO] [stderr]     27:     0x55d749b96f5a - std::panicking::try::do_call::h941e8fdb0bd03655
[INFO] [stderr]                                  at /rustc/58268ff091703ace98c3c2a8c5f2fb2c3aecace2/library/std/src/panicking.rs:403:40
[INFO] [stderr]     28:     0x55d749b96f5a - std::panicking::try::ha20a77bf65530f63
[INFO] [stderr]                                  at /rustc/58268ff091703ace98c3c2a8c5f2fb2c3aecace2/library/std/src/panicking.rs:367:19
[INFO] [stderr]     29:     0x55d749b96f5a - std::panic::catch_unwind::h33afc061cc69ef90
[INFO] [stderr]                                  at /rustc/58268ff091703ace98c3c2a8c5f2fb2c3aecace2/library/std/src/panic.rs:129:14
[INFO] [stderr]     30:     0x55d749b96f5a - std::rt::lang_start_internal::hc05c244593147106
[INFO] [stderr]                                  at /rustc/58268ff091703ace98c3c2a8c5f2fb2c3aecace2/library/std/src/rt.rs:45:20
[INFO] [stderr]     31:     0x55d749b015b0 - std::rt::lang_start::ha11ca354f79263da
[INFO] [stderr]                                  at /rustc/58268ff091703ace98c3c2a8c5f2fb2c3aecace2/library/std/src/rt.rs:62:5
[INFO] [stderr]     32:     0x55d749b004fc - main
[INFO] [stderr]     33:     0x7f2b0e0210b3 - __libc_start_main
[INFO] [stderr]     34:     0x55d749affade - _start
[INFO] [stderr]     35:                0x0 - <unknown>
[INFO] [stderr] warning: build failed, waiting for other jobs to finish...
[INFO] [stderr] error: build failed
[INFO] running `Command { std: "docker" "inspect" "c554f151ccf317450f8cbf48bee63cf070cc9c1b2eb472242747a95319a08a60", kill_on_drop: false }`
[INFO] running `Command { std: "docker" "rm" "-f" "c554f151ccf317450f8cbf48bee63cf070cc9c1b2eb472242747a95319a08a60", kill_on_drop: false }`
[INFO] [stdout] c554f151ccf317450f8cbf48bee63cf070cc9c1b2eb472242747a95319a08a60
