[INFO] cloning repository https://github.com/mxhold/woods
[INFO] running `Command { std: "git" "-c" "credential.helper=" "-c" "credential.helper=/workspace/cargo-home/bin/git-credential-null" "clone" "--bare" "https://github.com/mxhold/woods" "/workspace/cache/git-repos/https%3A%2F%2Fgithub.com%2Fmxhold%2Fwoods", kill_on_drop: false }`
[INFO] [stderr] Cloning into bare repository '/workspace/cache/git-repos/https%3A%2F%2Fgithub.com%2Fmxhold%2Fwoods'...
[INFO] running `Command { std: "git" "rev-parse" "HEAD", kill_on_drop: false }`
[INFO] [stdout] b190e14194539e88d26bdd5a046c7078c76f956a
[INFO] checking mxhold/woods against 1.55.0 for beta-1.56-3
[INFO] running `Command { std: "git" "clone" "/workspace/cache/git-repos/https%3A%2F%2Fgithub.com%2Fmxhold%2Fwoods" "/workspace/builds/worker-7/source", kill_on_drop: false }`
[INFO] [stderr] Cloning into '/workspace/builds/worker-7/source'...
[INFO] [stderr] done.
[INFO] validating manifest of git repo https://github.com/mxhold/woods on toolchain 1.55.0
[INFO] running `Command { std: "/workspace/cargo-home/bin/cargo" "+1.55.0" "metadata" "--manifest-path" "Cargo.toml" "--no-deps", kill_on_drop: false }`
[INFO] started tweaking git repo https://github.com/mxhold/woods
[INFO] finished tweaking git repo https://github.com/mxhold/woods
[INFO] tweaked toml for git repo https://github.com/mxhold/woods written to /workspace/builds/worker-7/source/Cargo.toml
[INFO] crate git repo https://github.com/mxhold/woods already has a lockfile, it will not be regenerated
[INFO] running `Command { std: "/workspace/cargo-home/bin/cargo" "+1.55.0" "fetch" "--manifest-path" "Cargo.toml", kill_on_drop: false }`
[INFO] [stderr]     Blocking waiting for file lock on package cache
[INFO] [stderr]  Downloading crates ...
[INFO] [stderr]   Downloaded bevy_spicy_networking v0.5.2
[INFO] running `Command { std: "docker" "create" "-v" "/var/lib/crater-agent-workspace/builds/worker-7/target:/opt/rustwide/target:rw,Z" "-v" "/var/lib/crater-agent-workspace/builds/worker-7/source:/opt/rustwide/workdir:ro,Z" "-v" "/var/lib/crater-agent-workspace/cargo-home:/opt/rustwide/cargo-home:ro,Z" "-v" "/var/lib/crater-agent-workspace/rustup-home:/opt/rustwide/rustup-home:ro,Z" "-e" "SOURCE_DIR=/opt/rustwide/workdir" "-e" "CARGO_TARGET_DIR=/opt/rustwide/target" "-e" "CARGO_HOME=/opt/rustwide/cargo-home" "-e" "RUSTUP_HOME=/opt/rustwide/rustup-home" "-w" "/opt/rustwide/workdir" "-m" "1610612736" "--user" "0:0" "--network" "none" "ghcr.io/rust-lang/crates-build-env/linux@sha256:a89201d6b5b9fd45c15d5952ece0a0129e7e80cb26ec023fd59cf09bc26f1604" "/opt/rustwide/cargo-home/bin/cargo" "+1.55.0" "metadata" "--no-deps" "--format-version=1", kill_on_drop: false }`
[INFO] [stdout] 4588567604bd67fa5e093d81ad4a8665a2223605081ca0dd64d06d50c4fd38eb
[INFO] [stderr] WARNING: Your kernel does not support swap limit capabilities or the cgroup is not mounted. Memory limited without swap.
[INFO] running `Command { std: "docker" "start" "-a" "4588567604bd67fa5e093d81ad4a8665a2223605081ca0dd64d06d50c4fd38eb", kill_on_drop: false }`
[INFO] running `Command { std: "docker" "inspect" "4588567604bd67fa5e093d81ad4a8665a2223605081ca0dd64d06d50c4fd38eb", kill_on_drop: false }`
[INFO] running `Command { std: "docker" "rm" "-f" "4588567604bd67fa5e093d81ad4a8665a2223605081ca0dd64d06d50c4fd38eb", kill_on_drop: false }`
[INFO] [stdout] 4588567604bd67fa5e093d81ad4a8665a2223605081ca0dd64d06d50c4fd38eb
[INFO] running `Command { std: "docker" "create" "-v" "/var/lib/crater-agent-workspace/builds/worker-7/target:/opt/rustwide/target:rw,Z" "-v" "/var/lib/crater-agent-workspace/builds/worker-7/source:/opt/rustwide/workdir:ro,Z" "-v" "/var/lib/crater-agent-workspace/cargo-home:/opt/rustwide/cargo-home:ro,Z" "-v" "/var/lib/crater-agent-workspace/rustup-home:/opt/rustwide/rustup-home:ro,Z" "-e" "SOURCE_DIR=/opt/rustwide/workdir" "-e" "CARGO_TARGET_DIR=/opt/rustwide/target" "-e" "CARGO_INCREMENTAL=0" "-e" "RUST_BACKTRACE=full" "-e" "RUSTFLAGS=--cap-lints=warn" "-e" "CARGO_HOME=/opt/rustwide/cargo-home" "-e" "RUSTUP_HOME=/opt/rustwide/rustup-home" "-w" "/opt/rustwide/workdir" "-m" "1610612736" "--user" "0:0" "--network" "none" "ghcr.io/rust-lang/crates-build-env/linux@sha256:a89201d6b5b9fd45c15d5952ece0a0129e7e80cb26ec023fd59cf09bc26f1604" "/opt/rustwide/cargo-home/bin/cargo" "+1.55.0" "check" "--frozen" "--all" "--all-targets" "--message-format=json", kill_on_drop: false }`
[INFO] [stdout] f131b7c65e08858be2102cab9d35cbc60043a13a202e735ec5de88227c46099f
[INFO] [stderr] WARNING: Your kernel does not support swap limit capabilities or the cgroup is not mounted. Memory limited without swap.
[INFO] running `Command { std: "docker" "start" "-a" "f131b7c65e08858be2102cab9d35cbc60043a13a202e735ec5de88227c46099f", kill_on_drop: false }`
[INFO] [stderr]     Checking bit-vec v0.6.3
[INFO] [stderr]    Compiling inventory v0.1.10
[INFO] [stderr]     Checking half v1.7.1
[INFO] [stderr]     Checking tracing-core v0.1.19
[INFO] [stderr]    Compiling tokio v1.10.0
[INFO] [stderr]     Checking ash v0.31.0
[INFO] [stderr]    Compiling jobserver v0.1.24
[INFO] [stderr]     Checking futures-lite v1.12.0
[INFO] [stderr]     Checking time v0.1.43
[INFO] [stderr]     Checking aho-corasick v0.7.18
[INFO] [stderr]     Checking mio v0.7.13
[INFO] [stderr]     Checking gpu-descriptor-types v0.1.1
[INFO] [stderr]     Checking gpu-alloc-types v0.2.0
[INFO] [stderr]     Checking wgpu-types v0.7.0
[INFO] [stderr]     Checking atty v0.2.14
[INFO] [stderr]     Checking spirv_headers v1.5.0
[INFO] [stderr]     Checking ahash v0.7.4
[INFO] [stderr]     Checking rand_core v0.6.3
[INFO] [stderr]     Checking inotify v0.9.3
[INFO] [stderr]     Checking dashmap v4.0.2
[INFO] [stderr]     Checking mio v0.6.23
[INFO] [stderr]     Checking nix v0.20.1
[INFO] [stderr]    Compiling serde_derive v1.0.127
[INFO] [stderr]    Compiling thiserror-impl v1.0.26
[INFO] [stderr]    Compiling tracing-attributes v0.1.15
[INFO] [stderr]    Compiling gltf-derive v0.15.2
[INFO] [stderr]    Compiling ghost v0.1.2
[INFO] [stderr]    Compiling inventory-impl v0.1.10
[INFO] [stderr]    Compiling ctor v0.1.20
[INFO] [stderr]    Compiling typetag-impl v0.1.7
[INFO] [stderr]    Compiling derive_more v0.99.16
[INFO] [stderr]     Checking colored v1.9.3
[INFO] [stderr]     Checking bit-set v0.5.2
[INFO] [stderr]    Compiling cc v1.0.69
[INFO] [stderr]     Checking chrono v0.4.19
[INFO] [stderr]     Checking tracing-log v0.1.2
[INFO] [stderr]     Checking rand_chacha v0.3.1
[INFO] [stderr]     Checking notify v5.0.0-pre.10
[INFO] [stderr]     Checking regex v1.5.4
[INFO] [stderr]     Checking image v0.23.14
[INFO] [stderr]     Checking async-executor v1.4.1
[INFO] [stderr]     Checking mio-extras v2.0.6
[INFO] [stderr]     Checking rand v0.8.4
[INFO] [stderr]     Checking simple_logger v1.13.0
[INFO] [stderr]     Checking bevy_tasks v0.5.0
[INFO] [stderr]    Compiling spirv-reflect v0.2.3
[INFO] [stderr]    Compiling spirv_cross v0.23.1
[INFO] [stderr]    Compiling minimp3-sys v0.3.2
[INFO] [stderr]     Checking thiserror v1.0.26
[INFO] [stderr]     Checking naga v0.3.2
[INFO] [stderr]     Checking tracing v0.1.26
[INFO] [stderr]     Checking minimp3 v0.5.1
[INFO] [stderr]     Checking gpu-alloc v0.3.0
[INFO] [stderr] error: could not compile `ash`
[INFO] [stderr] 
[INFO] [stderr] Caused by:
[INFO] [stderr]   process didn't exit successfully: `rustc --crate-name ash --edition=2018 /opt/rustwide/cargo-home/registry/src/github.com-1ecc6299db9ec823/ash-0.31.0/src/lib.rs --error-format=json --json=diagnostic-rendered-ansi --crate-type lib --emit=dep-info,metadata -C embed-bitcode=no -C debuginfo=2 --cfg 'feature="default"' --cfg 'feature="libloading"' -C metadata=c75290719e54c64c -C extra-filename=-c75290719e54c64c --out-dir /opt/rustwide/target/debug/deps -L dependency=/opt/rustwide/target/debug/deps --extern libloading=/opt/rustwide/target/debug/deps/liblibloading-cb50bbac69aa1524.rmeta --cap-lints allow --cap-lints=warn` (signal: 9, SIGKILL: kill)
[INFO] [stderr] warning: build failed, waiting for other jobs to finish...
[INFO] [stderr] The following warnings were emitted during compilation:
[INFO] [stderr] 
[INFO] [stderr] warning: src/wrapper.cpp:2: warning: ignoring #pragma warning  [-Wunknown-pragmas]
[INFO] [stderr] warning:     2 | #pragma warning(disable : 4996 4101)
[INFO] [stderr] warning:       | 
[INFO] [stderr] warning: c++: fatal error: Killed signal terminated program cc1plus
[INFO] [stderr] warning: compilation terminated.
[INFO] [stderr] warning: c++: fatal error: Killed signal terminated program cc1plus
[INFO] [stderr] warning: compilation terminated.
[INFO] [stderr] warning: c++: fatal error: Killed signal terminated program cc1plus
[INFO] [stderr] warning: compilation terminated.
[INFO] [stderr] 
[INFO] [stderr] error: build failed
[INFO] running `Command { std: "docker" "inspect" "f131b7c65e08858be2102cab9d35cbc60043a13a202e735ec5de88227c46099f", kill_on_drop: false }`
[INFO] running `Command { std: "docker" "rm" "-f" "f131b7c65e08858be2102cab9d35cbc60043a13a202e735ec5de88227c46099f", kill_on_drop: false }`
[INFO] [stdout] f131b7c65e08858be2102cab9d35cbc60043a13a202e735ec5de88227c46099f
