[INFO] cloning repository https://github.com/mulark/factorio-benchmark-helper
[INFO] running `Command { std: "git" "-c" "credential.helper=" "-c" "credential.helper=/workspace/cargo-home/bin/git-credential-null" "clone" "--bare" "https://github.com/mulark/factorio-benchmark-helper" "/workspace/cache/git-repos/https%3A%2F%2Fgithub.com%2Fmulark%2Ffactorio-benchmark-helper", kill_on_drop: false }`
[INFO] [stderr] Cloning into bare repository '/workspace/cache/git-repos/https%3A%2F%2Fgithub.com%2Fmulark%2Ffactorio-benchmark-helper'...
[INFO] running `Command { std: "git" "rev-parse" "HEAD", kill_on_drop: false }`
[INFO] [stdout] 5adc36fb82c886a353ce321380220b5b67f3a3b7
[INFO] checking mulark/factorio-benchmark-helper against 1.55.0 for beta-1.56-3
[INFO] running `Command { std: "git" "clone" "/workspace/cache/git-repos/https%3A%2F%2Fgithub.com%2Fmulark%2Ffactorio-benchmark-helper" "/workspace/builds/worker-13/source", kill_on_drop: false }`
[INFO] [stderr] Cloning into '/workspace/builds/worker-13/source'...
[INFO] [stderr] done.
[INFO] validating manifest of git repo https://github.com/mulark/factorio-benchmark-helper on toolchain 1.55.0
[INFO] running `Command { std: "/workspace/cargo-home/bin/cargo" "+1.55.0" "metadata" "--manifest-path" "Cargo.toml" "--no-deps", kill_on_drop: false }`
[INFO] started tweaking git repo https://github.com/mulark/factorio-benchmark-helper
[INFO] finished tweaking git repo https://github.com/mulark/factorio-benchmark-helper
[INFO] tweaked toml for git repo https://github.com/mulark/factorio-benchmark-helper written to /workspace/builds/worker-13/source/Cargo.toml
[INFO] running `Command { std: "/workspace/cargo-home/bin/cargo" "+1.55.0" "generate-lockfile" "--manifest-path" "Cargo.toml" "-Zno-index-update", kill_on_drop: false }`
[INFO] [stderr]     Updating git repository `https://github.com/technicalfactorio/technicalfactorio.git`
[INFO] running `Command { std: "/workspace/cargo-home/bin/cargo" "+1.55.0" "fetch" "--manifest-path" "Cargo.toml", kill_on_drop: false }`
[INFO] running `Command { std: "docker" "create" "-v" "/var/lib/crater-agent-workspace/builds/worker-13/target:/opt/rustwide/target:rw,Z" "-v" "/var/lib/crater-agent-workspace/builds/worker-13/source:/opt/rustwide/workdir:ro,Z" "-v" "/var/lib/crater-agent-workspace/cargo-home:/opt/rustwide/cargo-home:ro,Z" "-v" "/var/lib/crater-agent-workspace/rustup-home:/opt/rustwide/rustup-home:ro,Z" "-e" "SOURCE_DIR=/opt/rustwide/workdir" "-e" "CARGO_TARGET_DIR=/opt/rustwide/target" "-e" "CARGO_HOME=/opt/rustwide/cargo-home" "-e" "RUSTUP_HOME=/opt/rustwide/rustup-home" "-w" "/opt/rustwide/workdir" "-m" "1610612736" "--user" "0:0" "--network" "none" "ghcr.io/rust-lang/crates-build-env/linux@sha256:a89201d6b5b9fd45c15d5952ece0a0129e7e80cb26ec023fd59cf09bc26f1604" "/opt/rustwide/cargo-home/bin/cargo" "+1.55.0" "metadata" "--no-deps" "--format-version=1", kill_on_drop: false }`
[INFO] [stdout] 21fe425be39f1b178209b83493e6345d7ee69db264cc94e9d1dec65461f82dc4
[INFO] [stderr] WARNING: Your kernel does not support swap limit capabilities or the cgroup is not mounted. Memory limited without swap.
[INFO] running `Command { std: "docker" "start" "-a" "21fe425be39f1b178209b83493e6345d7ee69db264cc94e9d1dec65461f82dc4", kill_on_drop: false }`
[INFO] running `Command { std: "docker" "inspect" "21fe425be39f1b178209b83493e6345d7ee69db264cc94e9d1dec65461f82dc4", kill_on_drop: false }`
[INFO] running `Command { std: "docker" "rm" "-f" "21fe425be39f1b178209b83493e6345d7ee69db264cc94e9d1dec65461f82dc4", kill_on_drop: false }`
[INFO] [stdout] 21fe425be39f1b178209b83493e6345d7ee69db264cc94e9d1dec65461f82dc4
[INFO] running `Command { std: "docker" "create" "-v" "/var/lib/crater-agent-workspace/builds/worker-13/target:/opt/rustwide/target:rw,Z" "-v" "/var/lib/crater-agent-workspace/builds/worker-13/source:/opt/rustwide/workdir:ro,Z" "-v" "/var/lib/crater-agent-workspace/cargo-home:/opt/rustwide/cargo-home:ro,Z" "-v" "/var/lib/crater-agent-workspace/rustup-home:/opt/rustwide/rustup-home:ro,Z" "-e" "SOURCE_DIR=/opt/rustwide/workdir" "-e" "CARGO_TARGET_DIR=/opt/rustwide/target" "-e" "CARGO_INCREMENTAL=0" "-e" "RUST_BACKTRACE=full" "-e" "RUSTFLAGS=--cap-lints=warn" "-e" "CARGO_HOME=/opt/rustwide/cargo-home" "-e" "RUSTUP_HOME=/opt/rustwide/rustup-home" "-w" "/opt/rustwide/workdir" "-m" "1610612736" "--user" "0:0" "--network" "none" "ghcr.io/rust-lang/crates-build-env/linux@sha256:a89201d6b5b9fd45c15d5952ece0a0129e7e80cb26ec023fd59cf09bc26f1604" "/opt/rustwide/cargo-home/bin/cargo" "+1.55.0" "check" "--frozen" "--all" "--all-targets" "--message-format=json", kill_on_drop: false }`
[INFO] [stderr] WARNING: Your kernel does not support swap limit capabilities or the cgroup is not mounted. Memory limited without swap.
[INFO] [stdout] e08341b01141d40aeeab7e529b9c67b11d45538e755b09ee917cf592b9d750c7
[INFO] running `Command { std: "docker" "start" "-a" "e08341b01141d40aeeab7e529b9c67b11d45538e755b09ee917cf592b9d750c7", kill_on_drop: false }`
[INFO] [stderr]     Blocking waiting for file lock on package cache
[INFO] [stderr]    Compiling libc v0.2.104
[INFO] [stderr]    Compiling vcpkg v0.2.15
[INFO] [stderr]     Checking termtree v0.2.1
[INFO] [stderr]     Checking chunked_transfer v1.4.0
[INFO] [stderr]    Compiling rust-lzma v0.5.1
[INFO] [stderr]     Checking raw-cpuid v10.2.0
[INFO] [stderr]     Checking predicates v2.0.3
[INFO] [stderr]     Checking bstr v0.2.17
[INFO] [stderr]     Checking serde v1.0.130
[INFO] [stderr]     Checking publicsuffix v1.5.6
[INFO] [stderr]     Checking predicates-tree v1.0.4
[INFO] [stderr]    Compiling libsqlite3-sys v0.23.1
[INFO] [stderr]     Checking getrandom v0.2.3
[INFO] [stderr]     Checking ring v0.16.20
[INFO] [stderr]     Checking time v0.2.27
[INFO] [stderr]     Checking dirs-sys v0.3.6
[INFO] [stderr]     Checking time v0.1.44
[INFO] [stderr]     Checking filetime v0.2.15
[INFO] [stderr]     Checking xattr v0.2.2
[INFO] [stderr]     Checking wait-timeout v0.2.0
[INFO] [stderr]     Checking atty v0.2.14
[INFO] [stderr]     Checking clap v2.33.3
[INFO] [stderr]     Checking rand_core v0.6.3
[INFO] [stderr]     Checking ahash v0.7.6
[INFO] [stderr]     Checking assert_cmd v2.0.2
[INFO] [stderr]     Checking directories v4.0.1
[INFO] [stderr]     Checking tar v0.4.37
[INFO] [stderr]     Checking chrono v0.4.19
[INFO] [stderr]     Checking rand_chacha v0.3.1
[INFO] [stderr]     Checking hashbrown v0.11.2
[INFO] [stderr]     Checking rand v0.8.4
[INFO] [stderr]     Checking cookie v0.14.4
[INFO] [stderr]     Checking hashlink v0.7.0
[INFO] [stderr]     Checking simplelog v0.10.2
[INFO] [stderr]     Checking webpki v0.21.4
[INFO] [stderr]     Checking sct v0.6.1
[INFO] [stderr]     Checking webpki-roots v0.21.1
[INFO] [stderr]     Checking rustls v0.19.1
[INFO] [stderr]     Checking dlv-list v0.2.3
[INFO] [stderr]     Checking serde_json v1.0.68
[INFO] [stderr]     Checking bincode v1.3.3
[INFO] [stderr]     Checking ordered-multimap v0.3.1
[INFO] [stderr]     Checking rust-ini v0.17.0
[INFO] [stderr]     Checking cookie_store v0.12.0
[INFO] [stderr]     Checking megabase_index_incrementer v0.3.1 (https://github.com/technicalfactorio/technicalfactorio.git#be8c57f7)
[INFO] [stderr]     Checking ureq v1.5.5
[INFO] [stderr]     Checking rusqlite v0.26.0
[INFO] [stderr]     Checking factorio-benchmark-helper v0.1.10 (/opt/rustwide/workdir)
[INFO] [stdout] warning: use of deprecated constant `rusqlite::NO_PARAMS`: Use an empty array instead; `stmt.execute(NO_PARAMS)` => `stmt.execute([])`
[INFO] [stdout]  --> src/performance_results/database.rs:4:15
[INFO] [stdout]   |
[INFO] [stdout] 4 | use rusqlite::NO_PARAMS;
[INFO] [stdout]   |               ^^^^^^^^^
[INFO] [stdout]   |
[INFO] [stdout]   = note: `#[warn(deprecated)]` on by default
[INFO] [stdout] 
[INFO] [stdout] 
[INFO] [stdout] warning: use of deprecated constant `rusqlite::NO_PARAMS`: Use an empty array instead; `stmt.execute(NO_PARAMS)` => `stmt.execute([])`
[INFO] [stdout]    --> src/performance_results/database.rs:235:20
[INFO] [stdout]     |
[INFO] [stdout] 235 |         .query_map(NO_PARAMS, |row| {
[INFO] [stdout]     |                    ^^^^^^^^^
[INFO] [stdout] 
[INFO] [stdout] 
[INFO] [stdout] warning: use of deprecated constant `rusqlite::NO_PARAMS`: Use an empty array instead; `stmt.execute(NO_PARAMS)` => `stmt.execute([])`
[INFO] [stdout]    --> src/performance_results/database.rs:295:20
[INFO] [stdout]     |
[INFO] [stdout] 295 |         .query_map(NO_PARAMS, |row| {
[INFO] [stdout]     |                    ^^^^^^^^^
[INFO] [stdout] 
[INFO] [stdout] 
[INFO] [stdout] warning: use of deprecated constant `rusqlite::NO_PARAMS`: Use an empty array instead; `stmt.execute(NO_PARAMS)` => `stmt.execute([])`
[INFO] [stdout]  --> src/performance_results/database.rs:4:15
[INFO] [stdout]   |
[INFO] [stdout] 4 | use rusqlite::NO_PARAMS;
[INFO] [stdout]   |               ^^^^^^^^^
[INFO] [stdout]   |
[INFO] [stdout]   = note: `#[warn(deprecated)]` on by default
[INFO] [stdout] 
[INFO] [stdout] 
[INFO] [stdout] warning: use of deprecated constant `rusqlite::NO_PARAMS`: Use an empty array instead; `stmt.execute(NO_PARAMS)` => `stmt.execute([])`
[INFO] [stdout]    --> src/performance_results/database.rs:235:20
[INFO] [stdout]     |
[INFO] [stdout] 235 |         .query_map(NO_PARAMS, |row| {
[INFO] [stdout]     |                    ^^^^^^^^^
[INFO] [stdout] 
[INFO] [stdout] 
[INFO] [stdout] warning: use of deprecated constant `rusqlite::NO_PARAMS`: Use an empty array instead; `stmt.execute(NO_PARAMS)` => `stmt.execute([])`
[INFO] [stdout]    --> src/performance_results/database.rs:295:20
[INFO] [stdout]     |
[INFO] [stdout] 295 |         .query_map(NO_PARAMS, |row| {
[INFO] [stdout]     |                    ^^^^^^^^^
[INFO] [stdout] 
[INFO] [stdout] 
[INFO] [stdout] warning: use of deprecated constant `rusqlite::NO_PARAMS`: Use an empty array instead; `stmt.execute(NO_PARAMS)` => `stmt.execute([])`
[INFO] [stdout]  --> src/regression_tester/regression_db.rs:4:15
[INFO] [stdout]   |
[INFO] [stdout] 4 | use rusqlite::NO_PARAMS;
[INFO] [stdout]   |               ^^^^^^^^^
[INFO] [stdout] 
[INFO] [stdout] 
[INFO] [stdout] warning: use of deprecated constant `rusqlite::NO_PARAMS`: Use an empty array instead; `stmt.execute(NO_PARAMS)` => `stmt.execute([])`
[INFO] [stdout]    --> src/regression_tester/regression_db.rs:187:31
[INFO] [stdout]     |
[INFO] [stdout] 187 |     let rows = stmt.query_map(NO_PARAMS, |row| {
[INFO] [stdout]     |                               ^^^^^^^^^
[INFO] [stdout] 
[INFO] [stdout] 
[INFO] [stdout] warning: use of deprecated constant `rusqlite::NO_PARAMS`: Use an empty array instead; `stmt.execute(NO_PARAMS)` => `stmt.execute([])`
[INFO] [stdout]  --> src/regression_tester/regression_db.rs:4:15
[INFO] [stdout]   |
[INFO] [stdout] 4 | use rusqlite::NO_PARAMS;
[INFO] [stdout]   |               ^^^^^^^^^
[INFO] [stdout] 
[INFO] [stdout] 
[INFO] [stdout] warning: use of deprecated constant `rusqlite::NO_PARAMS`: Use an empty array instead; `stmt.execute(NO_PARAMS)` => `stmt.execute([])`
[INFO] [stdout]    --> src/regression_tester/regression_db.rs:187:31
[INFO] [stdout]     |
[INFO] [stdout] 187 |     let rows = stmt.query_map(NO_PARAMS, |row| {
[INFO] [stdout]     |                               ^^^^^^^^^
[INFO] [stdout] 
[INFO] [stdout] 
[INFO] [stdout] warning: use of deprecated associated function `rusqlite::Connection::execute_named`: You can use `execute` with named params now.
[INFO] [stdout]    --> src/performance_results/database.rs:156:27
[INFO] [stdout]     |
[INFO] [stdout] 156 |         match save_point2.execute_named(
[INFO] [stdout]     |                           ^^^^^^^^^^^^^
[INFO] [stdout] 
[INFO] [stdout] 
[INFO] [stdout] warning: use of deprecated associated function `rusqlite::Connection::execute_named`: You can use `execute` with named params now.
[INFO] [stdout]    --> src/performance_results/database.rs:156:27
[INFO] [stdout]     |
[INFO] [stdout] 156 |         match save_point2.execute_named(
[INFO] [stdout]     |                           ^^^^^^^^^^^^^
[INFO] [stdout] 
[INFO] [stdout] 
[INFO] [stdout] error[E0599]: no method named `column_count` found for reference `&Row<'_>` in the current scope
[INFO] [stdout]    --> src/performance_results/database.rs:296:25
[INFO] [stdout]     |
[INFO] [stdout] 296 |             assert!(row.column_count() > 0);
[INFO] [stdout]     |                         ^^^^^^^^^^^^ method not found in `&Row<'_>`
[INFO] [stdout] 
[INFO] [stdout] 
[INFO] [stdout] error[E0599]: no method named `column_count` found for reference `&Row<'_>` in the current scope
[INFO] [stdout]    --> src/performance_results/database.rs:296:25
[INFO] [stdout]     |
[INFO] [stdout] 296 |             assert!(row.column_count() > 0);
[INFO] [stdout]     |                         ^^^^^^^^^^^^ method not found in `&Row<'_>`
[INFO] [stdout] 
[INFO] [stdout] 
[INFO] [stdout] error[E0599]: no method named `column_count` found for reference `&Row<'_>` in the current scope
[INFO] [stdout]    --> src/performance_results/database.rs:300:29
[INFO] [stdout]     |
[INFO] [stdout] 300 |             for i in 1..row.column_count() {
[INFO] [stdout]     |                             ^^^^^^^^^^^^ method not found in `&Row<'_>`
[INFO] [stdout] 
[INFO] [stdout] 
[INFO] [stdout] error[E0599]: no method named `column_count` found for reference `&Row<'_>` in the current scope
[INFO] [stdout]    --> src/performance_results/database.rs:300:29
[INFO] [stdout]     |
[INFO] [stdout] 300 |             for i in 1..row.column_count() {
[INFO] [stdout]     |                             ^^^^^^^^^^^^ method not found in `&Row<'_>`
[INFO] [stdout] 
[INFO] [stdout] 
[INFO] [stdout] error[E0277]: the trait bound `&[std::option::Option<u32>; 1]: Params` is not satisfied
[INFO] [stdout]    --> src/regression_tester/regression_db.rs:208:44
[INFO] [stdout]     |
[INFO] [stdout] 208 |         let versions_rows = stmt.query_map(&[row.db_id], |row| {
[INFO] [stdout]     |                                            -^^^^^^^^^^^
[INFO] [stdout]     |                                            |
[INFO] [stdout]     |                                            the trait `Params` is not implemented for `&[std::option::Option<u32>; 1]`
[INFO] [stdout]     |                                            help: consider removing the leading `&`-reference
[INFO] [stdout]     |
[INFO] [stdout]     = help: the following implementations were found:
[INFO] [stdout]               <&[&T; 10] as Params>
[INFO] [stdout]               <&[&T; 11] as Params>
[INFO] [stdout]               <&[&T; 12] as Params>
[INFO] [stdout]               <&[&T; 13] as Params>
[INFO] [stdout]             and 92 others
[INFO] [stdout] 
[INFO] [stdout] 
[INFO] [stdout] error[E0277]: the trait bound `&[std::option::Option<u32>; 1]: Params` is not satisfied
[INFO] [stdout]    --> src/regression_tester/regression_db.rs:208:44
[INFO] [stdout]     |
[INFO] [stdout] 208 |         let versions_rows = stmt.query_map(&[row.db_id], |row| {
[INFO] [stdout]     |                                            -^^^^^^^^^^^
[INFO] [stdout]     |                                            |
[INFO] [stdout]     |                                            the trait `Params` is not implemented for `&[std::option::Option<u32>; 1]`
[INFO] [stdout]     |                                            help: consider removing the leading `&`-reference
[INFO] [stdout]     |
[INFO] [stdout]     = help: the following implementations were found:
[INFO] [stdout]               <&[&T; 10] as Params>
[INFO] [stdout]               <&[&T; 11] as Params>
[INFO] [stdout]               <&[&T; 12] as Params>
[INFO] [stdout]               <&[&T; 13] as Params>
[INFO] [stdout]             and 92 others
[INFO] [stdout] 
[INFO] [stdout] 
[INFO] [stdout] error[E0599]: no method named `get_extended_function_info` found for struct `CpuId` in the current scope
[INFO] [stdout]    --> src/util.rs:250:10
[INFO] [stdout]     |
[INFO] [stdout] 250 |         .get_extended_function_info()
[INFO] [stdout]     |          ^^^^^^^^^^^^^^^^^^^^^^^^^^ help: there is an associated function with a similar name: `get_extended_feature_info`
[INFO] [stdout] 
[INFO] [stdout] 
[INFO] [stdout] error[E0599]: no method named `get_extended_function_info` found for struct `CpuId` in the current scope
[INFO] [stdout]    --> src/util.rs:250:10
[INFO] [stdout]     |
[INFO] [stdout] 250 |         .get_extended_function_info()
[INFO] [stdout]     |          ^^^^^^^^^^^^^^^^^^^^^^^^^^ help: there is an associated function with a similar name: `get_extended_feature_info`
[INFO] [stdout] 
[INFO] [stdout] 
[INFO] [stdout] error: aborting due to 4 previous errors; 6 warnings emitted
[INFO] [stdout] 
[INFO] [stdout] 
[INFO] [stdout] Some errors have detailed explanations: E0277, E0599.
[INFO] [stdout] 
[INFO] [stdout] For more information about an error, try `rustc --explain E0277`.
[INFO] [stdout] 
[INFO] [stderr] error: could not compile `factorio-benchmark-helper` due to 5 previous errors; 6 warnings emitted
[INFO] [stderr] warning: build failed, waiting for other jobs to finish...
[INFO] [stdout] error: aborting due to 4 previous errors; 6 warnings emitted
[INFO] [stdout] 
[INFO] [stdout] 
[INFO] [stdout] Some errors have detailed explanations: E0277, E0599.
[INFO] [stdout] 
[INFO] [stdout] For more information about an error, try `rustc --explain E0277`.
[INFO] [stdout] 
[INFO] [stderr] error: build failed
[INFO] running `Command { std: "docker" "inspect" "e08341b01141d40aeeab7e529b9c67b11d45538e755b09ee917cf592b9d750c7", kill_on_drop: false }`
[INFO] running `Command { std: "docker" "rm" "-f" "e08341b01141d40aeeab7e529b9c67b11d45538e755b09ee917cf592b9d750c7", kill_on_drop: false }`
[INFO] [stdout] e08341b01141d40aeeab7e529b9c67b11d45538e755b09ee917cf592b9d750c7
