[INFO] cloning repository https://github.com/mukaschultze/nes-rs
[INFO] running `Command { std: "git" "-c" "credential.helper=" "-c" "credential.helper=/workspace/cargo-home/bin/git-credential-null" "clone" "--bare" "https://github.com/mukaschultze/nes-rs" "/workspace/cache/git-repos/https%3A%2F%2Fgithub.com%2Fmukaschultze%2Fnes-rs", kill_on_drop: false }`
[INFO] [stderr] Cloning into bare repository '/workspace/cache/git-repos/https%3A%2F%2Fgithub.com%2Fmukaschultze%2Fnes-rs'...
[INFO] running `Command { std: "git" "rev-parse" "HEAD", kill_on_drop: false }`
[INFO] [stdout] f9979d0d0b3413d0ee4afc60302077246f4f616e
[INFO] checking mukaschultze/nes-rs against beta-2021-10-15 for beta-1.56-3
[INFO] running `Command { std: "git" "clone" "/workspace/cache/git-repos/https%3A%2F%2Fgithub.com%2Fmukaschultze%2Fnes-rs" "/workspace/builds/worker-1/source", kill_on_drop: false }`
[INFO] [stderr] Cloning into '/workspace/builds/worker-1/source'...
[INFO] [stderr] done.
[INFO] validating manifest of git repo https://github.com/mukaschultze/nes-rs on toolchain beta-2021-10-15
[INFO] running `Command { std: "/workspace/cargo-home/bin/cargo" "+beta-2021-10-15" "metadata" "--manifest-path" "Cargo.toml" "--no-deps", kill_on_drop: false }`
[INFO] started tweaking git repo https://github.com/mukaschultze/nes-rs
[INFO] finished tweaking git repo https://github.com/mukaschultze/nes-rs
[INFO] tweaked toml for git repo https://github.com/mukaschultze/nes-rs written to /workspace/builds/worker-1/source/Cargo.toml
[INFO] crate git repo https://github.com/mukaschultze/nes-rs already has a lockfile, it will not be regenerated
[INFO] running `Command { std: "/workspace/cargo-home/bin/cargo" "+beta-2021-10-15" "fetch" "--manifest-path" "Cargo.toml", kill_on_drop: false }`
[INFO] running `Command { std: "docker" "create" "-v" "/var/lib/crater-agent-workspace/builds/worker-1/target:/opt/rustwide/target:rw,Z" "-v" "/var/lib/crater-agent-workspace/builds/worker-1/source:/opt/rustwide/workdir:ro,Z" "-v" "/var/lib/crater-agent-workspace/cargo-home:/opt/rustwide/cargo-home:ro,Z" "-v" "/var/lib/crater-agent-workspace/rustup-home:/opt/rustwide/rustup-home:ro,Z" "-e" "SOURCE_DIR=/opt/rustwide/workdir" "-e" "CARGO_TARGET_DIR=/opt/rustwide/target" "-e" "CARGO_HOME=/opt/rustwide/cargo-home" "-e" "RUSTUP_HOME=/opt/rustwide/rustup-home" "-w" "/opt/rustwide/workdir" "-m" "1610612736" "--user" "0:0" "--network" "none" "ghcr.io/rust-lang/crates-build-env/linux@sha256:a89201d6b5b9fd45c15d5952ece0a0129e7e80cb26ec023fd59cf09bc26f1604" "/opt/rustwide/cargo-home/bin/cargo" "+beta-2021-10-15" "metadata" "--no-deps" "--format-version=1", kill_on_drop: false }`
[INFO] [stdout] 820aa2df596bec1709619a3c7fe733a23003980dddb8863fe0af865035d14c92
[INFO] [stderr] WARNING: Your kernel does not support swap limit capabilities or the cgroup is not mounted. Memory limited without swap.
[INFO] running `Command { std: "docker" "start" "-a" "820aa2df596bec1709619a3c7fe733a23003980dddb8863fe0af865035d14c92", kill_on_drop: false }`
[INFO] running `Command { std: "docker" "inspect" "820aa2df596bec1709619a3c7fe733a23003980dddb8863fe0af865035d14c92", kill_on_drop: false }`
[INFO] running `Command { std: "docker" "rm" "-f" "820aa2df596bec1709619a3c7fe733a23003980dddb8863fe0af865035d14c92", kill_on_drop: false }`
[INFO] [stdout] 820aa2df596bec1709619a3c7fe733a23003980dddb8863fe0af865035d14c92
[INFO] running `Command { std: "docker" "create" "-v" "/var/lib/crater-agent-workspace/builds/worker-1/target:/opt/rustwide/target:rw,Z" "-v" "/var/lib/crater-agent-workspace/builds/worker-1/source:/opt/rustwide/workdir:ro,Z" "-v" "/var/lib/crater-agent-workspace/cargo-home:/opt/rustwide/cargo-home:ro,Z" "-v" "/var/lib/crater-agent-workspace/rustup-home:/opt/rustwide/rustup-home:ro,Z" "-e" "SOURCE_DIR=/opt/rustwide/workdir" "-e" "CARGO_TARGET_DIR=/opt/rustwide/target" "-e" "CARGO_INCREMENTAL=0" "-e" "RUST_BACKTRACE=full" "-e" "RUSTFLAGS=--cap-lints=warn" "-e" "CARGO_HOME=/opt/rustwide/cargo-home" "-e" "RUSTUP_HOME=/opt/rustwide/rustup-home" "-w" "/opt/rustwide/workdir" "-m" "1610612736" "--user" "0:0" "--network" "none" "ghcr.io/rust-lang/crates-build-env/linux@sha256:a89201d6b5b9fd45c15d5952ece0a0129e7e80cb26ec023fd59cf09bc26f1604" "/opt/rustwide/cargo-home/bin/cargo" "+beta-2021-10-15" "check" "--frozen" "--all" "--all-targets" "--message-format=json", kill_on_drop: false }`
[INFO] [stdout] 76a0e5d6cef5e9e298a9543661866064df22f48386566707769e1d9b4a28c4ab
[INFO] [stderr] WARNING: Your kernel does not support swap limit capabilities or the cgroup is not mounted. Memory limited without swap.
[INFO] running `Command { std: "docker" "start" "-a" "76a0e5d6cef5e9e298a9543661866064df22f48386566707769e1d9b4a28c4ab", kill_on_drop: false }`
[INFO] [stderr]     Blocking waiting for file lock on package cache
[INFO] [stderr]     Blocking waiting for file lock on package cache
[INFO] [stderr]    Compiling libc v0.2.97
[INFO] [stderr]    Compiling bitflags v1.2.1
[INFO] [stderr]    Compiling proc-macro2 v1.0.27
[INFO] [stderr]     Checking cfg-if v1.0.0
[INFO] [stderr]    Compiling unicode-xid v0.2.0
[INFO] [stderr]    Compiling log v0.4.8
[INFO] [stderr]     Checking cfg-if v0.1.10
[INFO] [stderr]    Compiling syn v1.0.73
[INFO] [stderr]    Compiling autocfg v0.1.6
[INFO] [stderr]    Compiling byteorder v1.3.2
[INFO] [stderr]    Compiling autocfg v1.0.1
[INFO] [stderr]     Checking lazy_static v1.4.0
[INFO] [stderr]    Compiling xml-rs v0.8.3
[INFO] [stderr]     Checking smallvec v1.6.1
[INFO] [stderr]     Checking scopeguard v1.1.0
[INFO] [stderr]    Compiling pkg-config v0.3.17
[INFO] [stderr]     Checking ahash v0.4.7
[INFO] [stderr]    Compiling crc32fast v1.2.0
[INFO] [stderr]    Compiling memchr v2.2.1
[INFO] [stderr]    Compiling wasm-bindgen-shared v0.2.74
[INFO] [stderr]     Checking adler32 v1.0.4
[INFO] [stderr]    Compiling crossbeam-utils v0.8.5
[INFO] [stderr]     Checking fixedbitset v0.2.0
[INFO] [stderr]     Checking bit-vec v0.6.3
[INFO] [stderr]     Checking termcolor v1.1.2
[INFO] [stderr]     Checking unicode-width v0.1.8
[INFO] [stderr]     Checking color_quant v1.0.1
[INFO] [stderr]    Compiling bumpalo v3.1.2
[INFO] [stderr]     Checking weezl v0.1.5
[INFO] [stderr]     Checking scoped-tls v1.0.0
[INFO] [stderr]    Compiling version_check v0.9.3
[INFO] [stderr]     Checking bytesize v1.0.0
[INFO] [stderr]    Compiling wasm-bindgen v0.2.74
[INFO] [stderr]     Checking once_cell v1.8.0
[INFO] [stderr]    Compiling crossbeam-epoch v0.9.5
[INFO] [stderr]     Checking downcast-rs v1.1.1
[INFO] [stderr]     Checking ttf-parser v0.6.2
[INFO] [stderr]    Compiling crossbeam-queue v0.3.2
[INFO] [stderr]    Compiling nix v0.18.0
[INFO] [stderr]    Compiling khronos-egl v4.1.0
[INFO] [stderr]    Compiling khronos_api v3.1.0
[INFO] [stderr]     Checking same-file v1.0.6
[INFO] [stderr]     Checking rustc-serialize v0.3.24
[INFO] [stderr]     Checking arrayvec v0.5.2
[INFO] [stderr]    Compiling maybe-uninit v2.0.0
[INFO] [stderr]     Checking ab_glyph_rasterizer v0.1.4
[INFO] [stderr]    Compiling cfg_aliases v0.1.1
[INFO] [stderr]    Compiling version-compare v0.0.10
[INFO] [stderr]     Checking bytemuck v1.7.0
[INFO] [stderr]     Checking inplace_it v0.3.3
[INFO] [stderr]     Checking glow v0.9.0
[INFO] [stderr]     Checking xdg v2.2.0
[INFO] [stderr]     Checking copyless v0.1.5
[INFO] [stderr]    Compiling winit v0.25.0
[INFO] [stderr]     Checking profiling v1.0.3
[INFO] [stderr]    Compiling gcc v0.3.55
[INFO] [stderr]     Checking percent-encoding v2.1.0
[INFO] [stderr]    Compiling sdl2 v0.34.5
[INFO] [stderr]     Checking pollster v0.2.4
[INFO] [stderr]     Checking regex-syntax v0.6.12
[INFO] [stderr]     Checking sha1 v0.6.0
[INFO] [stderr]     Checking libloading v0.7.0
[INFO] [stderr]     Checking instant v0.1.9
[INFO] [stderr]     Checking thread_local v0.3.6
[INFO] [stderr]     Checking lock_api v0.4.4
[INFO] [stderr]     Checking hashbrown v0.9.1
[INFO] [stderr]     Checking miniz_oxide v0.3.7
[INFO] [stderr]    Compiling num-traits v0.2.8
[INFO] [stderr]    Compiling num-integer v0.1.41
[INFO] [stderr]    Compiling num-iter v0.1.39
[INFO] [stderr]     Checking bit-set v0.5.2
[INFO] [stderr]     Checking codespan-reporting v0.11.1
[INFO] [stderr]    Compiling indexmap v1.6.2
[INFO] [stderr]    Compiling memoffset v0.6.4
[INFO] [stderr]    Compiling wayland-sys v0.28.5
[INFO] [stderr]    Compiling x11-dl v2.18.5
[INFO] [stderr]     Checking gif v0.11.2
[INFO] [stderr]     Checking walkdir v2.3.1
[INFO] [stderr]    Compiling wgpu-core v0.8.1
[INFO] [stderr]    Compiling nom v6.2.1
[INFO] [stderr]     Checking safe_arch v0.5.2
[INFO] [stderr]    Compiling sdl2-sys v0.34.5
[INFO] [stderr]     Checking dlib v0.5.0
[INFO] [stderr]     Checking ash v0.32.1
[INFO] [stderr]     Checking owned_ttf_parser v0.6.0
[INFO] [stderr]     Checking wide v0.6.5
[INFO] [stderr]     Checking gpu-descriptor-types v0.1.1
[INFO] [stderr]     Checking gpu-alloc-types v0.2.0
[INFO] [stderr]     Checking wgpu-types v0.8.0
[INFO] [stderr]     Checking rusttype v0.9.2
[INFO] [stderr]    Compiling nfd v0.0.4
[INFO] [stderr]     Checking aho-corasick v0.7.6
[INFO] [stderr]     Checking deflate v0.8.6
[INFO] [stderr]     Checking fxhash v0.2.1
[INFO] [stderr]    Compiling gl_generator v0.14.0
[INFO] [stderr]     Checking crossbeam-channel v0.5.1
[INFO] [stderr]     Checking gpu-descriptor v0.1.1
[INFO] [stderr]    Compiling quote v1.0.9
[INFO] [stderr]     Checking gpu-alloc v0.4.7
[INFO] [stderr]     Checking andrew v0.3.1
[INFO] [stderr]     Checking png v0.16.8
[INFO] [stderr]     Checking regex v1.3.1
[INFO] [stderr]     Checking spirv_headers v1.5.0
[INFO] [stderr]     Checking num-complex v0.1.43
[INFO] [stderr]     Checking crossbeam-deque v0.8.0
[INFO] [stderr]     Checking petgraph v0.5.1
[INFO] [stderr]    Compiling wayland-scanner v0.28.5
[INFO] [stderr]     Checking raw-window-handle v0.3.3
[INFO] [stderr]     Checking parking_lot_core v0.8.3
[INFO] [stderr]     Checking nix v0.20.0
[INFO] [stderr]     Checking rand v0.4.6
[INFO] [stderr]     Checking mio v0.7.13
[INFO] [stderr]     Checking memmap2 v0.1.0
[INFO] [stderr]    Compiling wasm-bindgen-test-macro v0.3.24
[INFO] [stderr]     Checking crossbeam v0.8.1
[INFO] [stderr]    Compiling jobserver v0.1.22
[INFO] [stderr]    Compiling num_cpus v1.13.0
[INFO] [stderr]     Checking nes-core v0.1.0 (/opt/rustwide/workdir/nes-core)
[INFO] [stderr]     Checking parking_lot v0.11.1
[INFO] [stderr]     Checking ultraviolet v0.8.1
[INFO] [stderr]    Compiling gl v0.14.0
[INFO] [stderr]     Checking mio-misc v1.2.1
[INFO] [stderr]     Checking num-bigint v0.1.44
[INFO] [stderr]     Checking xcursor v0.3.3
[INFO] [stderr]    Compiling cc v1.0.45
[INFO] [stderr]     Checking nes-test-suite v0.1.0 (/opt/rustwide/workdir/nes-test-suite)
[INFO] [stdout] error[E0308]: mismatched types
[INFO] [stdout]   --> nes-core/src/test.rs:19:44
[INFO] [stdout]    |
[INFO] [stdout] 19 |     nes.bus.borrow_mut().connect_cartridge(&mut rom);
[INFO] [stdout]    |                                            ^^^^^^^^ expected struct `RomFile`, found `&mut RomFile`
[INFO] [stdout]    |
[INFO] [stdout] help: consider removing the borrow
[INFO] [stdout]    |
[INFO] [stdout] 19 -     nes.bus.borrow_mut().connect_cartridge(&mut rom);
[INFO] [stdout] 19 +     nes.bus.borrow_mut().connect_cartridge(rom);
[INFO] [stdout]    | 
[INFO] [stdout] 
[INFO] [stdout] 
[INFO] [stderr]     Checking nes-benchmarks v0.1.0 (/opt/rustwide/workdir/benchmarks)
[INFO] [stdout] error[E0308]: mismatched types
[INFO] [stdout]    --> nes-core/src/test.rs:120:44
[INFO] [stdout]     |
[INFO] [stdout] 120 |     nes.bus.borrow_mut().connect_cartridge(&mut rom);
[INFO] [stdout]     |                                            ^^^^^^^^ expected struct `RomFile`, found `&mut RomFile`
[INFO] [stdout]     |
[INFO] [stdout] help: consider removing the borrow
[INFO] [stdout]     |
[INFO] [stdout] 120 -     nes.bus.borrow_mut().connect_cartridge(&mut rom);
[INFO] [stdout] 120 +     nes.bus.borrow_mut().connect_cartridge(rom);
[INFO] [stdout]     | 
[INFO] [stdout] 
[INFO] [stdout] 
[INFO] [stdout] error[E0308]: mismatched types
[INFO] [stdout]    --> nes-core/src/test.rs:153:44
[INFO] [stdout]     |
[INFO] [stdout] 153 |     nes.bus.borrow_mut().connect_cartridge(&mut rom);
[INFO] [stdout]     |                                            ^^^^^^^^ expected struct `RomFile`, found `&mut RomFile`
[INFO] [stdout]     |
[INFO] [stdout] help: consider removing the borrow
[INFO] [stdout]     |
[INFO] [stdout] 153 -     nes.bus.borrow_mut().connect_cartridge(&mut rom);
[INFO] [stdout] 153 +     nes.bus.borrow_mut().connect_cartridge(rom);
[INFO] [stdout]     | 
[INFO] [stdout] 
[INFO] [stdout] 
[INFO] [stdout] error: aborting due to 3 previous errors
[INFO] [stdout] 
[INFO] [stdout] 
[INFO] [stdout] For more information about this error, try `rustc --explain E0308`.
[INFO] [stdout] 
[INFO] [stderr] error: could not compile `nes-core` due to 4 previous errors
[INFO] [stderr] warning: build failed, waiting for other jobs to finish...
[INFO] [stdout] error[E0554]: `#![feature]` may not be used on the beta release channel
[INFO] [stdout]  --> benchmarks/benchmarks.rs:1:1
[INFO] [stdout]   |
[INFO] [stdout] 1 | #![feature(test)]
[INFO] [stdout]   | ^^^^^^^^^^^^^^^^^
[INFO] [stdout] 
[INFO] [stdout] 
[INFO] [stdout] error[E0308]: mismatched types
[INFO] [stdout]   --> benchmarks/benchmarks.rs:18:44
[INFO] [stdout]    |
[INFO] [stdout] 18 |     nes.bus.borrow_mut().connect_cartridge(&mut rom);
[INFO] [stdout]    |                                            ^^^^^^^^ expected struct `RomFile`, found `&mut RomFile`
[INFO] [stdout]    |
[INFO] [stdout] help: consider removing the borrow
[INFO] [stdout]    |
[INFO] [stdout] 18 -     nes.bus.borrow_mut().connect_cartridge(&mut rom);
[INFO] [stdout] 18 +     nes.bus.borrow_mut().connect_cartridge(rom);
[INFO] [stdout]    | 
[INFO] [stdout] 
[INFO] [stdout] 
[INFO] [stdout] error[E0308]: mismatched types
[INFO] [stdout]   --> benchmarks/benchmarks.rs:30:44
[INFO] [stdout]    |
[INFO] [stdout] 30 |     nes.bus.borrow_mut().connect_cartridge(&mut rom);
[INFO] [stdout]    |                                            ^^^^^^^^ expected struct `RomFile`, found `&mut RomFile`
[INFO] [stdout]    |
[INFO] [stdout] help: consider removing the borrow
[INFO] [stdout]    |
[INFO] [stdout] 30 -     nes.bus.borrow_mut().connect_cartridge(&mut rom);
[INFO] [stdout] 30 +     nes.bus.borrow_mut().connect_cartridge(rom);
[INFO] [stdout]    | 
[INFO] [stdout] 
[INFO] [stdout] 
[INFO] [stdout] error: aborting due to 3 previous errors
[INFO] [stdout] 
[INFO] [stdout] 
[INFO] [stdout] Some errors have detailed explanations: E0308, E0554.
[INFO] [stdout] 
[INFO] [stdout] For more information about an error, try `rustc --explain E0308`.
[INFO] [stdout] 
[INFO] [stdout] error[E0308]: mismatched types
[INFO] [stdout]   --> nes-test-suite/src/lib.rs:12:48
[INFO] [stdout]    |
[INFO] [stdout] 12 |         nes.bus.borrow_mut().connect_cartridge(&mut rom);
[INFO] [stdout]    |                                                ^^^^^^^^ expected struct `RomFile`, found `&mut RomFile`
[INFO] [stdout]    |
[INFO] [stdout] help: consider removing the borrow
[INFO] [stdout]    |
[INFO] [stdout] 12 -         nes.bus.borrow_mut().connect_cartridge(&mut rom);
[INFO] [stdout] 12 +         nes.bus.borrow_mut().connect_cartridge(rom);
[INFO] [stdout]    | 
[INFO] [stdout] 
[INFO] [stdout] 
[INFO] [stdout] error: aborting due to previous error
[INFO] [stdout] 
[INFO] [stdout] 
[INFO] [stdout] For more information about this error, try `rustc --explain E0308`.
[INFO] [stdout] 
[INFO] [stderr] error: build failed
[INFO] running `Command { std: "docker" "inspect" "76a0e5d6cef5e9e298a9543661866064df22f48386566707769e1d9b4a28c4ab", kill_on_drop: false }`
[INFO] running `Command { std: "docker" "rm" "-f" "76a0e5d6cef5e9e298a9543661866064df22f48386566707769e1d9b4a28c4ab", kill_on_drop: false }`
[INFO] [stdout] 76a0e5d6cef5e9e298a9543661866064df22f48386566707769e1d9b4a28c4ab
