[INFO] cloning repository https://github.com/muffetbot/muffet-bot
[INFO] running `Command { std: "git" "-c" "credential.helper=" "-c" "credential.helper=/workspace/cargo-home/bin/git-credential-null" "clone" "--bare" "https://github.com/muffetbot/muffet-bot" "/workspace/cache/git-repos/https%3A%2F%2Fgithub.com%2Fmuffetbot%2Fmuffet-bot", kill_on_drop: false }`
[INFO] [stderr] Cloning into bare repository '/workspace/cache/git-repos/https%3A%2F%2Fgithub.com%2Fmuffetbot%2Fmuffet-bot'...
[INFO] running `Command { std: "git" "rev-parse" "HEAD", kill_on_drop: false }`
[INFO] [stdout] 0207670687e9aa2ae00541aec101b6a03fb3bb4f
[INFO] checking muffetbot/muffet-bot against beta-2021-10-15 for beta-1.56-3
[INFO] running `Command { std: "git" "clone" "/workspace/cache/git-repos/https%3A%2F%2Fgithub.com%2Fmuffetbot%2Fmuffet-bot" "/workspace/builds/worker-6/source", kill_on_drop: false }`
[INFO] [stderr] Cloning into '/workspace/builds/worker-6/source'...
[INFO] [stderr] done.
[INFO] validating manifest of git repo https://github.com/muffetbot/muffet-bot on toolchain beta-2021-10-15
[INFO] running `Command { std: "/workspace/cargo-home/bin/cargo" "+beta-2021-10-15" "metadata" "--manifest-path" "Cargo.toml" "--no-deps", kill_on_drop: false }`
[INFO] started tweaking git repo https://github.com/muffetbot/muffet-bot
[INFO] finished tweaking git repo https://github.com/muffetbot/muffet-bot
[INFO] tweaked toml for git repo https://github.com/muffetbot/muffet-bot written to /workspace/builds/worker-6/source/Cargo.toml
[INFO] running `Command { std: "/workspace/cargo-home/bin/cargo" "+beta-2021-10-15" "generate-lockfile" "--manifest-path" "Cargo.toml" "-Zno-index-update", kill_on_drop: false }`
[INFO] running `Command { std: "/workspace/cargo-home/bin/cargo" "+beta-2021-10-15" "fetch" "--manifest-path" "Cargo.toml", kill_on_drop: false }`
[INFO] [stderr]  Downloading crates ...
[INFO] [stderr]   Downloaded async-tungstenite v0.9.3
[INFO] [stderr]   Downloaded command_attr v0.3.2
[INFO] [stderr]   Downloaded serenity v0.9.4
[INFO] running `Command { std: "docker" "create" "-v" "/var/lib/crater-agent-workspace/builds/worker-6/target:/opt/rustwide/target:rw,Z" "-v" "/var/lib/crater-agent-workspace/builds/worker-6/source:/opt/rustwide/workdir:ro,Z" "-v" "/var/lib/crater-agent-workspace/cargo-home:/opt/rustwide/cargo-home:ro,Z" "-v" "/var/lib/crater-agent-workspace/rustup-home:/opt/rustwide/rustup-home:ro,Z" "-e" "SOURCE_DIR=/opt/rustwide/workdir" "-e" "CARGO_TARGET_DIR=/opt/rustwide/target" "-e" "CARGO_HOME=/opt/rustwide/cargo-home" "-e" "RUSTUP_HOME=/opt/rustwide/rustup-home" "-w" "/opt/rustwide/workdir" "-m" "1610612736" "--user" "0:0" "--network" "none" "ghcr.io/rust-lang/crates-build-env/linux@sha256:a89201d6b5b9fd45c15d5952ece0a0129e7e80cb26ec023fd59cf09bc26f1604" "/opt/rustwide/cargo-home/bin/cargo" "+beta-2021-10-15" "metadata" "--no-deps" "--format-version=1", kill_on_drop: false }`
[INFO] [stdout] ee586a31d682854d05fc9a474292ccf1692ee592b1719159a94e4889c6d05768
[INFO] [stderr] WARNING: Your kernel does not support swap limit capabilities or the cgroup is not mounted. Memory limited without swap.
[INFO] running `Command { std: "docker" "start" "-a" "ee586a31d682854d05fc9a474292ccf1692ee592b1719159a94e4889c6d05768", kill_on_drop: false }`
[INFO] running `Command { std: "docker" "inspect" "ee586a31d682854d05fc9a474292ccf1692ee592b1719159a94e4889c6d05768", kill_on_drop: false }`
[INFO] running `Command { std: "docker" "rm" "-f" "ee586a31d682854d05fc9a474292ccf1692ee592b1719159a94e4889c6d05768", kill_on_drop: false }`
[INFO] [stdout] ee586a31d682854d05fc9a474292ccf1692ee592b1719159a94e4889c6d05768
[INFO] running `Command { std: "docker" "create" "-v" "/var/lib/crater-agent-workspace/builds/worker-6/target:/opt/rustwide/target:rw,Z" "-v" "/var/lib/crater-agent-workspace/builds/worker-6/source:/opt/rustwide/workdir:ro,Z" "-v" "/var/lib/crater-agent-workspace/cargo-home:/opt/rustwide/cargo-home:ro,Z" "-v" "/var/lib/crater-agent-workspace/rustup-home:/opt/rustwide/rustup-home:ro,Z" "-e" "SOURCE_DIR=/opt/rustwide/workdir" "-e" "CARGO_TARGET_DIR=/opt/rustwide/target" "-e" "CARGO_INCREMENTAL=0" "-e" "RUST_BACKTRACE=full" "-e" "RUSTFLAGS=--cap-lints=warn" "-e" "CARGO_HOME=/opt/rustwide/cargo-home" "-e" "RUSTUP_HOME=/opt/rustwide/rustup-home" "-w" "/opt/rustwide/workdir" "-m" "1610612736" "--user" "0:0" "--network" "none" "ghcr.io/rust-lang/crates-build-env/linux@sha256:a89201d6b5b9fd45c15d5952ece0a0129e7e80cb26ec023fd59cf09bc26f1604" "/opt/rustwide/cargo-home/bin/cargo" "+beta-2021-10-15" "check" "--frozen" "--all" "--all-targets" "--message-format=json", kill_on_drop: false }`
[INFO] [stdout] 5b2afa0be8f52a3c085eecfcdc18bbfdda2fc8fe89d14213bd85e83b1219a486
[INFO] [stderr] WARNING: Your kernel does not support swap limit capabilities or the cgroup is not mounted. Memory limited without swap.
[INFO] running `Command { std: "docker" "start" "-a" "5b2afa0be8f52a3c085eecfcdc18bbfdda2fc8fe89d14213bd85e83b1219a486", kill_on_drop: false }`
[INFO] [stderr]     Blocking waiting for file lock on package cache
[INFO] [stderr]     Blocking waiting for file lock on package cache
[INFO] [stderr]    Compiling libc v0.2.104
[INFO] [stderr]     Checking slab v0.4.5
[INFO] [stderr]     Checking ppv-lite86 v0.2.14
[INFO] [stderr]    Compiling serenity v0.9.4
[INFO] [stderr]     Checking uwl v0.6.0
[INFO] [stderr]     Checking home v0.5.3
[INFO] [stderr]     Checking sharded-slab v0.1.4
[INFO] [stderr]     Checking regex-automata v0.1.10
[INFO] [stderr]     Checking regex v1.5.4
[INFO] [stderr]     Checking http-body v0.3.1
[INFO] [stderr]     Checking tracing-log v0.1.2
[INFO] [stderr]    Compiling tokio-macros v0.2.6
[INFO] [stderr]    Compiling pin-project-internal v1.0.8
[INFO] [stderr]    Compiling command_attr v0.3.2
[INFO] [stderr]    Compiling strum_macros v0.20.1
[INFO] [stderr]     Checking serde v1.0.130
[INFO] [stderr]     Checking tracing v0.1.29
[INFO] [stderr]     Checking futures-util v0.3.17
[INFO] [stderr]     Checking matchers v0.0.1
[INFO] [stderr]     Checking net2 v0.2.37
[INFO] [stderr]     Checking iovec v0.1.4
[INFO] [stderr]     Checking ring v0.16.20
[INFO] [stderr]     Checking getrandom v0.1.16
[INFO] [stderr]     Checking time v0.1.43
[INFO] [stderr]     Checking socket2 v0.3.19
[INFO] [stderr]     Checking getrandom v0.2.3
[INFO] [stderr]     Checking flate2 v1.0.22
[INFO] [stderr]     Checking rand_core v0.6.3
[INFO] [stderr]     Checking mio v0.6.23
[INFO] [stderr]     Checking rand_core v0.5.1
[INFO] [stderr]     Checking rand_chacha v0.2.2
[INFO] [stderr]     Checking rand_chacha v0.3.1
[INFO] [stderr]     Checking rand v0.7.3
[INFO] [stderr]     Checking pin-project v1.0.8
[INFO] [stderr]     Checking rand v0.8.4
[INFO] [stderr]     Checking tokio v0.2.25
[INFO] [stderr]     Checking tracing-futures v0.2.5
[INFO] [stderr]     Checking strum v0.20.0
[INFO] [stderr]     Checking webpki v0.21.4
[INFO] [stderr]     Checking sct v0.6.1
[INFO] [stderr]     Checking rustls v0.18.1
[INFO] [stderr]     Checking webpki-roots v0.20.0
[INFO] [stderr]     Checking tungstenite v0.11.1
[INFO] [stderr]     Checking serde_json v1.0.68
[INFO] [stderr]     Checking chrono v0.4.19
[INFO] [stderr]     Checking tracing-serde v0.1.2
[INFO] [stderr]     Checking serde_urlencoded v0.7.0
[INFO] [stderr]     Checking toml v0.5.8
[INFO] [stderr]     Checking futures v0.3.17
[INFO] [stderr]     Checking tracing-subscriber v0.2.25
[INFO] [stderr]     Checking tokio-util v0.3.1
[INFO] [stderr]     Checking tokio-rustls v0.14.1
[INFO] [stderr]     Checking async-tungstenite v0.9.3
[INFO] [stderr]     Checking h2 v0.2.7
[INFO] [stderr]     Checking tracing-appender v0.1.2
[INFO] [stderr]     Checking hyper v0.13.10
[INFO] [stderr]     Checking hyper-rustls v0.21.0
[INFO] [stderr]     Checking reqwest v0.10.10
[INFO] [stderr]     Checking muffet-bot v0.2.1 (/opt/rustwide/workdir)
[INFO] [stdout] error: expected parentheses
[INFO] [stdout]    --> src/admin/commands.rs:131:1
[INFO] [stdout]     |
[INFO] [stdout] 131 | #[instrument]
[INFO] [stdout]     | ^^^^^^^^^^^^^
[INFO] [stdout]     |
[INFO] [stdout]     = note: this error originates in the attribute macro `instrument` (in Nightly builds, run with -Z macro-backtrace for more info)
[INFO] [stdout] 
[INFO] [stdout] 
[INFO] [stdout] error: expected parentheses
[INFO] [stdout]    --> src/admin/commands.rs:152:1
[INFO] [stdout]     |
[INFO] [stdout] 152 | #[instrument]
[INFO] [stdout]     | ^^^^^^^^^^^^^
[INFO] [stdout]     |
[INFO] [stdout]     = note: this error originates in the attribute macro `instrument` (in Nightly builds, run with -Z macro-backtrace for more info)
[INFO] [stdout] 
[INFO] [stdout] 
[INFO] [stdout] error: expected parentheses
[INFO] [stdout]    --> src/admin/commands.rs:131:1
[INFO] [stdout]     |
[INFO] [stdout] 131 | #[instrument]
[INFO] [stdout]     | ^^^^^^^^^^^^^
[INFO] [stdout]     |
[INFO] [stdout]     = note: this error originates in the attribute macro `instrument` (in Nightly builds, run with -Z macro-backtrace for more info)
[INFO] [stdout] 
[INFO] [stdout] 
[INFO] [stdout] error: expected parentheses
[INFO] [stdout]    --> src/admin/commands.rs:172:1
[INFO] [stdout]     |
[INFO] [stdout] 172 | #[instrument]
[INFO] [stdout]     | ^^^^^^^^^^^^^
[INFO] [stdout]     |
[INFO] [stdout]     = note: this error originates in the attribute macro `instrument` (in Nightly builds, run with -Z macro-backtrace for more info)
[INFO] [stdout] 
[INFO] [stdout] 
[INFO] [stdout] error: expected parentheses
[INFO] [stdout]    --> src/admin/commands.rs:152:1
[INFO] [stdout]     |
[INFO] [stdout] 152 | #[instrument]
[INFO] [stdout]     | ^^^^^^^^^^^^^
[INFO] [stdout]     |
[INFO] [stdout]     = note: this error originates in the attribute macro `instrument` (in Nightly builds, run with -Z macro-backtrace for more info)
[INFO] [stdout] 
[INFO] [stdout] 
[INFO] [stdout] error: expected parentheses
[INFO] [stdout]    --> src/admin/commands.rs:191:1
[INFO] [stdout]     |
[INFO] [stdout] 191 | #[instrument]
[INFO] [stdout]     | ^^^^^^^^^^^^^
[INFO] [stdout]     |
[INFO] [stdout]     = note: this error originates in the attribute macro `instrument` (in Nightly builds, run with -Z macro-backtrace for more info)
[INFO] [stdout] 
[INFO] [stdout] 
[INFO] [stdout] error: expected parentheses
[INFO] [stdout]    --> src/admin/commands.rs:172:1
[INFO] [stdout]     |
[INFO] [stdout] 172 | #[instrument]
[INFO] [stdout]     | ^^^^^^^^^^^^^
[INFO] [stdout]     |
[INFO] [stdout]     = note: this error originates in the attribute macro `instrument` (in Nightly builds, run with -Z macro-backtrace for more info)
[INFO] [stdout] 
[INFO] [stdout] 
[INFO] [stdout] error: expected parentheses
[INFO] [stdout]   --> src/mods/commands.rs:17:1
[INFO] [stdout]    |
[INFO] [stdout] 17 | #[instrument]
[INFO] [stdout]    | ^^^^^^^^^^^^^
[INFO] [stdout]    |
[INFO] [stdout]    = note: this error originates in the attribute macro `instrument` (in Nightly builds, run with -Z macro-backtrace for more info)
[INFO] [stdout] 
[INFO] [stdout] 
[INFO] [stdout] error: expected parentheses
[INFO] [stdout]    --> src/admin/commands.rs:191:1
[INFO] [stdout]     |
[INFO] [stdout] 191 | #[instrument]
[INFO] [stdout]     | ^^^^^^^^^^^^^
[INFO] [stdout]     |
[INFO] [stdout]     = note: this error originates in the attribute macro `instrument` (in Nightly builds, run with -Z macro-backtrace for more info)
[INFO] [stdout] 
[INFO] [stdout] 
[INFO] [stdout] error: expected parentheses
[INFO] [stdout]   --> src/mods/commands.rs:17:1
[INFO] [stdout]    |
[INFO] [stdout] 17 | #[instrument]
[INFO] [stdout]    | ^^^^^^^^^^^^^
[INFO] [stdout]    |
[INFO] [stdout]    = note: this error originates in the attribute macro `instrument` (in Nightly builds, run with -Z macro-backtrace for more info)
[INFO] [stdout] 
[INFO] [stdout] 
[INFO] [stdout] error: expected parentheses
[INFO] [stdout]   --> src/utils/discord.rs:23:1
[INFO] [stdout]    |
[INFO] [stdout] 23 | #[instrument]
[INFO] [stdout]    | ^^^^^^^^^^^^^
[INFO] [stdout]    |
[INFO] [stdout]    = note: this error originates in the attribute macro `instrument` (in Nightly builds, run with -Z macro-backtrace for more info)
[INFO] [stdout] 
[INFO] [stdout] 
[INFO] [stdout] error: expected parentheses
[INFO] [stdout]   --> src/utils/discord.rs:23:1
[INFO] [stdout]    |
[INFO] [stdout] 23 | #[instrument]
[INFO] [stdout]    | ^^^^^^^^^^^^^
[INFO] [stdout]    |
[INFO] [stdout]    = note: this error originates in the attribute macro `instrument` (in Nightly builds, run with -Z macro-backtrace for more info)
[INFO] [stdout] 
[INFO] [stdout] 
[INFO] [stdout] error[E0425]: cannot find value `ADDCOM_COMMAND` in this scope
[INFO] [stdout]  --> src/admin.rs:6:1
[INFO] [stdout]   |
[INFO] [stdout] 6 | #[group]
[INFO] [stdout]   | ^^^^^^^^ not found in this scope
[INFO] [stdout]   |
[INFO] [stdout]   = note: this error originates in the attribute macro `group` (in Nightly builds, run with -Z macro-backtrace for more info)
[INFO] [stdout] 
[INFO] [stdout] 
[INFO] [stdout] error[E0425]: cannot find value `COLOR_COMMAND` in this scope
[INFO] [stdout]  --> src/admin.rs:6:1
[INFO] [stdout]   |
[INFO] [stdout] 6 | #[group]
[INFO] [stdout]   | ^^^^^^^^ not found in this scope
[INFO] [stdout]   |
[INFO] [stdout]   = note: this error originates in the attribute macro `group` (in Nightly builds, run with -Z macro-backtrace for more info)
[INFO] [stdout] 
[INFO] [stdout] 
[INFO] [stdout] error[E0425]: cannot find value `RMCOM_COMMAND` in this scope
[INFO] [stdout]  --> src/admin.rs:6:1
[INFO] [stdout]   |
[INFO] [stdout] 6 | #[group]
[INFO] [stdout]   | ^^^^^^^^ not found in this scope
[INFO] [stdout]   |
[INFO] [stdout]   = note: this error originates in the attribute macro `group` (in Nightly builds, run with -Z macro-backtrace for more info)
[INFO] [stdout] 
[INFO] [stdout] 
[INFO] [stdout] error[E0425]: cannot find value `SET_HELP_COMMAND` in this scope
[INFO] [stdout]  --> src/admin.rs:6:1
[INFO] [stdout]   |
[INFO] [stdout] 6 | #[group]
[INFO] [stdout]   | ^^^^^^^^ not found in this scope
[INFO] [stdout]   |
[INFO] [stdout]   = note: this error originates in the attribute macro `group` (in Nightly builds, run with -Z macro-backtrace for more info)
[INFO] [stdout] 
[INFO] [stdout] 
[INFO] [stdout] error[E0425]: cannot find value `ABOUT_CUSTOM_COMMAND` in this scope
[INFO] [stdout]   --> src/mods/commands.rs:4:1
[INFO] [stdout]    |
[INFO] [stdout] 4  |   #[group]
[INFO] [stdout]    |   ^^^^^^^^ help: a constant with a similar name exists: `ABOUT_CUSTOM_COMMANDS`
[INFO] [stdout] ...
[INFO] [stdout] 8  | / const ABOUT_CUSTOM_COMMANDS: &str = r#"
[INFO] [stdout] 9  | | Custom commands offering more flexibility than
[INFO] [stdout] 10 | | what the config offers are able to be compiled
[INFO] [stdout] 11 | | as part of the mods folder.
[INFO] [stdout] ...  |
[INFO] [stdout] 14 | | Serenity API, and muffetbot's built-in webscraper.
[INFO] [stdout] 15 | | "#;
[INFO] [stdout]    | |___- similarly named constant `ABOUT_CUSTOM_COMMANDS` defined here
[INFO] [stdout]    |
[INFO] [stdout]    = note: this error originates in the attribute macro `group` (in Nightly builds, run with -Z macro-backtrace for more info)
[INFO] [stdout] 
[INFO] [stdout] 
[INFO] [stdout] error[E0425]: cannot find value `MUFFET_HELP` in this scope
[INFO] [stdout]   --> src/main.rs:88:16
[INFO] [stdout]    |
[INFO] [stdout] 88 |         .help(&MUFFET_HELP)
[INFO] [stdout]    |                ^^^^^^^^^^^ not found in this scope
[INFO] [stdout] 
[INFO] [stdout] 
[INFO] [stdout] warning: unused import: `commands::*`
[INFO] [stdout]  --> src/admin.rs:2:5
[INFO] [stdout]   |
[INFO] [stdout] 2 | use commands::*;
[INFO] [stdout]   |     ^^^^^^^^^^^
[INFO] [stdout]   |
[INFO] [stdout]   = note: `#[warn(unused_imports)]` on by default
[INFO] [stdout] 
[INFO] [stdout] 
[INFO] [stdout] warning: unused imports: `CommandGroup`, `HelpOptions`, `model::id::UserId`
[INFO] [stdout]  --> src/utils/discord.rs:6:9
[INFO] [stdout]   |
[INFO] [stdout] 6 |         CommandGroup, HelpOptions,
[INFO] [stdout]   |         ^^^^^^^^^^^^  ^^^^^^^^^^^
[INFO] [stdout] 7 |     },
[INFO] [stdout] 8 |     model::id::UserId,
[INFO] [stdout]   |     ^^^^^^^^^^^^^^^^^
[INFO] [stdout] 
[INFO] [stdout] 
[INFO] [stdout] warning: unused import: `collections::HashSet`
[INFO] [stdout]   --> src/utils/discord.rs:13:11
[INFO] [stdout]    |
[INFO] [stdout] 13 | use std::{collections::HashSet, sync::Arc};
[INFO] [stdout]    |           ^^^^^^^^^^^^^^^^^^^^
[INFO] [stdout] 
[INFO] [stdout] 
[INFO] [stdout] error[E0425]: cannot find value `ADDCOM_COMMAND` in this scope
[INFO] [stdout]  --> src/admin.rs:6:1
[INFO] [stdout]   |
[INFO] [stdout] 6 | #[group]
[INFO] [stdout]   | ^^^^^^^^ not found in this scope
[INFO] [stdout]   |
[INFO] [stdout]   = note: this error originates in the attribute macro `group` (in Nightly builds, run with -Z macro-backtrace for more info)
[INFO] [stdout] 
[INFO] [stdout] 
[INFO] [stdout] error[E0425]: cannot find value `COLOR_COMMAND` in this scope
[INFO] [stdout]  --> src/admin.rs:6:1
[INFO] [stdout]   |
[INFO] [stdout] 6 | #[group]
[INFO] [stdout]   | ^^^^^^^^ not found in this scope
[INFO] [stdout]   |
[INFO] [stdout]   = note: this error originates in the attribute macro `group` (in Nightly builds, run with -Z macro-backtrace for more info)
[INFO] [stdout] 
[INFO] [stdout] 
[INFO] [stdout] error[E0425]: cannot find value `RMCOM_COMMAND` in this scope
[INFO] [stdout]  --> src/admin.rs:6:1
[INFO] [stdout]   |
[INFO] [stdout] 6 | #[group]
[INFO] [stdout]   | ^^^^^^^^ not found in this scope
[INFO] [stdout]   |
[INFO] [stdout]   = note: this error originates in the attribute macro `group` (in Nightly builds, run with -Z macro-backtrace for more info)
[INFO] [stdout] 
[INFO] [stdout] 
[INFO] [stdout] error[E0425]: cannot find value `SET_HELP_COMMAND` in this scope
[INFO] [stdout]  --> src/admin.rs:6:1
[INFO] [stdout]   |
[INFO] [stdout] 6 | #[group]
[INFO] [stdout]   | ^^^^^^^^ not found in this scope
[INFO] [stdout]   |
[INFO] [stdout]   = note: this error originates in the attribute macro `group` (in Nightly builds, run with -Z macro-backtrace for more info)
[INFO] [stdout] 
[INFO] [stdout] 
[INFO] [stdout] error[E0425]: cannot find value `ABOUT_CUSTOM_COMMAND` in this scope
[INFO] [stdout]   --> src/mods/commands.rs:4:1
[INFO] [stdout]    |
[INFO] [stdout] 4  |   #[group]
[INFO] [stdout]    |   ^^^^^^^^ help: a constant with a similar name exists: `ABOUT_CUSTOM_COMMANDS`
[INFO] [stdout] ...
[INFO] [stdout] 8  | / const ABOUT_CUSTOM_COMMANDS: &str = r#"
[INFO] [stdout] 9  | | Custom commands offering more flexibility than
[INFO] [stdout] 10 | | what the config offers are able to be compiled
[INFO] [stdout] 11 | | as part of the mods folder.
[INFO] [stdout] ...  |
[INFO] [stdout] 14 | | Serenity API, and muffetbot's built-in webscraper.
[INFO] [stdout] 15 | | "#;
[INFO] [stdout]    | |___- similarly named constant `ABOUT_CUSTOM_COMMANDS` defined here
[INFO] [stdout]    |
[INFO] [stdout]    = note: this error originates in the attribute macro `group` (in Nightly builds, run with -Z macro-backtrace for more info)
[INFO] [stdout] 
[INFO] [stdout] 
[INFO] [stdout] error[E0425]: cannot find value `MUFFET_HELP` in this scope
[INFO] [stdout]   --> src/main.rs:88:16
[INFO] [stdout]    |
[INFO] [stdout] 88 |         .help(&MUFFET_HELP)
[INFO] [stdout]    |                ^^^^^^^^^^^ not found in this scope
[INFO] [stdout] 
[INFO] [stdout] 
[INFO] [stdout] warning: unused import: `commands::*`
[INFO] [stdout]  --> src/admin.rs:2:5
[INFO] [stdout]   |
[INFO] [stdout] 2 | use commands::*;
[INFO] [stdout]   |     ^^^^^^^^^^^
[INFO] [stdout]   |
[INFO] [stdout]   = note: `#[warn(unused_imports)]` on by default
[INFO] [stdout] 
[INFO] [stdout] 
[INFO] [stdout] warning: unused imports: `CommandGroup`, `HelpOptions`, `model::id::UserId`
[INFO] [stdout]  --> src/utils/discord.rs:6:9
[INFO] [stdout]   |
[INFO] [stdout] 6 |         CommandGroup, HelpOptions,
[INFO] [stdout]   |         ^^^^^^^^^^^^  ^^^^^^^^^^^
[INFO] [stdout] 7 |     },
[INFO] [stdout] 8 |     model::id::UserId,
[INFO] [stdout]   |     ^^^^^^^^^^^^^^^^^
[INFO] [stdout] 
[INFO] [stdout] 
[INFO] [stdout] warning: unused import: `collections::HashSet`
[INFO] [stdout]   --> src/utils/discord.rs:13:11
[INFO] [stdout]    |
[INFO] [stdout] 13 | use std::{collections::HashSet, sync::Arc};
[INFO] [stdout]    |           ^^^^^^^^^^^^^^^^^^^^
[INFO] [stdout] 
[INFO] [stdout] 
[INFO] [stdout] error[E0277]: `serenity::prelude::Context` doesn't implement `std::fmt::Debug`
[INFO] [stdout]    --> src/utils/prelude.rs:49:1
[INFO] [stdout]     |
[INFO] [stdout] 49  | #[instrument]
[INFO] [stdout]     | ^^^^^^^^^^^^^ `serenity::prelude::Context` cannot be formatted using `{:?}` because it doesn't implement `std::fmt::Debug`
[INFO] [stdout]     |
[INFO] [stdout]     = help: the trait `std::fmt::Debug` is not implemented for `serenity::prelude::Context`
[INFO] [stdout]     = note: required because of the requirements on the impl of `std::fmt::Debug` for `&serenity::prelude::Context`
[INFO] [stdout]     = note: 1 redundant requirements hidden
[INFO] [stdout]     = note: required because of the requirements on the impl of `std::fmt::Debug` for `&&serenity::prelude::Context`
[INFO] [stdout] note: required by a bound in `debug`
[INFO] [stdout]    --> /opt/rustwide/cargo-home/registry/src/github.com-1ecc6299db9ec823/tracing-core-0.1.21/src/field.rs:265:8
[INFO] [stdout]     |
[INFO] [stdout] 265 |     T: fmt::Debug,
[INFO] [stdout]     |        ^^^^^^^^^^ required by this bound in `debug`
[INFO] [stdout]     = note: this error originates in the attribute macro `instrument` (in Nightly builds, run with -Z macro-backtrace for more info)
[INFO] [stdout] 
[INFO] [stdout] 
[INFO] [stdout] error[E0277]: `serenity::prelude::Context` doesn't implement `std::fmt::Debug`
[INFO] [stdout]    --> src/utils/prelude.rs:49:1
[INFO] [stdout]     |
[INFO] [stdout] 49  | #[instrument]
[INFO] [stdout]     | ^^^^^^^^^^^^^ `serenity::prelude::Context` cannot be formatted using `{:?}` because it doesn't implement `std::fmt::Debug`
[INFO] [stdout]     |
[INFO] [stdout]     = help: the trait `std::fmt::Debug` is not implemented for `serenity::prelude::Context`
[INFO] [stdout]     = note: required because of the requirements on the impl of `std::fmt::Debug` for `&serenity::prelude::Context`
[INFO] [stdout]     = note: 1 redundant requirements hidden
[INFO] [stdout]     = note: required because of the requirements on the impl of `std::fmt::Debug` for `&&serenity::prelude::Context`
[INFO] [stdout] note: required by a bound in `debug`
[INFO] [stdout]    --> /opt/rustwide/cargo-home/registry/src/github.com-1ecc6299db9ec823/tracing-core-0.1.21/src/field.rs:265:8
[INFO] [stdout]     |
[INFO] [stdout] 265 |     T: fmt::Debug,
[INFO] [stdout]     |        ^^^^^^^^^^ required by this bound in `debug`
[INFO] [stdout]     = note: this error originates in the attribute macro `instrument` (in Nightly builds, run with -Z macro-backtrace for more info)
[INFO] [stdout] 
[INFO] [stdout] 
[INFO] [stdout] error[E0277]: `serenity::prelude::Context` doesn't implement `std::fmt::Debug`
[INFO] [stdout]   --> src/utils/prelude.rs:49:1
[INFO] [stdout]    |
[INFO] [stdout] 49 | #[instrument]
[INFO] [stdout]    | ^^^^^^^^^^^^^ `serenity::prelude::Context` cannot be formatted using `{:?}` because it doesn't implement `std::fmt::Debug`
[INFO] [stdout]    |
[INFO] [stdout]    = help: the trait `std::fmt::Debug` is not implemented for `serenity::prelude::Context`
[INFO] [stdout]    = note: required because of the requirements on the impl of `std::fmt::Debug` for `&serenity::prelude::Context`
[INFO] [stdout]    = note: 1 redundant requirements hidden
[INFO] [stdout]    = note: required because of the requirements on the impl of `std::fmt::Debug` for `&&serenity::prelude::Context`
[INFO] [stdout]    = note: required because of the requirements on the impl of `tracing::Value` for `DebugValue<&&serenity::prelude::Context>`
[INFO] [stdout]    = note: required for the cast to the object type `dyn tracing::Value`
[INFO] [stdout]    = note: this error originates in the macro `$crate::valueset` (in Nightly builds, run with -Z macro-backtrace for more info)
[INFO] [stdout] 
[INFO] [stdout] 
[INFO] [stdout] error[E0277]: `serenity::prelude::Context` doesn't implement `std::fmt::Debug`
[INFO] [stdout]    --> src/utils/prelude.rs:77:1
[INFO] [stdout]     |
[INFO] [stdout] 77  | #[instrument]
[INFO] [stdout]     | ^^^^^^^^^^^^^ `serenity::prelude::Context` cannot be formatted using `{:?}` because it doesn't implement `std::fmt::Debug`
[INFO] [stdout]     |
[INFO] [stdout]     = help: the trait `std::fmt::Debug` is not implemented for `serenity::prelude::Context`
[INFO] [stdout]     = note: required because of the requirements on the impl of `std::fmt::Debug` for `&serenity::prelude::Context`
[INFO] [stdout]     = note: 1 redundant requirements hidden
[INFO] [stdout]     = note: required because of the requirements on the impl of `std::fmt::Debug` for `&&serenity::prelude::Context`
[INFO] [stdout] note: required by a bound in `debug`
[INFO] [stdout]    --> /opt/rustwide/cargo-home/registry/src/github.com-1ecc6299db9ec823/tracing-core-0.1.21/src/field.rs:265:8
[INFO] [stdout]     |
[INFO] [stdout] 265 |     T: fmt::Debug,
[INFO] [stdout]     |        ^^^^^^^^^^ required by this bound in `debug`
[INFO] [stdout]     = note: this error originates in the attribute macro `instrument` (in Nightly builds, run with -Z macro-backtrace for more info)
[INFO] [stdout] 
[INFO] [stdout] 
[INFO] [stdout] error[E0277]: `serenity::prelude::Context` doesn't implement `std::fmt::Debug`
[INFO] [stdout]   --> src/utils/prelude.rs:49:1
[INFO] [stdout]    |
[INFO] [stdout] 49 | #[instrument]
[INFO] [stdout]    | ^^^^^^^^^^^^^ `serenity::prelude::Context` cannot be formatted using `{:?}` because it doesn't implement `std::fmt::Debug`
[INFO] [stdout]    |
[INFO] [stdout]    = help: the trait `std::fmt::Debug` is not implemented for `serenity::prelude::Context`
[INFO] [stdout]    = note: required because of the requirements on the impl of `std::fmt::Debug` for `&serenity::prelude::Context`
[INFO] [stdout]    = note: 1 redundant requirements hidden
[INFO] [stdout]    = note: required because of the requirements on the impl of `std::fmt::Debug` for `&&serenity::prelude::Context`
[INFO] [stdout]    = note: required because of the requirements on the impl of `tracing::Value` for `DebugValue<&&serenity::prelude::Context>`
[INFO] [stdout]    = note: required for the cast to the object type `dyn tracing::Value`
[INFO] [stdout]    = note: this error originates in the macro `$crate::valueset` (in Nightly builds, run with -Z macro-backtrace for more info)
[INFO] [stdout] 
[INFO] [stdout] 
[INFO] [stdout] error[E0277]: `serenity::prelude::Context` doesn't implement `std::fmt::Debug`
[INFO] [stdout]    --> src/utils/prelude.rs:77:1
[INFO] [stdout]     |
[INFO] [stdout] 77  | #[instrument]
[INFO] [stdout]     | ^^^^^^^^^^^^^ `serenity::prelude::Context` cannot be formatted using `{:?}` because it doesn't implement `std::fmt::Debug`
[INFO] [stdout]     |
[INFO] [stdout]     = help: the trait `std::fmt::Debug` is not implemented for `serenity::prelude::Context`
[INFO] [stdout]     = note: required because of the requirements on the impl of `std::fmt::Debug` for `&serenity::prelude::Context`
[INFO] [stdout]     = note: 1 redundant requirements hidden
[INFO] [stdout]     = note: required because of the requirements on the impl of `std::fmt::Debug` for `&&serenity::prelude::Context`
[INFO] [stdout] note: required by a bound in `debug`
[INFO] [stdout]    --> /opt/rustwide/cargo-home/registry/src/github.com-1ecc6299db9ec823/tracing-core-0.1.21/src/field.rs:265:8
[INFO] [stdout]     |
[INFO] [stdout] 265 |     T: fmt::Debug,
[INFO] [stdout]     |        ^^^^^^^^^^ required by this bound in `debug`
[INFO] [stdout]     = note: this error originates in the attribute macro `instrument` (in Nightly builds, run with -Z macro-backtrace for more info)
[INFO] [stdout] 
[INFO] [stdout] 
[INFO] [stdout] error[E0277]: `serenity::prelude::Context` doesn't implement `std::fmt::Debug`
[INFO] [stdout]   --> src/utils/prelude.rs:77:1
[INFO] [stdout]    |
[INFO] [stdout] 77 | #[instrument]
[INFO] [stdout]    | ^^^^^^^^^^^^^ `serenity::prelude::Context` cannot be formatted using `{:?}` because it doesn't implement `std::fmt::Debug`
[INFO] [stdout]    |
[INFO] [stdout]    = help: the trait `std::fmt::Debug` is not implemented for `serenity::prelude::Context`
[INFO] [stdout]    = note: required because of the requirements on the impl of `std::fmt::Debug` for `&serenity::prelude::Context`
[INFO] [stdout]    = note: 1 redundant requirements hidden
[INFO] [stdout]    = note: required because of the requirements on the impl of `std::fmt::Debug` for `&&serenity::prelude::Context`
[INFO] [stdout]    = note: required because of the requirements on the impl of `tracing::Value` for `DebugValue<&&serenity::prelude::Context>`
[INFO] [stdout]    = note: required for the cast to the object type `dyn tracing::Value`
[INFO] [stdout]    = note: this error originates in the macro `$crate::valueset` (in Nightly builds, run with -Z macro-backtrace for more info)
[INFO] [stdout] 
[INFO] [stdout] 
[INFO] [stdout] error[E0277]: `serenity::prelude::Context` doesn't implement `std::fmt::Debug`
[INFO] [stdout]    --> src/utils/prelude.rs:35:1
[INFO] [stdout]     |
[INFO] [stdout] 35  | #[instrument]
[INFO] [stdout]     | ^^^^^^^^^^^^^ `serenity::prelude::Context` cannot be formatted using `{:?}` because it doesn't implement `std::fmt::Debug`
[INFO] [stdout]     |
[INFO] [stdout]     = help: the trait `std::fmt::Debug` is not implemented for `serenity::prelude::Context`
[INFO] [stdout]     = note: required because of the requirements on the impl of `std::fmt::Debug` for `&serenity::prelude::Context`
[INFO] [stdout]     = note: 1 redundant requirements hidden
[INFO] [stdout]     = note: required because of the requirements on the impl of `std::fmt::Debug` for `&&serenity::prelude::Context`
[INFO] [stdout] note: required by a bound in `debug`
[INFO] [stdout]    --> /opt/rustwide/cargo-home/registry/src/github.com-1ecc6299db9ec823/tracing-core-0.1.21/src/field.rs:265:8
[INFO] [stdout]     |
[INFO] [stdout] 265 |     T: fmt::Debug,
[INFO] [stdout]     |        ^^^^^^^^^^ required by this bound in `debug`
[INFO] [stdout]     = note: this error originates in the attribute macro `instrument` (in Nightly builds, run with -Z macro-backtrace for more info)
[INFO] [stdout] 
[INFO] [stdout] 
[INFO] [stdout] error[E0277]: `serenity::prelude::Context` doesn't implement `std::fmt::Debug`
[INFO] [stdout]   --> src/utils/prelude.rs:77:1
[INFO] [stdout]    |
[INFO] [stdout] 77 | #[instrument]
[INFO] [stdout]    | ^^^^^^^^^^^^^ `serenity::prelude::Context` cannot be formatted using `{:?}` because it doesn't implement `std::fmt::Debug`
[INFO] [stdout]    |
[INFO] [stdout]    = help: the trait `std::fmt::Debug` is not implemented for `serenity::prelude::Context`
[INFO] [stdout]    = note: required because of the requirements on the impl of `std::fmt::Debug` for `&serenity::prelude::Context`
[INFO] [stdout]    = note: 1 redundant requirements hidden
[INFO] [stdout]    = note: required because of the requirements on the impl of `std::fmt::Debug` for `&&serenity::prelude::Context`
[INFO] [stdout]    = note: required because of the requirements on the impl of `tracing::Value` for `DebugValue<&&serenity::prelude::Context>`
[INFO] [stdout]    = note: required for the cast to the object type `dyn tracing::Value`
[INFO] [stdout]    = note: this error originates in the macro `$crate::valueset` (in Nightly builds, run with -Z macro-backtrace for more info)
[INFO] [stdout] 
[INFO] [stdout] 
[INFO] [stdout] error[E0277]: `serenity::prelude::Context` doesn't implement `std::fmt::Debug`
[INFO] [stdout]    --> src/utils/prelude.rs:35:1
[INFO] [stdout]     |
[INFO] [stdout] 35  | #[instrument]
[INFO] [stdout]     | ^^^^^^^^^^^^^ `serenity::prelude::Context` cannot be formatted using `{:?}` because it doesn't implement `std::fmt::Debug`
[INFO] [stdout]     |
[INFO] [stdout]     = help: the trait `std::fmt::Debug` is not implemented for `serenity::prelude::Context`
[INFO] [stdout]     = note: required because of the requirements on the impl of `std::fmt::Debug` for `&serenity::prelude::Context`
[INFO] [stdout]     = note: 1 redundant requirements hidden
[INFO] [stdout]     = note: required because of the requirements on the impl of `std::fmt::Debug` for `&&serenity::prelude::Context`
[INFO] [stdout] note: required by a bound in `debug`
[INFO] [stdout]    --> /opt/rustwide/cargo-home/registry/src/github.com-1ecc6299db9ec823/tracing-core-0.1.21/src/field.rs:265:8
[INFO] [stdout]     |
[INFO] [stdout] 265 |     T: fmt::Debug,
[INFO] [stdout]     |        ^^^^^^^^^^ required by this bound in `debug`
[INFO] [stdout]     = note: this error originates in the attribute macro `instrument` (in Nightly builds, run with -Z macro-backtrace for more info)
[INFO] [stdout] 
[INFO] [stdout] 
[INFO] [stdout] error[E0277]: `serenity::prelude::Context` doesn't implement `std::fmt::Debug`
[INFO] [stdout]   --> src/utils/prelude.rs:35:1
[INFO] [stdout]    |
[INFO] [stdout] 35 | #[instrument]
[INFO] [stdout]    | ^^^^^^^^^^^^^ `serenity::prelude::Context` cannot be formatted using `{:?}` because it doesn't implement `std::fmt::Debug`
[INFO] [stdout]    |
[INFO] [stdout]    = help: the trait `std::fmt::Debug` is not implemented for `serenity::prelude::Context`
[INFO] [stdout]    = note: required because of the requirements on the impl of `std::fmt::Debug` for `&serenity::prelude::Context`
[INFO] [stdout]    = note: 1 redundant requirements hidden
[INFO] [stdout]    = note: required because of the requirements on the impl of `std::fmt::Debug` for `&&serenity::prelude::Context`
[INFO] [stdout]    = note: required because of the requirements on the impl of `tracing::Value` for `DebugValue<&&serenity::prelude::Context>`
[INFO] [stdout]    = note: required for the cast to the object type `dyn tracing::Value`
[INFO] [stdout]    = note: this error originates in the macro `$crate::valueset` (in Nightly builds, run with -Z macro-backtrace for more info)
[INFO] [stdout] 
[INFO] [stdout] 
[INFO] [stdout] error[E0277]: `serenity::prelude::Context` doesn't implement `std::fmt::Debug`
[INFO] [stdout]   --> src/utils/prelude.rs:35:1
[INFO] [stdout]    |
[INFO] [stdout] 35 | #[instrument]
[INFO] [stdout]    | ^^^^^^^^^^^^^ `serenity::prelude::Context` cannot be formatted using `{:?}` because it doesn't implement `std::fmt::Debug`
[INFO] [stdout]    |
[INFO] [stdout]    = help: the trait `std::fmt::Debug` is not implemented for `serenity::prelude::Context`
[INFO] [stdout]    = note: required because of the requirements on the impl of `std::fmt::Debug` for `&serenity::prelude::Context`
[INFO] [stdout]    = note: 1 redundant requirements hidden
[INFO] [stdout]    = note: required because of the requirements on the impl of `std::fmt::Debug` for `&&serenity::prelude::Context`
[INFO] [stdout]    = note: required because of the requirements on the impl of `tracing::Value` for `DebugValue<&&serenity::prelude::Context>`
[INFO] [stdout]    = note: required for the cast to the object type `dyn tracing::Value`
[INFO] [stdout]    = note: this error originates in the macro `$crate::valueset` (in Nightly builds, run with -Z macro-backtrace for more info)
[INFO] [stdout] 
[INFO] [stdout] 
[INFO] [stdout] error: aborting due to 18 previous errors; 3 warnings emitted
[INFO] [stdout] 
[INFO] [stdout] 
[INFO] [stdout] Some errors have detailed explanations: E0277, E0425.
[INFO] [stdout] 
[INFO] [stdout] For more information about an error, try `rustc --explain E0277`.
[INFO] [stdout] 
[INFO] [stderr] error: could not compile `muffet-bot` due to 19 previous errors; 3 warnings emitted
[INFO] [stderr] warning: build failed, waiting for other jobs to finish...
[INFO] [stdout] error: aborting due to 18 previous errors; 3 warnings emitted
[INFO] [stdout] 
[INFO] [stdout] 
[INFO] [stdout] Some errors have detailed explanations: E0277, E0425.
[INFO] [stdout] 
[INFO] [stdout] For more information about an error, try `rustc --explain E0277`.
[INFO] [stdout] 
[INFO] [stderr] error: build failed
[INFO] running `Command { std: "docker" "inspect" "5b2afa0be8f52a3c085eecfcdc18bbfdda2fc8fe89d14213bd85e83b1219a486", kill_on_drop: false }`
[INFO] running `Command { std: "docker" "rm" "-f" "5b2afa0be8f52a3c085eecfcdc18bbfdda2fc8fe89d14213bd85e83b1219a486", kill_on_drop: false }`
[INFO] [stdout] 5b2afa0be8f52a3c085eecfcdc18bbfdda2fc8fe89d14213bd85e83b1219a486
