[INFO] cloning repository https://github.com/mshrtsr/rust-re-export-dependencies
[INFO] running `Command { std: "git" "-c" "credential.helper=" "-c" "credential.helper=/workspace/cargo-home/bin/git-credential-null" "clone" "--bare" "https://github.com/mshrtsr/rust-re-export-dependencies" "/workspace/cache/git-repos/https%3A%2F%2Fgithub.com%2Fmshrtsr%2Frust-re-export-dependencies", kill_on_drop: false }`
[INFO] [stderr] Cloning into bare repository '/workspace/cache/git-repos/https%3A%2F%2Fgithub.com%2Fmshrtsr%2Frust-re-export-dependencies'...
[INFO] running `Command { std: "git" "rev-parse" "HEAD", kill_on_drop: false }`
[INFO] [stdout] ff11812a4960d5824b8f7fd6c57caaab8e8cbf44
[INFO] checking mshrtsr/rust-re-export-dependencies against 1.55.0 for beta-1.56-3
[INFO] running `Command { std: "git" "clone" "/workspace/cache/git-repos/https%3A%2F%2Fgithub.com%2Fmshrtsr%2Frust-re-export-dependencies" "/workspace/builds/worker-14/source", kill_on_drop: false }`
[INFO] [stderr] Cloning into '/workspace/builds/worker-14/source'...
[INFO] [stderr] done.
[INFO] validating manifest of git repo https://github.com/mshrtsr/rust-re-export-dependencies on toolchain 1.55.0
[INFO] running `Command { std: "/workspace/cargo-home/bin/cargo" "+1.55.0" "metadata" "--manifest-path" "Cargo.toml" "--no-deps", kill_on_drop: false }`
[INFO] started tweaking git repo https://github.com/mshrtsr/rust-re-export-dependencies
[INFO] finished tweaking git repo https://github.com/mshrtsr/rust-re-export-dependencies
[INFO] tweaked toml for git repo https://github.com/mshrtsr/rust-re-export-dependencies written to /workspace/builds/worker-14/source/Cargo.toml
[INFO] crate git repo https://github.com/mshrtsr/rust-re-export-dependencies already has a lockfile, it will not be regenerated
[INFO] running `Command { std: "/workspace/cargo-home/bin/cargo" "+1.55.0" "fetch" "--manifest-path" "Cargo.toml", kill_on_drop: false }`
[INFO] [stderr]     Blocking waiting for file lock on package cache
[INFO] running `Command { std: "docker" "create" "-v" "/var/lib/crater-agent-workspace/builds/worker-14/target:/opt/rustwide/target:rw,Z" "-v" "/var/lib/crater-agent-workspace/builds/worker-14/source:/opt/rustwide/workdir:ro,Z" "-v" "/var/lib/crater-agent-workspace/cargo-home:/opt/rustwide/cargo-home:ro,Z" "-v" "/var/lib/crater-agent-workspace/rustup-home:/opt/rustwide/rustup-home:ro,Z" "-e" "SOURCE_DIR=/opt/rustwide/workdir" "-e" "CARGO_TARGET_DIR=/opt/rustwide/target" "-e" "CARGO_HOME=/opt/rustwide/cargo-home" "-e" "RUSTUP_HOME=/opt/rustwide/rustup-home" "-w" "/opt/rustwide/workdir" "-m" "1610612736" "--user" "0:0" "--network" "none" "ghcr.io/rust-lang/crates-build-env/linux@sha256:a89201d6b5b9fd45c15d5952ece0a0129e7e80cb26ec023fd59cf09bc26f1604" "/opt/rustwide/cargo-home/bin/cargo" "+1.55.0" "metadata" "--no-deps" "--format-version=1", kill_on_drop: false }`
[INFO] [stdout] 23fff0bc0a4a925c6441de53a284d0ad10e0f216385bcc37a70cb1a3cb17ce33
[INFO] [stderr] WARNING: Your kernel does not support swap limit capabilities or the cgroup is not mounted. Memory limited without swap.
[INFO] running `Command { std: "docker" "start" "-a" "23fff0bc0a4a925c6441de53a284d0ad10e0f216385bcc37a70cb1a3cb17ce33", kill_on_drop: false }`
[INFO] running `Command { std: "docker" "inspect" "23fff0bc0a4a925c6441de53a284d0ad10e0f216385bcc37a70cb1a3cb17ce33", kill_on_drop: false }`
[INFO] running `Command { std: "docker" "rm" "-f" "23fff0bc0a4a925c6441de53a284d0ad10e0f216385bcc37a70cb1a3cb17ce33", kill_on_drop: false }`
[INFO] [stdout] 23fff0bc0a4a925c6441de53a284d0ad10e0f216385bcc37a70cb1a3cb17ce33
[INFO] running `Command { std: "docker" "create" "-v" "/var/lib/crater-agent-workspace/builds/worker-14/target:/opt/rustwide/target:rw,Z" "-v" "/var/lib/crater-agent-workspace/builds/worker-14/source:/opt/rustwide/workdir:ro,Z" "-v" "/var/lib/crater-agent-workspace/cargo-home:/opt/rustwide/cargo-home:ro,Z" "-v" "/var/lib/crater-agent-workspace/rustup-home:/opt/rustwide/rustup-home:ro,Z" "-e" "SOURCE_DIR=/opt/rustwide/workdir" "-e" "CARGO_TARGET_DIR=/opt/rustwide/target" "-e" "CARGO_INCREMENTAL=0" "-e" "RUST_BACKTRACE=full" "-e" "RUSTFLAGS=--cap-lints=warn" "-e" "CARGO_HOME=/opt/rustwide/cargo-home" "-e" "RUSTUP_HOME=/opt/rustwide/rustup-home" "-w" "/opt/rustwide/workdir" "-m" "1610612736" "--user" "0:0" "--network" "none" "ghcr.io/rust-lang/crates-build-env/linux@sha256:a89201d6b5b9fd45c15d5952ece0a0129e7e80cb26ec023fd59cf09bc26f1604" "/opt/rustwide/cargo-home/bin/cargo" "+1.55.0" "check" "--frozen" "--all" "--all-targets" "--message-format=json", kill_on_drop: false }`
[INFO] [stdout] 9d9dc9f1d06701f01693437f2775949c51d7db0adf853da45ac1a8b8c54ab092
[INFO] [stderr] WARNING: Your kernel does not support swap limit capabilities or the cgroup is not mounted. Memory limited without swap.
[INFO] running `Command { std: "docker" "start" "-a" "9d9dc9f1d06701f01693437f2775949c51d7db0adf853da45ac1a8b8c54ab092", kill_on_drop: false }`
[INFO] [stderr]    Compiling num-derive v0.2.5
[INFO] [stderr]     Checking png v0.12.0
[INFO] [stderr]     Checking tiff v0.6.0
[INFO] [stderr]     Checking image v0.23.12
[INFO] [stderr]     Checking image v0.19.0
[INFO] [stderr]     Checking reexport-dependent-types v0.1.0 (/opt/rustwide/workdir/crates/reexport-dependent-types)
[INFO] [stderr]     Checking reexport-dependent-crate v0.1.0 (/opt/rustwide/workdir/crates/reexport-dependent-crate)
[INFO] [stderr]     Checking no-reexport v0.1.0 (/opt/rustwide/workdir/crates/no-reexport)
[INFO] [stderr]     Checking rust-re-export-dependencies v0.1.0 (/opt/rustwide/workdir)
[INFO] [stdout] error[E0277]: the trait bound `reexport_dependent_types::DynamicImage: GenericImageView` is not satisfied
[INFO] [stdout]    --> src/bin/main-reexport-dependent-types.rs:7:31
[INFO] [stdout]     |
[INFO] [stdout] 7   |     imageops::flip_horizontal(&mut dst_image); // コンパイルエラー
[INFO] [stdout]     |                               ^^^^^^^^^^^^^^ the trait `GenericImageView` is not implemented for `reexport_dependent_types::DynamicImage`
[INFO] [stdout]     | 
[INFO] [stdout]    ::: /opt/rustwide/cargo-home/registry/src/github.com-1ecc6299db9ec823/image-0.23.12/./src/imageops/affine.rs:120:27
[INFO] [stdout]     |
[INFO] [stdout] 120 | pub fn flip_horizontal<I: GenericImageView>(
[INFO] [stdout]     |                           ---------------- required by this bound in `flip_horizontal`
[INFO] [stdout] 
[INFO] [stdout] 
[INFO] [stdout] error[E0277]: the trait bound `reexport_dependent_types::DynamicImage: GenericImageView` is not satisfied
[INFO] [stdout]  --> src/bin/main-reexport-dependent-types.rs:7:5
[INFO] [stdout]   |
[INFO] [stdout] 7 |     imageops::flip_horizontal(&mut dst_image); // コンパイルエラー
[INFO] [stdout]   |     ^^^^^^^^^^^^^^^^^^^^^^^^^ the trait `GenericImageView` is not implemented for `reexport_dependent_types::DynamicImage`
[INFO] [stdout] 
[INFO] [stdout] 
[INFO] [stdout] error: aborting due to 2 previous errors
[INFO] [stdout] 
[INFO] [stdout] 
[INFO] [stdout] For more information about this error, try `rustc --explain E0277`.
[INFO] [stdout] 
[INFO] [stderr] error: could not compile `rust-re-export-dependencies` due to 3 previous errors
[INFO] [stderr] warning: build failed, waiting for other jobs to finish...
[INFO] [stdout] error[E0277]: the trait bound `reexport_dependent_types::DynamicImage: GenericImageView` is not satisfied
[INFO] [stdout]    --> src/bin/main-reexport-dependent-types.rs:7:31
[INFO] [stdout]     |
[INFO] [stdout] 7   |     imageops::flip_horizontal(&mut dst_image); // コンパイルエラー
[INFO] [stdout]     |                               ^^^^^^^^^^^^^^ the trait `GenericImageView` is not implemented for `reexport_dependent_types::DynamicImage`
[INFO] [stdout]     | 
[INFO] [stdout]    ::: /opt/rustwide/cargo-home/registry/src/github.com-1ecc6299db9ec823/image-0.23.12/./src/imageops/affine.rs:120:27
[INFO] [stdout]     |
[INFO] [stdout] 120 | pub fn flip_horizontal<I: GenericImageView>(
[INFO] [stdout]     |                           ---------------- required by this bound in `flip_horizontal`
[INFO] [stdout] 
[INFO] [stdout] 
[INFO] [stdout] error[E0308]: mismatched types
[INFO] [stdout]  --> src/bin/main-no-reexport.rs:6:35
[INFO] [stdout]   |
[INFO] [stdout] 6 |     let dst_image = convert_image(src_image); // コンパイルエラー
[INFO] [stdout]   |                                   ^^^^^^^^^ expected enum `image::dynimage::DynamicImage`, found enum `DynamicImage`
[INFO] [stdout]   |
[INFO] [stdout]   = note: perhaps two different versions of crate `image` are being used?
[INFO] [stdout] 
[INFO] [stdout] 
[INFO] [stdout] error[E0277]: the trait bound `reexport_dependent_types::DynamicImage: GenericImageView` is not satisfied
[INFO] [stdout]  --> src/bin/main-reexport-dependent-types.rs:7:5
[INFO] [stdout]   |
[INFO] [stdout] 7 |     imageops::flip_horizontal(&mut dst_image); // コンパイルエラー
[INFO] [stdout]   |     ^^^^^^^^^^^^^^^^^^^^^^^^^ the trait `GenericImageView` is not implemented for `reexport_dependent_types::DynamicImage`
[INFO] [stdout] 
[INFO] [stdout] 
[INFO] [stdout] error: aborting due to previous error
[INFO] [stdout] 
[INFO] [stdout] 
[INFO] [stdout] For more information about this error, try `rustc --explain E0308`.
[INFO] [stdout] 
[INFO] [stdout] error: aborting due to 2 previous errors
[INFO] [stdout] 
[INFO] [stdout] 
[INFO] [stdout] For more information about this error, try `rustc --explain E0277`.
[INFO] [stdout] 
[INFO] [stdout] error[E0308]: mismatched types
[INFO] [stdout]  --> src/bin/main-no-reexport.rs:6:35
[INFO] [stdout]   |
[INFO] [stdout] 6 |     let dst_image = convert_image(src_image); // コンパイルエラー
[INFO] [stdout]   |                                   ^^^^^^^^^ expected enum `image::dynimage::DynamicImage`, found enum `DynamicImage`
[INFO] [stdout]   |
[INFO] [stdout]   = note: perhaps two different versions of crate `image` are being used?
[INFO] [stdout] 
[INFO] [stdout] 
[INFO] [stdout] error: aborting due to previous error
[INFO] [stdout] 
[INFO] [stdout] 
[INFO] [stdout] For more information about this error, try `rustc --explain E0308`.
[INFO] [stdout] 
[INFO] [stderr] error: build failed
[INFO] running `Command { std: "docker" "inspect" "9d9dc9f1d06701f01693437f2775949c51d7db0adf853da45ac1a8b8c54ab092", kill_on_drop: false }`
[INFO] running `Command { std: "docker" "rm" "-f" "9d9dc9f1d06701f01693437f2775949c51d7db0adf853da45ac1a8b8c54ab092", kill_on_drop: false }`
[INFO] [stdout] 9d9dc9f1d06701f01693437f2775949c51d7db0adf853da45ac1a8b8c54ab092
