[INFO] cloning repository https://github.com/mrk-its/llvm-mos-ferris-demo
[INFO] running `Command { std: "git" "-c" "credential.helper=" "-c" "credential.helper=/workspace/cargo-home/bin/git-credential-null" "clone" "--bare" "https://github.com/mrk-its/llvm-mos-ferris-demo" "/workspace/cache/git-repos/https%3A%2F%2Fgithub.com%2Fmrk-its%2Fllvm-mos-ferris-demo", kill_on_drop: false }`
[INFO] [stderr] Cloning into bare repository '/workspace/cache/git-repos/https%3A%2F%2Fgithub.com%2Fmrk-its%2Fllvm-mos-ferris-demo'...
[INFO] running `Command { std: "git" "rev-parse" "HEAD", kill_on_drop: false }`
[INFO] [stdout] eff566f068ce9b357dc51124536bb5317dc6a4fa
[INFO] checking mrk-its/llvm-mos-ferris-demo against beta-2021-10-15 for beta-1.56-3
[INFO] running `Command { std: "git" "clone" "/workspace/cache/git-repos/https%3A%2F%2Fgithub.com%2Fmrk-its%2Fllvm-mos-ferris-demo" "/workspace/builds/worker-9/source", kill_on_drop: false }`
[INFO] [stderr] Cloning into '/workspace/builds/worker-9/source'...
[INFO] [stderr] done.
[INFO] validating manifest of git repo https://github.com/mrk-its/llvm-mos-ferris-demo on toolchain beta-2021-10-15
[INFO] running `Command { std: "/workspace/cargo-home/bin/cargo" "+beta-2021-10-15" "metadata" "--manifest-path" "Cargo.toml" "--no-deps", kill_on_drop: false }`
[INFO] removed /workspace/builds/worker-9/source/.cargo/config
[INFO] started tweaking git repo https://github.com/mrk-its/llvm-mos-ferris-demo
[INFO] finished tweaking git repo https://github.com/mrk-its/llvm-mos-ferris-demo
[INFO] tweaked toml for git repo https://github.com/mrk-its/llvm-mos-ferris-demo written to /workspace/builds/worker-9/source/Cargo.toml
[INFO] crate git repo https://github.com/mrk-its/llvm-mos-ferris-demo already has a lockfile, it will not be regenerated
[INFO] running `Command { std: "/workspace/cargo-home/bin/cargo" "+beta-2021-10-15" "fetch" "--manifest-path" "Cargo.toml", kill_on_drop: false }`
[INFO] running `Command { std: "docker" "create" "-v" "/var/lib/crater-agent-workspace/builds/worker-9/target:/opt/rustwide/target:rw,Z" "-v" "/var/lib/crater-agent-workspace/builds/worker-9/source:/opt/rustwide/workdir:ro,Z" "-v" "/var/lib/crater-agent-workspace/cargo-home:/opt/rustwide/cargo-home:ro,Z" "-v" "/var/lib/crater-agent-workspace/rustup-home:/opt/rustwide/rustup-home:ro,Z" "-e" "SOURCE_DIR=/opt/rustwide/workdir" "-e" "CARGO_TARGET_DIR=/opt/rustwide/target" "-e" "CARGO_HOME=/opt/rustwide/cargo-home" "-e" "RUSTUP_HOME=/opt/rustwide/rustup-home" "-w" "/opt/rustwide/workdir" "-m" "1610612736" "--user" "0:0" "--network" "none" "ghcr.io/rust-lang/crates-build-env/linux@sha256:a89201d6b5b9fd45c15d5952ece0a0129e7e80cb26ec023fd59cf09bc26f1604" "/opt/rustwide/cargo-home/bin/cargo" "+beta-2021-10-15" "metadata" "--no-deps" "--format-version=1", kill_on_drop: false }`
[INFO] [stdout] 1e63630cddebc9a9bd493e36092c8c6385477e934e13d6f15988e3310bd0f269
[INFO] [stderr] WARNING: Your kernel does not support swap limit capabilities or the cgroup is not mounted. Memory limited without swap.
[INFO] running `Command { std: "docker" "start" "-a" "1e63630cddebc9a9bd493e36092c8c6385477e934e13d6f15988e3310bd0f269", kill_on_drop: false }`
[INFO] running `Command { std: "docker" "inspect" "1e63630cddebc9a9bd493e36092c8c6385477e934e13d6f15988e3310bd0f269", kill_on_drop: false }`
[INFO] running `Command { std: "docker" "rm" "-f" "1e63630cddebc9a9bd493e36092c8c6385477e934e13d6f15988e3310bd0f269", kill_on_drop: false }`
[INFO] [stdout] 1e63630cddebc9a9bd493e36092c8c6385477e934e13d6f15988e3310bd0f269
[INFO] running `Command { std: "docker" "create" "-v" "/var/lib/crater-agent-workspace/builds/worker-9/target:/opt/rustwide/target:rw,Z" "-v" "/var/lib/crater-agent-workspace/builds/worker-9/source:/opt/rustwide/workdir:ro,Z" "-v" "/var/lib/crater-agent-workspace/cargo-home:/opt/rustwide/cargo-home:ro,Z" "-v" "/var/lib/crater-agent-workspace/rustup-home:/opt/rustwide/rustup-home:ro,Z" "-e" "SOURCE_DIR=/opt/rustwide/workdir" "-e" "CARGO_TARGET_DIR=/opt/rustwide/target" "-e" "CARGO_INCREMENTAL=0" "-e" "RUST_BACKTRACE=full" "-e" "RUSTFLAGS=--cap-lints=warn" "-e" "CARGO_HOME=/opt/rustwide/cargo-home" "-e" "RUSTUP_HOME=/opt/rustwide/rustup-home" "-w" "/opt/rustwide/workdir" "-m" "1610612736" "--user" "0:0" "--network" "none" "ghcr.io/rust-lang/crates-build-env/linux@sha256:a89201d6b5b9fd45c15d5952ece0a0129e7e80cb26ec023fd59cf09bc26f1604" "/opt/rustwide/cargo-home/bin/cargo" "+beta-2021-10-15" "check" "--frozen" "--all" "--all-targets" "--message-format=json", kill_on_drop: false }`
[INFO] [stderr] WARNING: Your kernel does not support swap limit capabilities or the cgroup is not mounted. Memory limited without swap.
[INFO] [stdout] e32c6ae95ddc141854985bb24a5cac34657d62e5b997f0090088cb1d69b5c13f
[INFO] running `Command { std: "docker" "start" "-a" "e32c6ae95ddc141854985bb24a5cac34657d62e5b997f0090088cb1d69b5c13f", kill_on_drop: false }`
[INFO] [stderr]     Checking vcell v0.1.3
[INFO] [stderr]     Checking volatile-register v0.2.0
[INFO] [stderr]     Checking ferris v0.1.0 (/opt/rustwide/workdir)
[INFO] [stdout] error[E0554]: `#![feature]` may not be used on the beta release channel
[INFO] [stdout]  --> src/main.rs:2:1
[INFO] [stdout]   |
[INFO] [stdout] 2 | #![feature(start)]
[INFO] [stdout]   | ^^^^^^^^^^^^^^^^^^
[INFO] [stdout] 
[INFO] [stdout] 
[INFO] [stdout] error[E0554]: `#![feature]` may not be used on the beta release channel
[INFO] [stdout]  --> src/main.rs:3:1
[INFO] [stdout]   |
[INFO] [stdout] 3 | #![feature(panic_info_message)]
[INFO] [stdout]   | ^^^^^^^^^^^^^^^^^^^^^^^^^^^^^^^
[INFO] [stdout] 
[INFO] [stdout] 
[INFO] [stdout] error[E0152]: found duplicate lang item `panic_impl`
[INFO] [stdout]   --> src/main.rs:33:1
[INFO] [stdout]    |
[INFO] [stdout] 33 | fn panic(_info: &PanicInfo) -> ! {
[INFO] [stdout]    | ^^^^^^^^^^^^^^^^^^^^^^^^^^^^^^^^
[INFO] [stdout]    |
[INFO] [stdout]    = note: the lang item is first defined in crate `std` (which `test` depends on)
[INFO] [stdout]    = note: first definition in `std` loaded from /opt/rustwide/rustup-home/toolchains/beta-2021-10-15-x86_64-unknown-linux-gnu/lib/rustlib/x86_64-unknown-linux-gnu/lib/libstd-9a950938f3668a37.rlib
[INFO] [stdout]    = note: second definition in the local crate (`ferris`)
[INFO] [stdout] 
[INFO] [stdout] 
[INFO] [stdout] error: aborting due to 3 previous errors
[INFO] [stdout] 
[INFO] [stdout] 
[INFO] [stdout] Some errors have detailed explanations: E0152, E0554.
[INFO] [stdout] 
[INFO] [stdout] For more information about an error, try `rustc --explain E0152`.
[INFO] [stdout] 
[INFO] [stdout] error[E0554]: `#![feature]` may not be used on the beta release channel
[INFO] [stdout]  --> src/main.rs:2:1
[INFO] [stdout]   |
[INFO] [stdout] 2 | #![feature(start)]
[INFO] [stdout]   | ^^^^^^^^^^^^^^^^^^
[INFO] [stdout] 
[INFO] [stdout] 
[INFO] [stdout] error[E0554]: `#![feature]` may not be used on the beta release channel
[INFO] [stdout]  --> src/main.rs:3:1
[INFO] [stdout]   |
[INFO] [stdout] 3 | #![feature(panic_info_message)]
[INFO] [stdout]   | ^^^^^^^^^^^^^^^^^^^^^^^^^^^^^^^
[INFO] [stdout] 
[INFO] [stdout] 
[INFO] [stderr] error: could not compile `ferris` due to 4 previous errors
[INFO] [stderr] warning: build failed, waiting for other jobs to finish...
[INFO] [stdout] error: aborting due to 2 previous errors
[INFO] [stdout] 
[INFO] [stdout] 
[INFO] [stdout] For more information about this error, try `rustc --explain E0554`.
[INFO] [stdout] 
[INFO] [stderr] error: build failed
[INFO] running `Command { std: "docker" "inspect" "e32c6ae95ddc141854985bb24a5cac34657d62e5b997f0090088cb1d69b5c13f", kill_on_drop: false }`
[INFO] running `Command { std: "docker" "rm" "-f" "e32c6ae95ddc141854985bb24a5cac34657d62e5b997f0090088cb1d69b5c13f", kill_on_drop: false }`
[INFO] [stdout] e32c6ae95ddc141854985bb24a5cac34657d62e5b997f0090088cb1d69b5c13f
