[INFO] cloning repository https://github.com/mrjones/simcastle
[INFO] running `Command { std: "git" "-c" "credential.helper=" "-c" "credential.helper=/workspace/cargo-home/bin/git-credential-null" "clone" "--bare" "https://github.com/mrjones/simcastle" "/workspace/cache/git-repos/https%3A%2F%2Fgithub.com%2Fmrjones%2Fsimcastle", kill_on_drop: false }`
[INFO] [stderr] Cloning into bare repository '/workspace/cache/git-repos/https%3A%2F%2Fgithub.com%2Fmrjones%2Fsimcastle'...
[INFO] running `Command { std: "git" "rev-parse" "HEAD", kill_on_drop: false }`
[INFO] [stdout] 518de57663f3493d3447a81b34c1a56074bf429a
[INFO] checking mrjones/simcastle against beta-2021-10-15 for beta-1.56-3
[INFO] running `Command { std: "git" "clone" "/workspace/cache/git-repos/https%3A%2F%2Fgithub.com%2Fmrjones%2Fsimcastle" "/workspace/builds/worker-4/source", kill_on_drop: false }`
[INFO] [stderr] Cloning into '/workspace/builds/worker-4/source'...
[INFO] [stderr] done.
[INFO] validating manifest of git repo https://github.com/mrjones/simcastle on toolchain beta-2021-10-15
[INFO] running `Command { std: "/workspace/cargo-home/bin/cargo" "+beta-2021-10-15" "metadata" "--manifest-path" "Cargo.toml" "--no-deps", kill_on_drop: false }`
[INFO] started tweaking git repo https://github.com/mrjones/simcastle
[INFO] finished tweaking git repo https://github.com/mrjones/simcastle
[INFO] tweaked toml for git repo https://github.com/mrjones/simcastle written to /workspace/builds/worker-4/source/Cargo.toml
[INFO] crate git repo https://github.com/mrjones/simcastle already has a lockfile, it will not be regenerated
[INFO] running `Command { std: "/workspace/cargo-home/bin/cargo" "+beta-2021-10-15" "fetch" "--manifest-path" "Cargo.toml", kill_on_drop: false }`
[INFO] running `Command { std: "docker" "create" "-v" "/var/lib/crater-agent-workspace/builds/worker-4/target:/opt/rustwide/target:rw,Z" "-v" "/var/lib/crater-agent-workspace/builds/worker-4/source:/opt/rustwide/workdir:ro,Z" "-v" "/var/lib/crater-agent-workspace/cargo-home:/opt/rustwide/cargo-home:ro,Z" "-v" "/var/lib/crater-agent-workspace/rustup-home:/opt/rustwide/rustup-home:ro,Z" "-e" "SOURCE_DIR=/opt/rustwide/workdir" "-e" "CARGO_TARGET_DIR=/opt/rustwide/target" "-e" "CARGO_HOME=/opt/rustwide/cargo-home" "-e" "RUSTUP_HOME=/opt/rustwide/rustup-home" "-w" "/opt/rustwide/workdir" "-m" "1610612736" "--user" "0:0" "--network" "none" "ghcr.io/rust-lang/crates-build-env/linux@sha256:a89201d6b5b9fd45c15d5952ece0a0129e7e80cb26ec023fd59cf09bc26f1604" "/opt/rustwide/cargo-home/bin/cargo" "+beta-2021-10-15" "metadata" "--no-deps" "--format-version=1", kill_on_drop: false }`
[INFO] [stderr] WARNING: Your kernel does not support swap limit capabilities or the cgroup is not mounted. Memory limited without swap.
[INFO] [stdout] 34f62f5bec6ca199a72dc437cfbe13207c2fa50b09baf6e1d26909e1f7cbd818
[INFO] running `Command { std: "docker" "start" "-a" "34f62f5bec6ca199a72dc437cfbe13207c2fa50b09baf6e1d26909e1f7cbd818", kill_on_drop: false }`
[INFO] running `Command { std: "docker" "inspect" "34f62f5bec6ca199a72dc437cfbe13207c2fa50b09baf6e1d26909e1f7cbd818", kill_on_drop: false }`
[INFO] running `Command { std: "docker" "rm" "-f" "34f62f5bec6ca199a72dc437cfbe13207c2fa50b09baf6e1d26909e1f7cbd818", kill_on_drop: false }`
[INFO] [stdout] 34f62f5bec6ca199a72dc437cfbe13207c2fa50b09baf6e1d26909e1f7cbd818
[INFO] running `Command { std: "docker" "create" "-v" "/var/lib/crater-agent-workspace/builds/worker-4/target:/opt/rustwide/target:rw,Z" "-v" "/var/lib/crater-agent-workspace/builds/worker-4/source:/opt/rustwide/workdir:ro,Z" "-v" "/var/lib/crater-agent-workspace/cargo-home:/opt/rustwide/cargo-home:ro,Z" "-v" "/var/lib/crater-agent-workspace/rustup-home:/opt/rustwide/rustup-home:ro,Z" "-e" "SOURCE_DIR=/opt/rustwide/workdir" "-e" "CARGO_TARGET_DIR=/opt/rustwide/target" "-e" "CARGO_INCREMENTAL=0" "-e" "RUST_BACKTRACE=full" "-e" "RUSTFLAGS=--cap-lints=warn" "-e" "CARGO_HOME=/opt/rustwide/cargo-home" "-e" "RUSTUP_HOME=/opt/rustwide/rustup-home" "-w" "/opt/rustwide/workdir" "-m" "1610612736" "--user" "0:0" "--network" "none" "ghcr.io/rust-lang/crates-build-env/linux@sha256:a89201d6b5b9fd45c15d5952ece0a0129e7e80cb26ec023fd59cf09bc26f1604" "/opt/rustwide/cargo-home/bin/cargo" "+beta-2021-10-15" "check" "--frozen" "--all" "--all-targets" "--message-format=json", kill_on_drop: false }`
[INFO] [stderr] WARNING: Your kernel does not support swap limit capabilities or the cgroup is not mounted. Memory limited without swap.
[INFO] [stdout] 7fc6089e2b2a6bba825cee02fdc2c6a3cf1136e4c747164e636429b6f40d2a09
[INFO] running `Command { std: "docker" "start" "-a" "7fc6089e2b2a6bba825cee02fdc2c6a3cf1136e4c747164e636429b6f40d2a09", kill_on_drop: false }`
[INFO] [stderr]    Compiling syn v1.0.56
[INFO] [stderr]     Checking strum v0.20.0
[INFO] [stderr]     Checking fern v0.6.0
[INFO] [stderr]     Checking rand_distr v0.2.2
[INFO] [stderr]    Compiling serde_derive v1.0.118
[INFO] [stderr]    Compiling strum_macros v0.20.1
[INFO] [stderr]     Checking serde v1.0.118
[INFO] [stderr]     Checking serde_json v1.0.60
[INFO] [stderr]     Checking simcastle v0.1.0 (/opt/rustwide/workdir)
[INFO] [stdout] error[E0308]: mismatched types
[INFO] [stdout]    --> src/core/economy.rs:217:60
[INFO] [stdout]     |
[INFO] [stdout] 217 |                 v1: Box::new(TaggedExp{e: Exp::Constant{v: 4.0}, tag: "base".to_string()}),
[INFO] [stdout]     |                                                            ^^^ expected struct `Millis`, found floating-point number
[INFO] [stdout] 
[INFO] [stdout] 
[INFO] [stdout] error[E0308]: mismatched types
[INFO] [stdout]    --> src/core/economy.rs:222:59
[INFO] [stdout]     |
[INFO] [stdout] 222 | ...                   TaggedExp{e: Exp::Constant{v: 1.1}, tag: "skill1".to_string()},
[INFO] [stdout]     |                                                     ^^^ expected struct `Millis`, found floating-point number
[INFO] [stdout] 
[INFO] [stdout] 
[INFO] [stdout] error[E0308]: mismatched types
[INFO] [stdout]    --> src/core/economy.rs:223:59
[INFO] [stdout]     |
[INFO] [stdout] 223 | ...                   TaggedExp{e: Exp::Constant{v: 1.2}, tag: "skill2".to_string()},
[INFO] [stdout]     |                                                     ^^^ expected struct `Millis`, found floating-point number
[INFO] [stdout] 
[INFO] [stdout] 
[INFO] [stdout] error[E0308]: mismatched types
[INFO] [stdout]    --> src/core/economy.rs:224:59
[INFO] [stdout]     |
[INFO] [stdout] 224 | ...                   TaggedExp{e: Exp::Constant{v: 1.3}, tag: "skill3".to_string()},
[INFO] [stdout]     |                                                     ^^^ expected struct `Millis`, found floating-point number
[INFO] [stdout] 
[INFO] [stdout] 
[INFO] [stdout] error[E0277]: can't compare `{float}` with `Millis`
[INFO] [stdout]    --> src/core/economy.rs:231:9
[INFO] [stdout]     |
[INFO] [stdout] 231 |         assert_eq!(4.0 * (1.1 + 1.2 + 1.3), e.eval(), "Error evaluating: {}", e.stringify(""));
[INFO] [stdout]     |         ^^^^^^^^^^^^^^^^^^^^^^^^^^^^^^^^^^^^^^^^^^^^^^^^^^^^^^^^^^^^^^^^^^^^^^^^^^^^^^^^^^^^^^^ no implementation for `{float} == Millis`
[INFO] [stdout]     |
[INFO] [stdout]     = help: the trait `PartialEq<Millis>` is not implemented for `{float}`
[INFO] [stdout]     = note: this error originates in the macro `assert_eq` (in Nightly builds, run with -Z macro-backtrace for more info)
[INFO] [stdout] 
[INFO] [stdout] 
[INFO] [stdout] error: aborting due to 5 previous errors
[INFO] [stdout] 
[INFO] [stdout] 
[INFO] [stdout] Some errors have detailed explanations: E0277, E0308.
[INFO] [stdout] 
[INFO] [stdout] For more information about an error, try `rustc --explain E0277`.
[INFO] [stdout] 
[INFO] [stderr] error: could not compile `simcastle` due to 6 previous errors
[INFO] [stderr] warning: build failed, waiting for other jobs to finish...
[INFO] [stderr] error: build failed
[INFO] running `Command { std: "docker" "inspect" "7fc6089e2b2a6bba825cee02fdc2c6a3cf1136e4c747164e636429b6f40d2a09", kill_on_drop: false }`
[INFO] running `Command { std: "docker" "rm" "-f" "7fc6089e2b2a6bba825cee02fdc2c6a3cf1136e4c747164e636429b6f40d2a09", kill_on_drop: false }`
[INFO] [stdout] 7fc6089e2b2a6bba825cee02fdc2c6a3cf1136e4c747164e636429b6f40d2a09
