[INFO] cloning repository https://github.com/mraof/seifmios
[INFO] running `Command { std: "git" "-c" "credential.helper=" "-c" "credential.helper=/workspace/cargo-home/bin/git-credential-null" "clone" "--bare" "https://github.com/mraof/seifmios" "/workspace/cache/git-repos/https%3A%2F%2Fgithub.com%2Fmraof%2Fseifmios", kill_on_drop: false }`
[INFO] [stderr] Cloning into bare repository '/workspace/cache/git-repos/https%3A%2F%2Fgithub.com%2Fmraof%2Fseifmios'...
[INFO] running `Command { std: "git" "rev-parse" "HEAD", kill_on_drop: false }`
[INFO] [stdout] a2be788eff4fb896a4885c601ed67bc050f11e3c
[INFO] checking mraof/seifmios against beta-2021-10-15 for beta-1.56-3
[INFO] running `Command { std: "git" "clone" "/workspace/cache/git-repos/https%3A%2F%2Fgithub.com%2Fmraof%2Fseifmios" "/workspace/builds/worker-51/source", kill_on_drop: false }`
[INFO] [stderr] Cloning into '/workspace/builds/worker-51/source'...
[INFO] [stderr] done.
[INFO] validating manifest of git repo https://github.com/mraof/seifmios on toolchain beta-2021-10-15
[INFO] running `Command { std: "/workspace/cargo-home/bin/cargo" "+beta-2021-10-15" "metadata" "--manifest-path" "Cargo.toml" "--no-deps", kill_on_drop: false }`
[INFO] started tweaking git repo https://github.com/mraof/seifmios
[INFO] finished tweaking git repo https://github.com/mraof/seifmios
[INFO] tweaked toml for git repo https://github.com/mraof/seifmios written to /workspace/builds/worker-51/source/Cargo.toml
[INFO] crate git repo https://github.com/mraof/seifmios already has a lockfile, it will not be regenerated
[INFO] running `Command { std: "/workspace/cargo-home/bin/cargo" "+beta-2021-10-15" "fetch" "--manifest-path" "Cargo.toml", kill_on_drop: false }`
[INFO] [stderr]     Blocking waiting for file lock on package cache
[INFO] [stderr]     Updating git repository `https://github.com/erickt/rust-zmq`
[INFO] [stderr]     Blocking waiting for file lock on package cache
[INFO] [stderr] warning: TOML file found which contains invalid syntax and will soon not parse
[INFO] [stderr] at `/workspace/cargo-home/registry/src/github.com-1ecc6299db9ec823/url-0.5.9/Cargo.toml`.
[INFO] [stderr] 
[INFO] [stderr] The TOML spec requires newlines after table definitions (e.g., `[a] b = 1` is
[INFO] [stderr] invalid), but this file has a table header which does not have a newline after
[INFO] [stderr] it. A newline needs to be added and this warning will soon become a hard error
[INFO] [stderr] in the future.
[INFO] running `Command { std: "docker" "create" "-v" "/var/lib/crater-agent-workspace/builds/worker-51/target:/opt/rustwide/target:rw,Z" "-v" "/var/lib/crater-agent-workspace/builds/worker-51/source:/opt/rustwide/workdir:ro,Z" "-v" "/var/lib/crater-agent-workspace/cargo-home:/opt/rustwide/cargo-home:ro,Z" "-v" "/var/lib/crater-agent-workspace/rustup-home:/opt/rustwide/rustup-home:ro,Z" "-e" "SOURCE_DIR=/opt/rustwide/workdir" "-e" "CARGO_TARGET_DIR=/opt/rustwide/target" "-e" "CARGO_HOME=/opt/rustwide/cargo-home" "-e" "RUSTUP_HOME=/opt/rustwide/rustup-home" "-w" "/opt/rustwide/workdir" "-m" "1610612736" "--user" "0:0" "--network" "none" "ghcr.io/rust-lang/crates-build-env/linux@sha256:a89201d6b5b9fd45c15d5952ece0a0129e7e80cb26ec023fd59cf09bc26f1604" "/opt/rustwide/cargo-home/bin/cargo" "+beta-2021-10-15" "metadata" "--no-deps" "--format-version=1", kill_on_drop: false }`
[INFO] [stdout] 33c9dfeb68c19f3bd227ae058f9290d2943980f52d6537d8e7beb2a349e576d0
[INFO] running `Command { std: "docker" "start" "-a" "33c9dfeb68c19f3bd227ae058f9290d2943980f52d6537d8e7beb2a349e576d0", kill_on_drop: false }`
[INFO] running `Command { std: "docker" "inspect" "33c9dfeb68c19f3bd227ae058f9290d2943980f52d6537d8e7beb2a349e576d0", kill_on_drop: false }`
[INFO] running `Command { std: "docker" "rm" "-f" "33c9dfeb68c19f3bd227ae058f9290d2943980f52d6537d8e7beb2a349e576d0", kill_on_drop: false }`
[INFO] [stdout] 33c9dfeb68c19f3bd227ae058f9290d2943980f52d6537d8e7beb2a349e576d0
[INFO] running `Command { std: "docker" "create" "-v" "/var/lib/crater-agent-workspace/builds/worker-51/target:/opt/rustwide/target:rw,Z" "-v" "/var/lib/crater-agent-workspace/builds/worker-51/source:/opt/rustwide/workdir:ro,Z" "-v" "/var/lib/crater-agent-workspace/cargo-home:/opt/rustwide/cargo-home:ro,Z" "-v" "/var/lib/crater-agent-workspace/rustup-home:/opt/rustwide/rustup-home:ro,Z" "-e" "SOURCE_DIR=/opt/rustwide/workdir" "-e" "CARGO_TARGET_DIR=/opt/rustwide/target" "-e" "CARGO_INCREMENTAL=0" "-e" "RUST_BACKTRACE=full" "-e" "RUSTFLAGS=--cap-lints=warn" "-e" "CARGO_HOME=/opt/rustwide/cargo-home" "-e" "RUSTUP_HOME=/opt/rustwide/rustup-home" "-w" "/opt/rustwide/workdir" "-m" "1610612736" "--user" "0:0" "--network" "none" "ghcr.io/rust-lang/crates-build-env/linux@sha256:a89201d6b5b9fd45c15d5952ece0a0129e7e80cb26ec023fd59cf09bc26f1604" "/opt/rustwide/cargo-home/bin/cargo" "+beta-2021-10-15" "check" "--frozen" "--all" "--all-targets" "--message-format=json", kill_on_drop: false }`
[INFO] [stdout] d786e4e8e08e2a01c4e962ffef036312748a4564504b32312b3b528bab76bfb0
[INFO] running `Command { std: "docker" "start" "-a" "d786e4e8e08e2a01c4e962ffef036312748a4564504b32312b3b528bab76bfb0", kill_on_drop: false }`
[INFO] [stderr]     Blocking waiting for file lock on package cache
[INFO] [stderr] warning: TOML file found which contains invalid syntax and will soon not parse
[INFO] [stderr] at `/opt/rustwide/cargo-home/registry/src/github.com-1ecc6299db9ec823/url-0.5.9/Cargo.toml`.
[INFO] [stderr] 
[INFO] [stderr] The TOML spec requires newlines after table definitions (e.g., `[a] b = 1` is
[INFO] [stderr] invalid), but this file has a table header which does not have a newline after
[INFO] [stderr] it. A newline needs to be added and this warning will soon become a hard error
[INFO] [stderr] in the future.
[INFO] [stderr]    Compiling pkg-config v0.3.8
[INFO] [stderr]     Checking rustc-serialize v0.3.19
[INFO] [stderr]     Checking matches v0.1.2
[INFO] [stderr]     Checking unicode-normalization v0.1.2
[INFO] [stderr]    Compiling semver v0.1.20
[INFO] [stderr]    Compiling libc v0.2.11
[INFO] [stderr]     Checking lazy_static v0.2.1
[INFO] [stderr]     Checking encoding_index_tests v0.1.4
[INFO] [stderr]    Compiling phf_shared v0.7.14
[INFO] [stderr]     Checking typeable v0.1.2
[INFO] [stderr]     Checking httparse v1.1.2
[INFO] [stderr]     Checking traitobject v0.0.1
[INFO] [stderr]     Checking regex-syntax v0.3.2
[INFO] [stderr]    Compiling aster v0.16.0
[INFO] [stderr]     Checking cfg-if v0.1.0
[INFO] [stderr]    Compiling serde_codegen v0.7.5
[INFO] [stderr]     Checking byteorder v0.4.2
[INFO] [stderr]     Checking bitflags v0.3.3
[INFO] [stderr]    Compiling quasi v0.10.0
[INFO] [stderr]     Checking buf_redux v0.1.3
[INFO] [stderr]     Checking base64-rs v0.1.0
[INFO] [stderr]     Checking serde v0.7.5
[INFO] [stderr]     Checking itertools v0.4.15
[INFO] [stderr]     Checking crossbeam v0.2.9
[INFO] [stderr]     Checking scell v1.0.0
[INFO] [stderr]     Checking either v0.1.6
[INFO] [stderr]     Checking zmq-sys v0.7.0 (https://github.com/erickt/rust-zmq#87a6bd2a)
[INFO] [stderr]    Compiling openssl-sys-extras v0.7.13
[INFO] [stderr]    Compiling openssl v0.7.13
[INFO] [stderr]     Checking hpack v0.2.0
[INFO] [stderr]    Compiling ws2_32-sys v0.2.1
[INFO] [stderr]     Checking mime v0.2.0
[INFO] [stderr]     Checking uuid v0.2.2
[INFO] [stderr]     Checking tempdir v0.3.4
[INFO] [stdout] error[E0034]: multiple applicable items in scope
[INFO] [stdout]   --> /opt/rustwide/cargo-home/registry/src/github.com-1ecc6299db9ec823/scell-1.0.0/src/unchecked.rs:47:16
[INFO] [stdout]    |
[INFO] [stdout] 47 |         self.0.fmt(f)
[INFO] [stdout]    |                ^^^ multiple `fmt` found
[INFO] [stdout]    |
[INFO] [stdout]    = note: candidate #1 is defined in an impl of the trait `std::fmt::Display` for the type `Rc<T>`
[INFO] [stdout]    = note: candidate #2 is defined in an impl of the trait `Debug` for the type `Rc<T>`
[INFO] [stdout]    = note: candidate #3 is defined in an impl of the trait `Pointer` for the type `Rc<T>`
[INFO] [stdout] help: disambiguate the associated function for candidate #1
[INFO] [stdout]    |
[INFO] [stdout] 47 |         std::fmt::Display::fmt(&self.0, f)
[INFO] [stdout]    |
[INFO] [stdout] help: disambiguate the associated function for candidate #2
[INFO] [stdout]    |
[INFO] [stdout] 47 |         Debug::fmt(&self.0, f)
[INFO] [stdout]    |
[INFO] [stdout] help: disambiguate the associated function for candidate #3
[INFO] [stdout]    |
[INFO] [stdout] 47 |         Pointer::fmt(&self.0, f)
[INFO] [stdout]    |
[INFO] [stdout] 
[INFO] [stdout] 
[INFO] [stdout] error: aborting due to previous error
[INFO] [stdout] 
[INFO] [stdout] 
[INFO] [stdout] For more information about this error, try `rustc --explain E0034`.
[INFO] [stdout] 
[INFO] [stdout] error[E0463]: can't find crate for `syntax`
[INFO] [stdout]   --> /opt/rustwide/cargo-home/registry/src/github.com-1ecc6299db9ec823/quasi-0.10.0/src/lib.rs:19:1
[INFO] [stdout]    |
[INFO] [stdout] 19 | extern crate syntax;
[INFO] [stdout]    | ^^^^^^^^^^^^^^^^^^^^ can't find crate
[INFO] [stdout] 
[INFO] [stdout] 
[INFO] [stdout] error: aborting due to previous error
[INFO] [stdout] 
[INFO] [stdout] 
[INFO] [stdout] For more information about this error, try `rustc --explain E0463`.
[INFO] [stdout] 
[INFO] [stderr]     Checking phf v0.7.14
[INFO] [stderr] error: could not compile `scell` due to 2 previous errors
[INFO] [stderr] warning: build failed, waiting for other jobs to finish...
[INFO] [stdout] error[E0463]: can't find crate for `syntax`
[INFO] [stdout]   --> /opt/rustwide/cargo-home/registry/src/github.com-1ecc6299db9ec823/aster-0.16.0/src/lib.rs:10:1
[INFO] [stdout]    |
[INFO] [stdout] 10 | extern crate syntax;
[INFO] [stdout]    | ^^^^^^^^^^^^^^^^^^^^ can't find crate
[INFO] [stdout] 
[INFO] [stdout] 
[INFO] [stdout] error: aborting due to previous error
[INFO] [stdout] 
[INFO] [stdout] 
[INFO] [stdout] For more information about this error, try `rustc --explain E0463`.
[INFO] [stdout] 
[INFO] [stdout] error[E0642]: patterns aren't allowed in functions without bodies
[INFO] [stdout]    --> /opt/rustwide/cargo-home/registry/src/github.com-1ecc6299db9ec823/rustc-serialize-0.3.19/src/serialize.rs:147:45
[INFO] [stdout]     |
[INFO] [stdout] 147 | ...                   &f_name: &str,
[INFO] [stdout]     |                       ^^^^^^^ pattern not allowed in function without body
[INFO] [stdout] 
[INFO] [stdout] 
[INFO] [stdout] error: aborting due to previous error
[INFO] [stdout] 
[INFO] [stdout] 
[INFO] [stdout] For more information about this error, try `rustc --explain E0642`.
[INFO] [stdout] 
[INFO] [stderr] error: build failed
[INFO] running `Command { std: "docker" "inspect" "d786e4e8e08e2a01c4e962ffef036312748a4564504b32312b3b528bab76bfb0", kill_on_drop: false }`
[INFO] running `Command { std: "docker" "rm" "-f" "d786e4e8e08e2a01c4e962ffef036312748a4564504b32312b3b528bab76bfb0", kill_on_drop: false }`
[INFO] [stdout] d786e4e8e08e2a01c4e962ffef036312748a4564504b32312b3b528bab76bfb0
