[INFO] cloning repository https://github.com/mov-rax/psp-pong
[INFO] running `Command { std: "git" "-c" "credential.helper=" "-c" "credential.helper=/workspace/cargo-home/bin/git-credential-null" "clone" "--bare" "https://github.com/mov-rax/psp-pong" "/workspace/cache/git-repos/https%3A%2F%2Fgithub.com%2Fmov-rax%2Fpsp-pong", kill_on_drop: false }`
[INFO] [stderr] Cloning into bare repository '/workspace/cache/git-repos/https%3A%2F%2Fgithub.com%2Fmov-rax%2Fpsp-pong'...
[INFO] running `Command { std: "git" "rev-parse" "HEAD", kill_on_drop: false }`
[INFO] [stdout] 847e2691cf17001096d58f4afbb08d69352c512d
[INFO] checking mov-rax/psp-pong against 1.55.0 for beta-1.56-3
[INFO] running `Command { std: "git" "clone" "/workspace/cache/git-repos/https%3A%2F%2Fgithub.com%2Fmov-rax%2Fpsp-pong" "/workspace/builds/worker-19/source", kill_on_drop: false }`
[INFO] [stderr] Cloning into '/workspace/builds/worker-19/source'...
[INFO] [stderr] done.
[INFO] validating manifest of git repo https://github.com/mov-rax/psp-pong on toolchain 1.55.0
[INFO] running `Command { std: "/workspace/cargo-home/bin/cargo" "+1.55.0" "metadata" "--manifest-path" "Cargo.toml" "--no-deps", kill_on_drop: false }`
[INFO] started tweaking git repo https://github.com/mov-rax/psp-pong
[INFO] finished tweaking git repo https://github.com/mov-rax/psp-pong
[INFO] tweaked toml for git repo https://github.com/mov-rax/psp-pong written to /workspace/builds/worker-19/source/Cargo.toml
[INFO] crate git repo https://github.com/mov-rax/psp-pong already has a lockfile, it will not be regenerated
[INFO] running `Command { std: "/workspace/cargo-home/bin/cargo" "+1.55.0" "fetch" "--manifest-path" "Cargo.toml", kill_on_drop: false }`
[INFO] [stderr]     Blocking waiting for file lock on package cache
[INFO] [stderr]  Downloading crates ...
[INFO] [stderr]   Downloaded rand_core v0.6.0
[INFO] [stderr]   Downloaded num_enum v0.5.1
[INFO] [stderr]   Downloaded rand v0.8.0
[INFO] [stderr]   Downloaded embedded-graphics v0.6.2
[INFO] [stderr]   Downloaded syn v1.0.55
[INFO] [stderr]   Downloaded num_enum_derive v0.5.1
[INFO] [stderr]   Downloaded psp v0.1.2
[INFO] running `Command { std: "docker" "create" "-v" "/var/lib/crater-agent-workspace/builds/worker-19/target:/opt/rustwide/target:rw,Z" "-v" "/var/lib/crater-agent-workspace/builds/worker-19/source:/opt/rustwide/workdir:ro,Z" "-v" "/var/lib/crater-agent-workspace/cargo-home:/opt/rustwide/cargo-home:ro,Z" "-v" "/var/lib/crater-agent-workspace/rustup-home:/opt/rustwide/rustup-home:ro,Z" "-e" "SOURCE_DIR=/opt/rustwide/workdir" "-e" "CARGO_TARGET_DIR=/opt/rustwide/target" "-e" "CARGO_HOME=/opt/rustwide/cargo-home" "-e" "RUSTUP_HOME=/opt/rustwide/rustup-home" "-w" "/opt/rustwide/workdir" "-m" "1610612736" "--user" "0:0" "--network" "none" "ghcr.io/rust-lang/crates-build-env/linux@sha256:a89201d6b5b9fd45c15d5952ece0a0129e7e80cb26ec023fd59cf09bc26f1604" "/opt/rustwide/cargo-home/bin/cargo" "+1.55.0" "metadata" "--no-deps" "--format-version=1", kill_on_drop: false }`
[INFO] [stdout] 2482d68dc30180fc1bb47f9572572e8c5e2c849d9d95d3a79d411ead0ed2eebd
[INFO] running `Command { std: "docker" "start" "-a" "2482d68dc30180fc1bb47f9572572e8c5e2c849d9d95d3a79d411ead0ed2eebd", kill_on_drop: false }`
[INFO] running `Command { std: "docker" "inspect" "2482d68dc30180fc1bb47f9572572e8c5e2c849d9d95d3a79d411ead0ed2eebd", kill_on_drop: false }`
[INFO] running `Command { std: "docker" "rm" "-f" "2482d68dc30180fc1bb47f9572572e8c5e2c849d9d95d3a79d411ead0ed2eebd", kill_on_drop: false }`
[INFO] [stdout] 2482d68dc30180fc1bb47f9572572e8c5e2c849d9d95d3a79d411ead0ed2eebd
[INFO] running `Command { std: "docker" "create" "-v" "/var/lib/crater-agent-workspace/builds/worker-19/target:/opt/rustwide/target:rw,Z" "-v" "/var/lib/crater-agent-workspace/builds/worker-19/source:/opt/rustwide/workdir:ro,Z" "-v" "/var/lib/crater-agent-workspace/cargo-home:/opt/rustwide/cargo-home:ro,Z" "-v" "/var/lib/crater-agent-workspace/rustup-home:/opt/rustwide/rustup-home:ro,Z" "-e" "SOURCE_DIR=/opt/rustwide/workdir" "-e" "CARGO_TARGET_DIR=/opt/rustwide/target" "-e" "CARGO_INCREMENTAL=0" "-e" "RUST_BACKTRACE=full" "-e" "RUSTFLAGS=--cap-lints=warn" "-e" "CARGO_HOME=/opt/rustwide/cargo-home" "-e" "RUSTUP_HOME=/opt/rustwide/rustup-home" "-w" "/opt/rustwide/workdir" "-m" "1610612736" "--user" "0:0" "--network" "none" "ghcr.io/rust-lang/crates-build-env/linux@sha256:a89201d6b5b9fd45c15d5952ece0a0129e7e80cb26ec023fd59cf09bc26f1604" "/opt/rustwide/cargo-home/bin/cargo" "+1.55.0" "check" "--frozen" "--all" "--all-targets" "--message-format=json", kill_on_drop: false }`
[INFO] [stdout] 11361a3d6a6ed5f36137fc29e762bebbd4f2e1965a7dc9969b60c4da3023eecb
[INFO] running `Command { std: "docker" "start" "-a" "11361a3d6a6ed5f36137fc29e762bebbd4f2e1965a7dc9969b60c4da3023eecb", kill_on_drop: false }`
[INFO] [stderr]    Compiling syn v1.0.55
[INFO] [stderr]    Compiling byteorder v1.3.4
[INFO] [stderr]    Compiling psp v0.1.2
[INFO] [stderr]     Checking ppv-lite86 v0.2.10
[INFO] [stderr]     Checking rand_core v0.6.0
[INFO] [stderr]     Checking arrayvec v0.5.2
[INFO] [stderr]    Compiling quote v1.0.8
[INFO] [stderr]    Compiling paste-impl v0.1.18
[INFO] [stderr]     Checking rand_chacha v0.3.0
[INFO] [stderr]     Checking paste v0.1.18
[INFO] [stderr]     Checking rand v0.8.0
[INFO] [stderr]     Checking embedded-graphics v0.6.2
[INFO] [stderr]    Compiling num_enum_derive v0.5.1
[INFO] [stderr]    Compiling derivative v2.1.1
[INFO] [stderr]     Checking num_enum v0.5.1
[INFO] [stdout] error[E0554]: `#![feature]` may not be used on the stable release channel
[INFO] [stdout]   --> /opt/rustwide/cargo-home/registry/src/github.com-1ecc6299db9ec823/psp-0.1.2/src/lib.rs:2:1
[INFO] [stdout]    |
[INFO] [stdout] 2  | / #![feature(
[INFO] [stdout] 3  | |     alloc_error_handler,
[INFO] [stdout] 4  | |     llvm_asm,
[INFO] [stdout] 5  | |     global_asm,
[INFO] [stdout] ...  |
[INFO] [stdout] 12 | |     lang_items,
[INFO] [stdout] 13 | | )]
[INFO] [stdout]    | |__^
[INFO] [stdout]    |
[INFO] [stdout]    = help: the feature `const_loop` has been stable since 1.46.0 and no longer requires an attribute to enable
[INFO] [stdout]    = help: the feature `const_if_match` has been stable since 1.46.0 and no longer requires an attribute to enable
[INFO] [stdout] 
[INFO] [stdout] 
[INFO] [stdout] error[E0554]: `#![feature]` may not be used on the stable release channel
[INFO] [stdout]   --> /opt/rustwide/cargo-home/registry/src/github.com-1ecc6299db9ec823/psp-0.1.2/src/lib.rs:16:1
[INFO] [stdout]    |
[INFO] [stdout] 16 | #![feature(std_internals, panic_info_message, panic_internals, unwind_attributes)]
[INFO] [stdout]    | ^^^^^^^^^^^^^^^^^^^^^^^^^^^^^^^^^^^^^^^^^^^^^^^^^^^^^^^^^^^^^^^^^^^^^^^^^^^^^^^^^^
[INFO] [stdout] 
[INFO] [stdout] 
[INFO] [stdout] error[E0554]: `#![feature]` may not be used on the stable release channel
[INFO] [stdout]   --> /opt/rustwide/cargo-home/registry/src/github.com-1ecc6299db9ec823/psp-0.1.2/src/lib.rs:17:41
[INFO] [stdout]    |
[INFO] [stdout] 17 | #![cfg_attr(not(feature = "stub-only"), feature(panic_unwind))]
[INFO] [stdout]    |                                         ^^^^^^^^^^^^^^^^^^^^^
[INFO] [stdout] 
[INFO] [stdout] 
[INFO] [stdout] error[E0308]: mismatched types
[INFO] [stdout]    --> /opt/rustwide/cargo-home/registry/src/github.com-1ecc6299db9ec823/psp-0.1.2/src/panic.rs:136:42
[INFO] [stdout]     |
[INFO] [stdout] 136 |         panic_unwind::__rust_start_panic(obj as usize)
[INFO] [stdout]     |                                          ^^^^^^^^^^^^ expected *-ptr, found `usize`
[INFO] [stdout]     |
[INFO] [stdout]     = note: expected raw pointer `*mut &mut dyn BoxMeUp`
[INFO] [stdout]                       found type `usize`
[INFO] [stdout] 
[INFO] [stdout] 
[INFO] [stdout] error: aborting due to 4 previous errors
[INFO] [stdout] 
[INFO] [stdout] 
[INFO] [stdout] Some errors have detailed explanations: E0308, E0554.
[INFO] [stdout] 
[INFO] [stdout] For more information about an error, try `rustc --explain E0308`.
[INFO] [stdout] 
[INFO] [stderr] error: could not compile `psp` due to 5 previous errors
[INFO] running `Command { std: "docker" "inspect" "11361a3d6a6ed5f36137fc29e762bebbd4f2e1965a7dc9969b60c4da3023eecb", kill_on_drop: false }`
[INFO] running `Command { std: "docker" "rm" "-f" "11361a3d6a6ed5f36137fc29e762bebbd4f2e1965a7dc9969b60c4da3023eecb", kill_on_drop: false }`
[INFO] [stdout] 11361a3d6a6ed5f36137fc29e762bebbd4f2e1965a7dc9969b60c4da3023eecb
