[INFO] cloning repository https://github.com/moko256/moko256_wol_from_discord
[INFO] running `Command { std: "git" "-c" "credential.helper=" "-c" "credential.helper=/workspace/cargo-home/bin/git-credential-null" "clone" "--bare" "https://github.com/moko256/moko256_wol_from_discord" "/workspace/cache/git-repos/https%3A%2F%2Fgithub.com%2Fmoko256%2Fmoko256_wol_from_discord", kill_on_drop: false }`
[INFO] [stderr] Cloning into bare repository '/workspace/cache/git-repos/https%3A%2F%2Fgithub.com%2Fmoko256%2Fmoko256_wol_from_discord'...
[INFO] running `Command { std: "git" "rev-parse" "HEAD", kill_on_drop: false }`
[INFO] [stdout] 8fc73fdc9c14eb7e9f268602e1d1d3afb7754d26
[INFO] checking moko256/moko256_wol_from_discord against beta-2021-10-15 for beta-1.56-3
[INFO] running `Command { std: "git" "clone" "/workspace/cache/git-repos/https%3A%2F%2Fgithub.com%2Fmoko256%2Fmoko256_wol_from_discord" "/workspace/builds/worker-96/source", kill_on_drop: false }`
[INFO] [stderr] Cloning into '/workspace/builds/worker-96/source'...
[INFO] [stderr] done.
[INFO] validating manifest of git repo https://github.com/moko256/moko256_wol_from_discord on toolchain beta-2021-10-15
[INFO] running `Command { std: "/workspace/cargo-home/bin/cargo" "+beta-2021-10-15" "metadata" "--manifest-path" "Cargo.toml" "--no-deps", kill_on_drop: false }`
[INFO] started tweaking git repo https://github.com/moko256/moko256_wol_from_discord
[INFO] finished tweaking git repo https://github.com/moko256/moko256_wol_from_discord
[INFO] tweaked toml for git repo https://github.com/moko256/moko256_wol_from_discord written to /workspace/builds/worker-96/source/Cargo.toml
[INFO] crate git repo https://github.com/moko256/moko256_wol_from_discord already has a lockfile, it will not be regenerated
[INFO] running `Command { std: "/workspace/cargo-home/bin/cargo" "+beta-2021-10-15" "fetch" "--manifest-path" "Cargo.toml", kill_on_drop: false }`
[INFO] [stderr]     Blocking waiting for file lock on package cache
[INFO] [stderr]     Blocking waiting for file lock on package cache
[INFO] running `Command { std: "docker" "create" "-v" "/var/lib/crater-agent-workspace/builds/worker-96/target:/opt/rustwide/target:rw,Z" "-v" "/var/lib/crater-agent-workspace/builds/worker-96/source:/opt/rustwide/workdir:ro,Z" "-v" "/var/lib/crater-agent-workspace/cargo-home:/opt/rustwide/cargo-home:ro,Z" "-v" "/var/lib/crater-agent-workspace/rustup-home:/opt/rustwide/rustup-home:ro,Z" "-e" "SOURCE_DIR=/opt/rustwide/workdir" "-e" "CARGO_TARGET_DIR=/opt/rustwide/target" "-e" "CARGO_HOME=/opt/rustwide/cargo-home" "-e" "RUSTUP_HOME=/opt/rustwide/rustup-home" "-w" "/opt/rustwide/workdir" "-m" "1610612736" "--user" "0:0" "--network" "none" "ghcr.io/rust-lang/crates-build-env/linux@sha256:a89201d6b5b9fd45c15d5952ece0a0129e7e80cb26ec023fd59cf09bc26f1604" "/opt/rustwide/cargo-home/bin/cargo" "+beta-2021-10-15" "metadata" "--no-deps" "--format-version=1", kill_on_drop: false }`
[INFO] [stdout] 697f184dd00208c76a0424721306f7dcf1ba041db63eeb7d11a94df48b58b33a
[INFO] running `Command { std: "docker" "start" "-a" "697f184dd00208c76a0424721306f7dcf1ba041db63eeb7d11a94df48b58b33a", kill_on_drop: false }`
[INFO] running `Command { std: "docker" "inspect" "697f184dd00208c76a0424721306f7dcf1ba041db63eeb7d11a94df48b58b33a", kill_on_drop: false }`
[INFO] running `Command { std: "docker" "rm" "-f" "697f184dd00208c76a0424721306f7dcf1ba041db63eeb7d11a94df48b58b33a", kill_on_drop: false }`
[INFO] [stdout] 697f184dd00208c76a0424721306f7dcf1ba041db63eeb7d11a94df48b58b33a
[INFO] running `Command { std: "docker" "create" "-v" "/var/lib/crater-agent-workspace/builds/worker-96/target:/opt/rustwide/target:rw,Z" "-v" "/var/lib/crater-agent-workspace/builds/worker-96/source:/opt/rustwide/workdir:ro,Z" "-v" "/var/lib/crater-agent-workspace/cargo-home:/opt/rustwide/cargo-home:ro,Z" "-v" "/var/lib/crater-agent-workspace/rustup-home:/opt/rustwide/rustup-home:ro,Z" "-e" "SOURCE_DIR=/opt/rustwide/workdir" "-e" "CARGO_TARGET_DIR=/opt/rustwide/target" "-e" "CARGO_INCREMENTAL=0" "-e" "RUST_BACKTRACE=full" "-e" "RUSTFLAGS=--cap-lints=warn" "-e" "CARGO_HOME=/opt/rustwide/cargo-home" "-e" "RUSTUP_HOME=/opt/rustwide/rustup-home" "-w" "/opt/rustwide/workdir" "-m" "1610612736" "--user" "0:0" "--network" "none" "ghcr.io/rust-lang/crates-build-env/linux@sha256:a89201d6b5b9fd45c15d5952ece0a0129e7e80cb26ec023fd59cf09bc26f1604" "/opt/rustwide/cargo-home/bin/cargo" "+beta-2021-10-15" "check" "--frozen" "--all" "--all-targets" "--message-format=json", kill_on_drop: false }`
[INFO] [stdout] 38c9430f08bc8ac25ecba1df9f27c274c709653b3c0ed9b94fcdd18af34f48a3
[INFO] running `Command { std: "docker" "start" "-a" "38c9430f08bc8ac25ecba1df9f27c274c709653b3c0ed9b94fcdd18af34f48a3", kill_on_drop: false }`
[INFO] [stderr]    Compiling proc-macro2 v1.0.29
[INFO] [stderr]    Compiling syn v1.0.76
[INFO] [stderr]    Compiling log v0.4.14
[INFO] [stderr]     Checking pin-project-lite v0.2.7
[INFO] [stderr]    Compiling cc v1.0.70
[INFO] [stderr]    Compiling futures-core v0.3.17
[INFO] [stderr]     Checking bytes v1.1.0
[INFO] [stderr]     Checking itoa v0.4.8
[INFO] [stderr]    Compiling futures-task v0.3.17
[INFO] [stderr]    Compiling futures-channel v0.3.17
[INFO] [stderr]     Checking futures-sink v0.3.17
[INFO] [stderr]    Compiling native-tls v0.2.8
[INFO] [stderr]    Compiling httparse v1.5.1
[INFO] [stderr]     Checking slab v0.4.4
[INFO] [stderr]     Checking futures-io v0.3.17
[INFO] [stderr]     Checking hashbrown v0.11.2
[INFO] [stderr]     Checking unicode-bidi v0.3.6
[INFO] [stderr]     Checking cpufeatures v0.2.1
[INFO] [stderr]    Compiling serde_json v1.0.67
[INFO] [stderr]     Checking tower-service v0.3.1
[INFO] [stderr]     Checking httpdate v1.0.1
[INFO] [stderr]    Compiling async-trait v0.1.51
[INFO] [stderr]     Checking utf-8 v0.7.6
[INFO] [stderr]     Checking ipnet v2.3.1
[INFO] [stderr]    Compiling serenity v0.10.9
[INFO] [stderr]     Checking typemap_rev v0.1.5
[INFO] [stderr]    Compiling tokio v1.11.0
[INFO] [stderr]    Compiling futures-util v0.3.17
[INFO] [stderr]    Compiling indexmap v1.7.0
[INFO] [stderr]    Compiling typenum v1.14.0
[INFO] [stderr]    Compiling unicase v2.6.0
[INFO] [stderr]     Checking tinyvec v1.3.1
[INFO] [stderr]    Compiling serde_derive v1.0.130
[INFO] [stderr]     Checking tracing-core v0.1.19
[INFO] [stderr]    Compiling serde v1.0.130
[INFO] [stderr]     Checking input_buffer v0.3.1
[INFO] [stderr]     Checking libc v0.2.101
[INFO] [stderr]     Checking want v0.3.0
[INFO] [stderr]     Checking http v0.2.4
[INFO] [stderr]     Checking generic-array v0.14.4
[INFO] [stderr]     Checking mio v0.7.13
[INFO] [stderr]     Checking getrandom v0.1.16
[INFO] [stderr]     Checking socket2 v0.4.1
[INFO] [stderr]     Checking flate2 v1.0.21
[INFO] [stderr]     Checking time v0.1.43
[INFO] [stderr]    Compiling quote v1.0.9
[INFO] [stderr]     Checking rand_core v0.5.1
[INFO] [stderr]    Compiling mime_guess v2.0.3
[INFO] [stderr]    Compiling openssl-sys v0.9.66
[INFO] [stderr]     Checking rand_chacha v0.2.2
[INFO] [stderr]     Checking block-buffer v0.9.0
[INFO] [stderr]     Checking digest v0.9.0
[INFO] [stderr]     Checking unicode-normalization v0.1.19
[INFO] [stderr]     Checking sha-1 v0.9.8
[INFO] [stderr]     Checking rand v0.7.3
[INFO] [stderr]    Compiling openssl v0.10.36
[INFO] [stderr]     Checking http-body v0.4.3
[INFO] [stderr]     Checking idna v0.2.3
[INFO] [stderr]     Checking url v2.2.2
[INFO] [stderr]     Checking futures v0.3.17
[INFO] [stderr]     Checking tungstenite v0.11.1
[INFO] [stderr]    Compiling tokio-macros v1.3.0
[INFO] [stderr]    Compiling tracing-attributes v0.1.15
[INFO] [stderr]    Compiling pin-project-internal v1.0.8
[INFO] [stderr]     Checking pin-project v1.0.8
[INFO] [stderr]     Checking tracing v0.1.26
[INFO] [stderr]     Checking tokio-util v0.6.8
[INFO] [stderr]     Checking tokio-native-tls v0.3.0
[INFO] [stderr]     Checking async-compression v0.3.8
[INFO] [stderr]     Checking async-tungstenite v0.11.0
[INFO] [stderr]     Checking h2 v0.3.4
[INFO] [stderr]     Checking serde_urlencoded v0.7.0
[INFO] [stderr]     Checking chrono v0.4.19
[INFO] [stderr]     Checking hyper v0.14.12
[INFO] [stderr]     Checking hyper-tls v0.5.0
[INFO] [stderr]     Checking reqwest v0.11.4
[INFO] [stderr]     Checking moko256_wol_from_discord v0.1.0 (/opt/rustwide/workdir)
[INFO] [stdout] error[E0583]: file not found for module `config`
[INFO] [stdout]  --> src/main.rs:1:1
[INFO] [stdout]   |
[INFO] [stdout] 1 | mod config;
[INFO] [stdout]   | ^^^^^^^^^^^
[INFO] [stdout]   |
[INFO] [stdout]   = help: to create the module `config`, create file "src/config.rs" or "src/config/mod.rs"
[INFO] [stdout] 
[INFO] [stdout] 
[INFO] [stdout] error[E0583]: file not found for module `config`
[INFO] [stdout]  --> src/main.rs:1:1
[INFO] [stdout]   |
[INFO] [stdout] 1 | mod config;
[INFO] [stdout]   | ^^^^^^^^^^^
[INFO] [stdout]   |
[INFO] [stdout]   = help: to create the module `config`, create file "src/config.rs" or "src/config/mod.rs"
[INFO] [stdout] 
[INFO] [stdout] 
[INFO] [stdout] error[E0425]: cannot find value `WOL_TARGET_DEVICE_MAC_ADDR` in module `config`
[INFO] [stdout]   --> src/main.rs:27:33
[INFO] [stdout]    |
[INFO] [stdout] 27 |     let addr: Vec<u8> = config::WOL_TARGET_DEVICE_MAC_ADDR
[INFO] [stdout]    |                                 ^^^^^^^^^^^^^^^^^^^^^^^^^^ not found in `config`
[INFO] [stdout] 
[INFO] [stdout] 
[INFO] [stdout] error[E0425]: cannot find value `DISCORD_TOKEN` in module `config`
[INFO] [stdout]   --> src/main.rs:47:29
[INFO] [stdout]    |
[INFO] [stdout] 47 |     Client::builder(config::DISCORD_TOKEN)
[INFO] [stdout]    |                             ^^^^^^^^^^^^^ not found in `config`
[INFO] [stdout] 
[INFO] [stdout] 
[INFO] [stdout] error[E0425]: cannot find value `DISCORD_APP_ID` in module `config`
[INFO] [stdout]   --> src/main.rs:48:33
[INFO] [stdout]    |
[INFO] [stdout] 48 |         .application_id(config::DISCORD_APP_ID)
[INFO] [stdout]    |                                 ^^^^^^^^^^^^^^ not found in `config`
[INFO] [stdout] 
[INFO] [stdout] 
[INFO] [stdout] error[E0425]: cannot find value `DISCORD_BUTTON_CHID` in module `config`
[INFO] [stdout]   --> src/main.rs:79:39
[INFO] [stdout]    |
[INFO] [stdout] 79 |                     ChannelId(config::DISCORD_BUTTON_CHID)
[INFO] [stdout]    |                                       ^^^^^^^^^^^^^^^^^^^ not found in `config`
[INFO] [stdout] 
[INFO] [stdout] 
[INFO] [stdout] error[E0425]: cannot find value `WOL_TARGET_DEVICE_MAC_ADDR` in module `config`
[INFO] [stdout]   --> src/main.rs:27:33
[INFO] [stdout]    |
[INFO] [stdout] 27 |     let addr: Vec<u8> = config::WOL_TARGET_DEVICE_MAC_ADDR
[INFO] [stdout]    |                                 ^^^^^^^^^^^^^^^^^^^^^^^^^^ not found in `config`
[INFO] [stdout] 
[INFO] [stdout] 
[INFO] [stdout] error[E0425]: cannot find value `DISCORD_TOKEN` in module `config`
[INFO] [stdout]   --> src/main.rs:47:29
[INFO] [stdout]    |
[INFO] [stdout] 47 |     Client::builder(config::DISCORD_TOKEN)
[INFO] [stdout]    |                             ^^^^^^^^^^^^^ not found in `config`
[INFO] [stdout] 
[INFO] [stdout] 
[INFO] [stdout] error[E0425]: cannot find value `DISCORD_APP_ID` in module `config`
[INFO] [stdout]   --> src/main.rs:48:33
[INFO] [stdout]    |
[INFO] [stdout] 48 |         .application_id(config::DISCORD_APP_ID)
[INFO] [stdout]    |                                 ^^^^^^^^^^^^^^ not found in `config`
[INFO] [stdout] 
[INFO] [stdout] 
[INFO] [stdout] error[E0425]: cannot find value `DISCORD_BUTTON_CHID` in module `config`
[INFO] [stdout]   --> src/main.rs:79:39
[INFO] [stdout]    |
[INFO] [stdout] 79 |                     ChannelId(config::DISCORD_BUTTON_CHID)
[INFO] [stdout]    |                                       ^^^^^^^^^^^^^^^^^^^ not found in `config`
[INFO] [stdout] 
[INFO] [stdout] 
[INFO] [stdout] error: aborting due to 5 previous errors
[INFO] [stdout] 
[INFO] [stdout] 
[INFO] [stdout] Some errors have detailed explanations: E0425, E0583.
[INFO] [stdout] 
[INFO] [stdout] For more information about an error, try `rustc --explain E0425`.
[INFO] [stdout] 
[INFO] [stderr] error: could not compile `moko256_wol_from_discord` due to 6 previous errors
[INFO] [stderr] warning: build failed, waiting for other jobs to finish...
[INFO] [stdout] error: aborting due to 5 previous errors
[INFO] [stdout] 
[INFO] [stdout] 
[INFO] [stdout] Some errors have detailed explanations: E0425, E0583.
[INFO] [stdout] 
[INFO] [stdout] For more information about an error, try `rustc --explain E0425`.
[INFO] [stdout] 
[INFO] [stderr] error: build failed
[INFO] running `Command { std: "docker" "inspect" "38c9430f08bc8ac25ecba1df9f27c274c709653b3c0ed9b94fcdd18af34f48a3", kill_on_drop: false }`
[INFO] running `Command { std: "docker" "rm" "-f" "38c9430f08bc8ac25ecba1df9f27c274c709653b3c0ed9b94fcdd18af34f48a3", kill_on_drop: false }`
[INFO] [stdout] 38c9430f08bc8ac25ecba1df9f27c274c709653b3c0ed9b94fcdd18af34f48a3
