[INFO] cloning repository https://github.com/mleonhard/deduposaur
[INFO] running `Command { std: "git" "-c" "credential.helper=" "-c" "credential.helper=/workspace/cargo-home/bin/git-credential-null" "clone" "--bare" "https://github.com/mleonhard/deduposaur" "/workspace/cache/git-repos/https%3A%2F%2Fgithub.com%2Fmleonhard%2Fdeduposaur", kill_on_drop: false }`
[INFO] [stderr] Cloning into bare repository '/workspace/cache/git-repos/https%3A%2F%2Fgithub.com%2Fmleonhard%2Fdeduposaur'...
[INFO] running `Command { std: "git" "rev-parse" "HEAD", kill_on_drop: false }`
[INFO] [stdout] 951a7cdc8e5723d9c89776e4ee22c293b4de0cd0
[INFO] checking mleonhard/deduposaur against beta-2021-10-15 for beta-1.56-3
[INFO] running `Command { std: "git" "clone" "/workspace/cache/git-repos/https%3A%2F%2Fgithub.com%2Fmleonhard%2Fdeduposaur" "/workspace/builds/worker-8/source", kill_on_drop: false }`
[INFO] [stderr] Cloning into '/workspace/builds/worker-8/source'...
[INFO] [stderr] done.
[INFO] validating manifest of git repo https://github.com/mleonhard/deduposaur on toolchain beta-2021-10-15
[INFO] running `Command { std: "/workspace/cargo-home/bin/cargo" "+beta-2021-10-15" "metadata" "--manifest-path" "Cargo.toml" "--no-deps", kill_on_drop: false }`
[INFO] started tweaking git repo https://github.com/mleonhard/deduposaur
[INFO] finished tweaking git repo https://github.com/mleonhard/deduposaur
[INFO] tweaked toml for git repo https://github.com/mleonhard/deduposaur written to /workspace/builds/worker-8/source/Cargo.toml
[INFO] crate git repo https://github.com/mleonhard/deduposaur already has a lockfile, it will not be regenerated
[INFO] running `Command { std: "/workspace/cargo-home/bin/cargo" "+beta-2021-10-15" "fetch" "--manifest-path" "Cargo.toml", kill_on_drop: false }`
[INFO] [stderr]  Downloading crates ...
[INFO] [stderr]   Downloaded darling_macro v0.13.0
[INFO] [stderr]   Downloaded darling v0.13.0
[INFO] [stderr]   Downloaded unicode-segmentation v1.8.0
[INFO] [stderr]   Downloaded hex v0.4.3
[INFO] [stderr]   Downloaded predicates-core v1.0.2
[INFO] [stderr]   Downloaded aho-corasick v0.7.18
[INFO] [stderr]   Downloaded itertools v0.10.1
[INFO] [stderr]   Downloaded structopt-derive v0.4.15
[INFO] [stderr]   Downloaded float-cmp v0.8.0
[INFO] [stderr]   Downloaded predicates v1.0.8
[INFO] [stderr]   Downloaded assert_that v0.1.2
[INFO] [stderr]   Downloaded doc-comment v0.3.3
[INFO] [stderr]   Downloaded regex-automata v0.1.10
[INFO] [stderr]   Downloaded wait-timeout v0.2.0
[INFO] [stderr]   Downloaded difference v2.0.0
[INFO] [stderr]   Downloaded assert_cmd v1.0.7
[INFO] [stderr]   Downloaded redox_syscall v0.2.9
[INFO] [stderr]   Downloaded regex-syntax v0.6.25
[INFO] [stderr]   Downloaded difflib v0.4.0
[INFO] [stderr]   Downloaded bstr v0.2.16
[INFO] [stderr]   Downloaded syn v1.0.73
[INFO] [stderr]   Downloaded temp-dir v0.1.11
[INFO] [stderr]   Downloaded serde_with v1.9.4
[INFO] [stderr]   Downloaded serde_with_macros v1.4.2
[INFO] [stderr]   Downloaded filetime v0.2.14
[INFO] [stderr]   Downloaded rustversion v1.0.5
[INFO] [stderr]   Downloaded ident_case v1.0.1
[INFO] [stderr]   Downloaded treeline v0.1.0
[INFO] [stderr]   Downloaded predicates-tree v1.0.2
[INFO] [stderr]   Downloaded predicates v2.0.0
[INFO] [stderr]   Downloaded normalize-line-endings v0.3.0
[INFO] [stderr]   Downloaded temp-file v0.1.6
[INFO] [stderr]   Downloaded structopt v0.3.22
[INFO] [stderr]   Downloaded regex v1.5.4
[INFO] [stderr]   Downloaded memchr v2.4.0
[INFO] [stderr]   Downloaded darling_core v0.13.0
[INFO] [stderr]   Downloaded strsim v0.10.0
[INFO] [stderr]   Downloaded typenum v1.13.0
[INFO] [stderr]   Downloaded cpufeatures v0.1.5
[INFO] [stderr]   Downloaded sha2 v0.9.5
[INFO] [stderr]   Downloaded heck v0.3.3
[INFO] [stderr]   Downloaded proc-macro-error-attr v1.0.4
[INFO] [stderr]   Downloaded proc-macro-error v1.0.4
[INFO] [stderr]   Downloaded proc-macro2 v1.0.27
[INFO] running `Command { std: "docker" "create" "-v" "/var/lib/crater-agent-workspace/builds/worker-8/target:/opt/rustwide/target:rw,Z" "-v" "/var/lib/crater-agent-workspace/builds/worker-8/source:/opt/rustwide/workdir:ro,Z" "-v" "/var/lib/crater-agent-workspace/cargo-home:/opt/rustwide/cargo-home:ro,Z" "-v" "/var/lib/crater-agent-workspace/rustup-home:/opt/rustwide/rustup-home:ro,Z" "-e" "SOURCE_DIR=/opt/rustwide/workdir" "-e" "CARGO_TARGET_DIR=/opt/rustwide/target" "-e" "CARGO_HOME=/opt/rustwide/cargo-home" "-e" "RUSTUP_HOME=/opt/rustwide/rustup-home" "-w" "/opt/rustwide/workdir" "-m" "1610612736" "--user" "0:0" "--network" "none" "ghcr.io/rust-lang/crates-build-env/linux@sha256:a89201d6b5b9fd45c15d5952ece0a0129e7e80cb26ec023fd59cf09bc26f1604" "/opt/rustwide/cargo-home/bin/cargo" "+beta-2021-10-15" "metadata" "--no-deps" "--format-version=1", kill_on_drop: false }`
[INFO] [stdout] 96a56f4eec9ae309a0d48034a77a398a694b8c53e75a52fbaa3770814218bded
[INFO] [stderr] WARNING: Your kernel does not support swap limit capabilities or the cgroup is not mounted. Memory limited without swap.
[INFO] running `Command { std: "docker" "start" "-a" "96a56f4eec9ae309a0d48034a77a398a694b8c53e75a52fbaa3770814218bded", kill_on_drop: false }`
[INFO] running `Command { std: "docker" "inspect" "96a56f4eec9ae309a0d48034a77a398a694b8c53e75a52fbaa3770814218bded", kill_on_drop: false }`
[INFO] running `Command { std: "docker" "rm" "-f" "96a56f4eec9ae309a0d48034a77a398a694b8c53e75a52fbaa3770814218bded", kill_on_drop: false }`
[INFO] [stdout] 96a56f4eec9ae309a0d48034a77a398a694b8c53e75a52fbaa3770814218bded
[INFO] running `Command { std: "docker" "create" "-v" "/var/lib/crater-agent-workspace/builds/worker-8/target:/opt/rustwide/target:rw,Z" "-v" "/var/lib/crater-agent-workspace/builds/worker-8/source:/opt/rustwide/workdir:ro,Z" "-v" "/var/lib/crater-agent-workspace/cargo-home:/opt/rustwide/cargo-home:ro,Z" "-v" "/var/lib/crater-agent-workspace/rustup-home:/opt/rustwide/rustup-home:ro,Z" "-e" "SOURCE_DIR=/opt/rustwide/workdir" "-e" "CARGO_TARGET_DIR=/opt/rustwide/target" "-e" "CARGO_INCREMENTAL=0" "-e" "RUST_BACKTRACE=full" "-e" "RUSTFLAGS=--cap-lints=warn" "-e" "CARGO_HOME=/opt/rustwide/cargo-home" "-e" "RUSTUP_HOME=/opt/rustwide/rustup-home" "-w" "/opt/rustwide/workdir" "-m" "1610612736" "--user" "0:0" "--network" "none" "ghcr.io/rust-lang/crates-build-env/linux@sha256:a89201d6b5b9fd45c15d5952ece0a0129e7e80cb26ec023fd59cf09bc26f1604" "/opt/rustwide/cargo-home/bin/cargo" "+beta-2021-10-15" "check" "--frozen" "--all" "--all-targets" "--message-format=json", kill_on_drop: false }`
[INFO] [stdout] ebc53a2015eef2c32a35ffa3564cb81079c28a49f6319289bad0abe4ce027ce6
[INFO] [stderr] WARNING: Your kernel does not support swap limit capabilities or the cgroup is not mounted. Memory limited without swap.
[INFO] running `Command { std: "docker" "start" "-a" "ebc53a2015eef2c32a35ffa3564cb81079c28a49f6319289bad0abe4ce027ce6", kill_on_drop: false }`
[INFO] [stderr]    Compiling syn v1.0.73
[INFO] [stderr]     Checking difflib v0.4.0
[INFO] [stderr]     Checking temp-dir v0.1.11
[INFO] [stderr]     Checking temp-file v0.1.6
[INFO] [stderr]     Checking atty v0.2.14
[INFO] [stderr]     Checking time v0.1.44
[INFO] [stderr]     Checking filetime v0.2.14
[INFO] [stderr]     Checking bstr v0.2.16
[INFO] [stderr]     Checking wait-timeout v0.2.0
[INFO] [stderr]     Checking assert_that v0.1.2
[INFO] [stderr]     Checking clap v2.33.3
[INFO] [stderr]     Checking predicates v2.0.0
[INFO] [stderr]     Checking chrono v0.4.19
[INFO] [stderr]     Checking assert_cmd v1.0.7
[INFO] [stderr]    Compiling darling_core v0.13.0
[INFO] [stderr]    Compiling proc-macro-error v1.0.4
[INFO] [stderr]    Compiling serde_derive v1.0.126
[INFO] [stderr]    Compiling structopt-derive v0.4.15
[INFO] [stderr]    Compiling darling_macro v0.13.0
[INFO] [stderr]     Checking structopt v0.3.22
[INFO] [stderr]    Compiling darling v0.13.0
[INFO] [stderr]    Compiling serde_with_macros v1.4.2
[INFO] [stderr]     Checking serde v1.0.126
[INFO] [stderr]     Checking serde_json v1.0.64
[INFO] [stderr]     Checking serde_with v1.9.4
[INFO] [stderr]     Checking deduposaur v0.1.0 (/opt/rustwide/workdir)
[INFO] [stdout] error[E0433]: failed to resolve: could not find `macos` in `os`
[INFO] [stdout]    --> src/main.rs:142:14
[INFO] [stdout]     |
[INFO] [stdout] 142 | use std::os::macos::fs::MetadataExt;
[INFO] [stdout]     |              ^^^^^ could not find `macos` in `os`
[INFO] [stdout] 
[INFO] [stdout] 
[INFO] [stdout] error[E0433]: failed to resolve: could not find `macos` in `os`
[INFO] [stdout]    --> src/main.rs:142:14
[INFO] [stdout]     |
[INFO] [stdout] 142 | use std::os::macos::fs::MetadataExt;
[INFO] [stdout]     |              ^^^^^ could not find `macos` in `os`
[INFO] [stdout] 
[INFO] [stdout] 
[INFO] [stdout] error[E0599]: no method named `st_mtime` found for struct `Metadata` in the current scope
[INFO] [stdout]    --> src/main.rs:281:37
[INFO] [stdout]     |
[INFO] [stdout] 281 |                     mtime: metadata.st_mtime(),
[INFO] [stdout]     |                                     ^^^^^^^^ method not found in `Metadata`
[INFO] [stdout]     |
[INFO] [stdout]     = help: items from traits can only be used if the trait is in scope
[INFO] [stdout] help: the following trait is implemented but not in scope; perhaps add a `use` for it:
[INFO] [stdout]     |
[INFO] [stdout] 131 | use std::os::linux::fs::MetadataExt;
[INFO] [stdout]     |
[INFO] [stdout] 
[INFO] [stdout] 
[INFO] [stdout] error[E0599]: no method named `st_mtime` found for struct `Metadata` in the current scope
[INFO] [stdout]    --> src/main.rs:281:37
[INFO] [stdout]     |
[INFO] [stdout] 281 |                     mtime: metadata.st_mtime(),
[INFO] [stdout]     |                                     ^^^^^^^^ method not found in `Metadata`
[INFO] [stdout]     |
[INFO] [stdout]     = help: items from traits can only be used if the trait is in scope
[INFO] [stdout] help: the following trait is implemented but not in scope; perhaps add a `use` for it:
[INFO] [stdout]     |
[INFO] [stdout] 131 | use std::os::linux::fs::MetadataExt;
[INFO] [stdout]     |
[INFO] [stdout] 
[INFO] [stdout] 
[INFO] [stdout] error: aborting due to 2 previous errors
[INFO] [stdout] 
[INFO] [stdout] 
[INFO] [stdout] Some errors have detailed explanations: E0433, E0599.
[INFO] [stdout] 
[INFO] [stdout] error: aborting due to 2 previous errors
[INFO] [stdout] 
[INFO] [stdout] 
[INFO] [stdout] For more information about an error, try `rustc --explain E0433`.
[INFO] [stdout] 
[INFO] [stdout] Some errors have detailed explanations: E0433, E0599.
[INFO] [stdout] 
[INFO] [stdout] For more information about an error, try `rustc --explain E0433`.
[INFO] [stdout] 
[INFO] [stderr] error: could not compile `deduposaur` due to 3 previous errors
[INFO] [stderr] warning: build failed, waiting for other jobs to finish...
[INFO] [stderr] error: build failed
[INFO] running `Command { std: "docker" "inspect" "ebc53a2015eef2c32a35ffa3564cb81079c28a49f6319289bad0abe4ce027ce6", kill_on_drop: false }`
[INFO] running `Command { std: "docker" "rm" "-f" "ebc53a2015eef2c32a35ffa3564cb81079c28a49f6319289bad0abe4ce027ce6", kill_on_drop: false }`
[INFO] [stdout] ebc53a2015eef2c32a35ffa3564cb81079c28a49f6319289bad0abe4ce027ce6
