[INFO] cloning repository https://github.com/mjbenitez95/rust-error-handling
[INFO] running `Command { std: "git" "-c" "credential.helper=" "-c" "credential.helper=/workspace/cargo-home/bin/git-credential-null" "clone" "--bare" "https://github.com/mjbenitez95/rust-error-handling" "/workspace/cache/git-repos/https%3A%2F%2Fgithub.com%2Fmjbenitez95%2Frust-error-handling", kill_on_drop: false }`
[INFO] [stderr] Cloning into bare repository '/workspace/cache/git-repos/https%3A%2F%2Fgithub.com%2Fmjbenitez95%2Frust-error-handling'...
[INFO] running `Command { std: "git" "rev-parse" "HEAD", kill_on_drop: false }`
[INFO] [stdout] 72e255eebe1cd47e9477bb6c4d201a48c9f3df44
[INFO] checking mjbenitez95/rust-error-handling against 1.55.0 for beta-1.56-3
[INFO] running `Command { std: "git" "clone" "/workspace/cache/git-repos/https%3A%2F%2Fgithub.com%2Fmjbenitez95%2Frust-error-handling" "/workspace/builds/worker-11/source", kill_on_drop: false }`
[INFO] [stderr] Cloning into '/workspace/builds/worker-11/source'...
[INFO] [stderr] done.
[INFO] validating manifest of git repo https://github.com/mjbenitez95/rust-error-handling on toolchain 1.55.0
[INFO] running `Command { std: "/workspace/cargo-home/bin/cargo" "+1.55.0" "metadata" "--manifest-path" "Cargo.toml" "--no-deps", kill_on_drop: false }`
[INFO] started tweaking git repo https://github.com/mjbenitez95/rust-error-handling
[INFO] finished tweaking git repo https://github.com/mjbenitez95/rust-error-handling
[INFO] tweaked toml for git repo https://github.com/mjbenitez95/rust-error-handling written to /workspace/builds/worker-11/source/Cargo.toml
[INFO] crate git repo https://github.com/mjbenitez95/rust-error-handling already has a lockfile, it will not be regenerated
[INFO] running `Command { std: "/workspace/cargo-home/bin/cargo" "+1.55.0" "fetch" "--manifest-path" "Cargo.toml", kill_on_drop: false }`
[INFO] running `Command { std: "docker" "create" "-v" "/var/lib/crater-agent-workspace/builds/worker-11/target:/opt/rustwide/target:rw,Z" "-v" "/var/lib/crater-agent-workspace/builds/worker-11/source:/opt/rustwide/workdir:ro,Z" "-v" "/var/lib/crater-agent-workspace/cargo-home:/opt/rustwide/cargo-home:ro,Z" "-v" "/var/lib/crater-agent-workspace/rustup-home:/opt/rustwide/rustup-home:ro,Z" "-e" "SOURCE_DIR=/opt/rustwide/workdir" "-e" "CARGO_TARGET_DIR=/opt/rustwide/target" "-e" "CARGO_HOME=/opt/rustwide/cargo-home" "-e" "RUSTUP_HOME=/opt/rustwide/rustup-home" "-w" "/opt/rustwide/workdir" "-m" "1610612736" "--user" "0:0" "--network" "none" "ghcr.io/rust-lang/crates-build-env/linux@sha256:a89201d6b5b9fd45c15d5952ece0a0129e7e80cb26ec023fd59cf09bc26f1604" "/opt/rustwide/cargo-home/bin/cargo" "+1.55.0" "metadata" "--no-deps" "--format-version=1", kill_on_drop: false }`
[INFO] [stdout] 3b5344448a34efee8c0e327373af98e8b7dba88d6aa918a54bc4632ae5b6c699
[INFO] [stderr] WARNING: Your kernel does not support swap limit capabilities or the cgroup is not mounted. Memory limited without swap.
[INFO] running `Command { std: "docker" "start" "-a" "3b5344448a34efee8c0e327373af98e8b7dba88d6aa918a54bc4632ae5b6c699", kill_on_drop: false }`
[INFO] running `Command { std: "docker" "inspect" "3b5344448a34efee8c0e327373af98e8b7dba88d6aa918a54bc4632ae5b6c699", kill_on_drop: false }`
[INFO] running `Command { std: "docker" "rm" "-f" "3b5344448a34efee8c0e327373af98e8b7dba88d6aa918a54bc4632ae5b6c699", kill_on_drop: false }`
[INFO] [stdout] 3b5344448a34efee8c0e327373af98e8b7dba88d6aa918a54bc4632ae5b6c699
[INFO] running `Command { std: "docker" "create" "-v" "/var/lib/crater-agent-workspace/builds/worker-11/target:/opt/rustwide/target:rw,Z" "-v" "/var/lib/crater-agent-workspace/builds/worker-11/source:/opt/rustwide/workdir:ro,Z" "-v" "/var/lib/crater-agent-workspace/cargo-home:/opt/rustwide/cargo-home:ro,Z" "-v" "/var/lib/crater-agent-workspace/rustup-home:/opt/rustwide/rustup-home:ro,Z" "-e" "SOURCE_DIR=/opt/rustwide/workdir" "-e" "CARGO_TARGET_DIR=/opt/rustwide/target" "-e" "CARGO_INCREMENTAL=0" "-e" "RUST_BACKTRACE=full" "-e" "RUSTFLAGS=--cap-lints=warn" "-e" "CARGO_HOME=/opt/rustwide/cargo-home" "-e" "RUSTUP_HOME=/opt/rustwide/rustup-home" "-w" "/opt/rustwide/workdir" "-m" "1610612736" "--user" "0:0" "--network" "none" "ghcr.io/rust-lang/crates-build-env/linux@sha256:a89201d6b5b9fd45c15d5952ece0a0129e7e80cb26ec023fd59cf09bc26f1604" "/opt/rustwide/cargo-home/bin/cargo" "+1.55.0" "check" "--frozen" "--all" "--all-targets" "--message-format=json", kill_on_drop: false }`
[INFO] [stdout] 5d6b3eb84d47e3640420f17de54cca90df594725f7be00ae1fabfa38c4d6029d
[INFO] [stderr] WARNING: Your kernel does not support swap limit capabilities or the cgroup is not mounted. Memory limited without swap.
[INFO] running `Command { std: "docker" "start" "-a" "5d6b3eb84d47e3640420f17de54cca90df594725f7be00ae1fabfa38c4d6029d", kill_on_drop: false }`
[INFO] [stderr]     Checking error_handling v0.1.0 (/opt/rustwide/workdir)
[INFO] [stdout] error[E0308]: mismatched types
[INFO] [stdout]   --> src/main.rs:88:36
[INFO] [stdout]    |
[INFO] [stdout] 88 | fn read_user_name_but_concise() -> Result<String, io::Error> {
[INFO] [stdout]    |    --------------------------      ^^^^^^^^^^^^^^^^^^^^^^^^^ expected enum `Result`, found `()`
[INFO] [stdout]    |    |
[INFO] [stdout]    |    implicitly returns `()` as its body has no tail or `return` expression
[INFO] [stdout] ...
[INFO] [stdout] 98 |     Ok(s);
[INFO] [stdout]    |          - help: consider removing this semicolon
[INFO] [stdout]    |
[INFO] [stdout]    = note:   expected enum `Result<String, std::io::Error>`
[INFO] [stdout]            found unit type `()`
[INFO] [stdout] 
[INFO] [stdout] 
[INFO] [stdout] error[E0308]: mismatched types
[INFO] [stdout]    --> src/main.rs:101:41
[INFO] [stdout]     |
[INFO] [stdout] 101 | fn read_user_name_but_more_concise() -> Result<String, io::Error> {
[INFO] [stdout]     |    -------------------------------      ^^^^^^^^^^^^^^^^^^^^^^^^^ expected enum `Result`, found `()`
[INFO] [stdout]     |    |
[INFO] [stdout]     |    implicitly returns `()` as its body has no tail or `return` expression
[INFO] [stdout] ...
[INFO] [stdout] 107 |     Ok(s);
[INFO] [stdout]     |          - help: consider removing this semicolon
[INFO] [stdout]     |
[INFO] [stdout]     = note:   expected enum `Result<String, std::io::Error>`
[INFO] [stdout]             found unit type `()`
[INFO] [stdout] 
[INFO] [stdout] 
[INFO] [stdout] error: aborting due to 2 previous errors
[INFO] [stdout] 
[INFO] [stdout] 
[INFO] [stdout] For more information about this error, try `rustc --explain E0308`.
[INFO] [stdout] 
[INFO] [stderr] error: could not compile `error_handling` due to 3 previous errors
[INFO] [stderr] warning: build failed, waiting for other jobs to finish...
[INFO] [stdout] error[E0308]: mismatched types
[INFO] [stdout]   --> src/main.rs:88:36
[INFO] [stdout]    |
[INFO] [stdout] 88 | fn read_user_name_but_concise() -> Result<String, io::Error> {
[INFO] [stdout]    |    --------------------------      ^^^^^^^^^^^^^^^^^^^^^^^^^ expected enum `Result`, found `()`
[INFO] [stdout]    |    |
[INFO] [stdout]    |    implicitly returns `()` as its body has no tail or `return` expression
[INFO] [stdout] ...
[INFO] [stdout] 98 |     Ok(s);
[INFO] [stdout]    |          - help: consider removing this semicolon
[INFO] [stdout]    |
[INFO] [stdout]    = note:   expected enum `Result<String, std::io::Error>`
[INFO] [stdout]            found unit type `()`
[INFO] [stdout] 
[INFO] [stdout] 
[INFO] [stdout] error[E0308]: mismatched types
[INFO] [stdout]    --> src/main.rs:101:41
[INFO] [stdout]     |
[INFO] [stdout] 101 | fn read_user_name_but_more_concise() -> Result<String, io::Error> {
[INFO] [stdout]     |    -------------------------------      ^^^^^^^^^^^^^^^^^^^^^^^^^ expected enum `Result`, found `()`
[INFO] [stdout]     |    |
[INFO] [stdout]     |    implicitly returns `()` as its body has no tail or `return` expression
[INFO] [stdout] ...
[INFO] [stdout] 107 |     Ok(s);
[INFO] [stdout]     |          - help: consider removing this semicolon
[INFO] [stdout]     |
[INFO] [stdout]     = note:   expected enum `Result<String, std::io::Error>`
[INFO] [stdout]             found unit type `()`
[INFO] [stdout] 
[INFO] [stdout] 
[INFO] [stdout] error: aborting due to 2 previous errors
[INFO] [stdout] 
[INFO] [stdout] 
[INFO] [stdout] For more information about this error, try `rustc --explain E0308`.
[INFO] [stdout] 
[INFO] [stderr] error: build failed
[INFO] running `Command { std: "docker" "inspect" "5d6b3eb84d47e3640420f17de54cca90df594725f7be00ae1fabfa38c4d6029d", kill_on_drop: false }`
[INFO] running `Command { std: "docker" "rm" "-f" "5d6b3eb84d47e3640420f17de54cca90df594725f7be00ae1fabfa38c4d6029d", kill_on_drop: false }`
[INFO] [stdout] 5d6b3eb84d47e3640420f17de54cca90df594725f7be00ae1fabfa38c4d6029d
