[INFO] cloning repository https://github.com/mistrpopo/VulkanoTutorial
[INFO] running `Command { std: "git" "-c" "credential.helper=" "-c" "credential.helper=/workspace/cargo-home/bin/git-credential-null" "clone" "--bare" "https://github.com/mistrpopo/VulkanoTutorial" "/workspace/cache/git-repos/https%3A%2F%2Fgithub.com%2Fmistrpopo%2FVulkanoTutorial", kill_on_drop: false }`
[INFO] [stderr] Cloning into bare repository '/workspace/cache/git-repos/https%3A%2F%2Fgithub.com%2Fmistrpopo%2FVulkanoTutorial'...
[INFO] running `Command { std: "git" "rev-parse" "HEAD", kill_on_drop: false }`
[INFO] [stdout] 232e136ce57f9192709d62f92c3a34f9a7217405
[INFO] checking mistrpopo/VulkanoTutorial against 1.55.0 for beta-1.56-3
[INFO] running `Command { std: "git" "clone" "/workspace/cache/git-repos/https%3A%2F%2Fgithub.com%2Fmistrpopo%2FVulkanoTutorial" "/workspace/builds/worker-2/source", kill_on_drop: false }`
[INFO] [stderr] Cloning into '/workspace/builds/worker-2/source'...
[INFO] [stderr] done.
[INFO] validating manifest of git repo https://github.com/mistrpopo/VulkanoTutorial on toolchain 1.55.0
[INFO] running `Command { std: "/workspace/cargo-home/bin/cargo" "+1.55.0" "metadata" "--manifest-path" "Cargo.toml" "--no-deps", kill_on_drop: false }`
[INFO] started tweaking git repo https://github.com/mistrpopo/VulkanoTutorial
[INFO] finished tweaking git repo https://github.com/mistrpopo/VulkanoTutorial
[INFO] tweaked toml for git repo https://github.com/mistrpopo/VulkanoTutorial written to /workspace/builds/worker-2/source/Cargo.toml
[INFO] crate git repo https://github.com/mistrpopo/VulkanoTutorial already has a lockfile, it will not be regenerated
[INFO] running `Command { std: "/workspace/cargo-home/bin/cargo" "+1.55.0" "fetch" "--manifest-path" "Cargo.toml", kill_on_drop: false }`
[INFO] [stderr]     Blocking waiting for file lock on package cache
[INFO] running `Command { std: "docker" "create" "-v" "/var/lib/crater-agent-workspace/builds/worker-2/target:/opt/rustwide/target:rw,Z" "-v" "/var/lib/crater-agent-workspace/builds/worker-2/source:/opt/rustwide/workdir:ro,Z" "-v" "/var/lib/crater-agent-workspace/cargo-home:/opt/rustwide/cargo-home:ro,Z" "-v" "/var/lib/crater-agent-workspace/rustup-home:/opt/rustwide/rustup-home:ro,Z" "-e" "SOURCE_DIR=/opt/rustwide/workdir" "-e" "CARGO_TARGET_DIR=/opt/rustwide/target" "-e" "CARGO_HOME=/opt/rustwide/cargo-home" "-e" "RUSTUP_HOME=/opt/rustwide/rustup-home" "-w" "/opt/rustwide/workdir" "-m" "1610612736" "--user" "0:0" "--network" "none" "ghcr.io/rust-lang/crates-build-env/linux@sha256:a89201d6b5b9fd45c15d5952ece0a0129e7e80cb26ec023fd59cf09bc26f1604" "/opt/rustwide/cargo-home/bin/cargo" "+1.55.0" "metadata" "--no-deps" "--format-version=1", kill_on_drop: false }`
[INFO] [stderr] WARNING: Your kernel does not support swap limit capabilities or the cgroup is not mounted. Memory limited without swap.
[INFO] [stdout] 00c7797ba159d46c6843e7923a84bdbee720b7365e2464be311714fefb9dda2a
[INFO] running `Command { std: "docker" "start" "-a" "00c7797ba159d46c6843e7923a84bdbee720b7365e2464be311714fefb9dda2a", kill_on_drop: false }`
[INFO] running `Command { std: "docker" "inspect" "00c7797ba159d46c6843e7923a84bdbee720b7365e2464be311714fefb9dda2a", kill_on_drop: false }`
[INFO] running `Command { std: "docker" "rm" "-f" "00c7797ba159d46c6843e7923a84bdbee720b7365e2464be311714fefb9dda2a", kill_on_drop: false }`
[INFO] [stdout] 00c7797ba159d46c6843e7923a84bdbee720b7365e2464be311714fefb9dda2a
[INFO] running `Command { std: "docker" "create" "-v" "/var/lib/crater-agent-workspace/builds/worker-2/target:/opt/rustwide/target:rw,Z" "-v" "/var/lib/crater-agent-workspace/builds/worker-2/source:/opt/rustwide/workdir:ro,Z" "-v" "/var/lib/crater-agent-workspace/cargo-home:/opt/rustwide/cargo-home:ro,Z" "-v" "/var/lib/crater-agent-workspace/rustup-home:/opt/rustwide/rustup-home:ro,Z" "-e" "SOURCE_DIR=/opt/rustwide/workdir" "-e" "CARGO_TARGET_DIR=/opt/rustwide/target" "-e" "CARGO_INCREMENTAL=0" "-e" "RUST_BACKTRACE=full" "-e" "RUSTFLAGS=--cap-lints=warn" "-e" "CARGO_HOME=/opt/rustwide/cargo-home" "-e" "RUSTUP_HOME=/opt/rustwide/rustup-home" "-w" "/opt/rustwide/workdir" "-m" "1610612736" "--user" "0:0" "--network" "none" "ghcr.io/rust-lang/crates-build-env/linux@sha256:a89201d6b5b9fd45c15d5952ece0a0129e7e80cb26ec023fd59cf09bc26f1604" "/opt/rustwide/cargo-home/bin/cargo" "+1.55.0" "check" "--frozen" "--all" "--all-targets" "--message-format=json", kill_on_drop: false }`
[INFO] [stdout] 665cea31c883292d03bd6b7e0783f9141426df545b4d2b6d4af84752ac46c92d
[INFO] [stderr] WARNING: Your kernel does not support swap limit capabilities or the cgroup is not mounted. Memory limited without swap.
[INFO] running `Command { std: "docker" "start" "-a" "665cea31c883292d03bd6b7e0783f9141426df545b4d2b6d4af84752ac46c92d", kill_on_drop: false }`
[INFO] [stderr]     Checking libc v0.2.31
[INFO] [stderr]    Compiling cc v1.0.0
[INFO] [stderr]     Checking either v1.2.0
[INFO] [stderr]     Checking scopeguard v0.3.2
[INFO] [stderr]     Checking futures v0.1.16
[INFO] [stderr]    Compiling vulkano v0.7.0
[INFO] [stderr]     Checking crossbeam v0.3.0
[INFO] [stderr]     Checking smallvec v0.4.3
[INFO] [stderr]     Checking vk-sys v0.3.1
[INFO] [stderr]     Checking half v1.0.1
[INFO] [stderr]     Checking scoped_threadpool v0.1.8
[INFO] [stderr]    Compiling rayon-core v1.2.1
[INFO] [stderr]     Checking deflate v0.7.17
[INFO] [stderr]     Checking inflate v0.3.2
[INFO] [stderr]     Checking enum_primitive v0.1.1
[INFO] [stderr]    Compiling syn v0.10.8
[INFO] [stderr]     Checking num-rational v0.1.39
[INFO] [stderr]     Checking coco v0.1.1
[INFO] [stderr]    Compiling rand v0.3.16
[INFO] [stderr]     Checking num_cpus v1.7.0
[INFO] [stderr]     Checking shared_library v0.1.7
[INFO] [stderr]    Compiling cmake v0.1.26
[INFO] [stderr]    Compiling glsl-to-spirv v0.1.3
[INFO] [stderr]     Checking png v0.10.0
[INFO] [stderr]    Compiling tempdir v0.3.5
[INFO] [stderr]     Checking rayon v0.8.2
[INFO] [stderr]     Checking jpeg-decoder v0.1.13
[INFO] [stderr]     Checking image v0.16.0
[INFO] [stderr] error: failed to run custom build command for `glsl-to-spirv v0.1.3`
[INFO] [stderr] 
[INFO] [stderr] Caused by:
[INFO] [stderr]   process didn't exit successfully: `/opt/rustwide/target/debug/build/glsl-to-spirv-4fcde03e0a3de2af/build-script-build` (exit status: 101)
[INFO] [stderr]   --- stdout
[INFO] [stderr]   cargo:rerun-if-changed=build/glslangValidator.exe
[INFO] [stderr]   running: "cmake" "/opt/rustwide/cargo-home/registry/src/github.com-1ecc6299db9ec823/glsl-to-spirv-0.1.3/glslang" "-DCMAKE_INSTALL_PREFIX=/opt/rustwide/target/debug/build/glsl-to-spirv-4d17f2114ae735e2/out" "-DCMAKE_C_FLAGS= -ffunction-sections -fdata-sections -fPIC -m64" "-DCMAKE_C_COMPILER=/usr/bin/cc" "-DCMAKE_CXX_FLAGS= -ffunction-sections -fdata-sections -fPIC -m64" "-DCMAKE_CXX_COMPILER=/usr/bin/c++" "-DCMAKE_BUILD_TYPE=Debug"
[INFO] [stderr]   -- The C compiler identification is GNU 9.3.0
[INFO] [stderr]   -- The CXX compiler identification is GNU 9.3.0
[INFO] [stderr]   -- Check for working C compiler: /usr/bin/cc
[INFO] [stderr]   -- Check for working C compiler: /usr/bin/cc -- works
[INFO] [stderr]   -- Detecting C compiler ABI info
[INFO] [stderr]   -- Detecting C compiler ABI info - done
[INFO] [stderr]   -- Detecting C compile features
[INFO] [stderr]   -- Detecting C compile features - done
[INFO] [stderr]   -- Check for working CXX compiler: /usr/bin/c++
[INFO] [stderr]   -- Check for working CXX compiler: /usr/bin/c++ -- works
[INFO] [stderr]   -- Detecting CXX compiler ABI info
[INFO] [stderr]   -- Detecting CXX compiler ABI info - done
[INFO] [stderr]   -- Detecting CXX compile features
[INFO] [stderr]   -- Detecting CXX compile features - done
[INFO] [stderr]   -- Google Mock was not found - tests based on that will not build
[INFO] [stderr]   -- Configuring done
[INFO] [stderr]   -- Generating done
[INFO] [stderr]   -- Build files have been written to: /opt/rustwide/target/debug/build/glsl-to-spirv-4d17f2114ae735e2/out/build
[INFO] [stderr]   running: "cmake" "--build" "." "--target" "install" "--config" "Debug" "--" "-j16"
[INFO] [stderr]   Scanning dependencies of target HLSL
[INFO] [stderr]   Scanning dependencies of target glslang-default-resource-limits
[INFO] [stderr]   Scanning dependencies of target OGLCompiler
[INFO] [stderr]   Scanning dependencies of target OSDependent
[INFO] [stderr]   [  1%] Building CXX object hlsl/CMakeFiles/HLSL.dir/hlslAttributes.cpp.o
[INFO] [stderr]   [  3%] Building CXX object StandAlone/CMakeFiles/glslang-default-resource-limits.dir/ResourceLimits.cpp.o
[INFO] [stderr]   [  5%] Building CXX object glslang/OSDependent/Unix/CMakeFiles/OSDependent.dir/ossource.cpp.o
[INFO] [stderr]   [  7%] Building CXX object hlsl/CMakeFiles/HLSL.dir/hlslTokenStream.cpp.o
[INFO] [stderr]   [  8%] Building CXX object hlsl/CMakeFiles/HLSL.dir/hlslOpMap.cpp.o
[INFO] [stderr]   [ 10%] Building CXX object hlsl/CMakeFiles/HLSL.dir/hlslParseHelper.cpp.o
[INFO] [stderr]   [ 12%] Building CXX object hlsl/CMakeFiles/HLSL.dir/hlslScanContext.cpp.o
[INFO] [stderr]   [ 14%] Building CXX object OGLCompilersDLL/CMakeFiles/OGLCompiler.dir/InitializeDll.cpp.o
[INFO] [stderr]   Scanning dependencies of target SPVRemapper
[INFO] [stderr]   [ 15%] Building CXX object hlsl/CMakeFiles/HLSL.dir/hlslParseables.cpp.o
[INFO] [stderr]   [ 17%] Building CXX object hlsl/CMakeFiles/HLSL.dir/hlslGrammar.cpp.o
[INFO] [stderr]   [ 19%] Building CXX object SPIRV/CMakeFiles/SPVRemapper.dir/doc.cpp.o
[INFO] [stderr]   [ 21%] Building CXX object SPIRV/CMakeFiles/SPVRemapper.dir/SPVRemapper.cpp.o
[INFO] [stderr]   [ 22%] Linking CXX static library libOSDependent.a
[INFO] [stderr]   [ 22%] Built target OSDependent
[INFO] [stderr]   [ 24%] Linking CXX static library libOGLCompiler.a
[INFO] [stderr]   [ 24%] Built target OGLCompiler
[INFO] [stderr]   [ 26%] Linking CXX static library libglslang-default-resource-limits.a
[INFO] [stderr]   [ 26%] Built target glslang-default-resource-limits
[INFO] [stderr]   [ 28%] Linking CXX static library libSPVRemapper.a
[INFO] [stderr]   [ 28%] Built target SPVRemapper
[INFO] [stderr]   [ 29%] Linking CXX static library libHLSL.a
[INFO] [stderr]   [ 29%] Built target HLSL
[INFO] [stderr]   Scanning dependencies of target glslang
[INFO] [stderr]   [ 31%] Building CXX object glslang/CMakeFiles/glslang.dir/MachineIndependent/glslang_tab.cpp.o
[INFO] [stderr]   [ 33%] Building CXX object glslang/CMakeFiles/glslang.dir/MachineIndependent/Constant.cpp.o
[INFO] [stderr]   [ 35%] Building CXX object glslang/CMakeFiles/glslang.dir/MachineIndependent/InfoSink.cpp.o
[INFO] [stderr]   [ 36%] Building CXX object glslang/CMakeFiles/glslang.dir/MachineIndependent/IntermTraverse.cpp.o
[INFO] [stderr]   [ 38%] Building CXX object glslang/CMakeFiles/glslang.dir/MachineIndependent/Initialize.cpp.o
[INFO] [stderr]   [ 40%] Building CXX object glslang/CMakeFiles/glslang.dir/MachineIndependent/iomapper.cpp.o
[INFO] [stderr]   [ 42%] Building CXX object glslang/CMakeFiles/glslang.dir/MachineIndependent/Intermediate.cpp.o
[INFO] [stderr]   [ 43%] Building CXX object glslang/CMakeFiles/glslang.dir/MachineIndependent/ParseContextBase.cpp.o
[INFO] [stderr]   [ 45%] Building CXX object glslang/CMakeFiles/glslang.dir/MachineIndependent/ParseHelper.cpp.o
[INFO] [stderr]   [ 47%] Building CXX object glslang/CMakeFiles/glslang.dir/MachineIndependent/PoolAlloc.cpp.o
[INFO] [stderr]   [ 49%] Building CXX object glslang/CMakeFiles/glslang.dir/MachineIndependent/Scan.cpp.o
[INFO] [stderr]   [ 50%] Building CXX object glslang/CMakeFiles/glslang.dir/MachineIndependent/RemoveTree.cpp.o
[INFO] [stderr]   [ 52%] Building CXX object glslang/CMakeFiles/glslang.dir/MachineIndependent/Versions.cpp.o
[INFO] [stderr]   [ 54%] Building CXX object glslang/CMakeFiles/glslang.dir/MachineIndependent/SymbolTable.cpp.o
[INFO] [stderr]   [ 56%] Building CXX object glslang/CMakeFiles/glslang.dir/MachineIndependent/ShaderLang.cpp.o
[INFO] [stderr]   [ 57%] Building CXX object glslang/CMakeFiles/glslang.dir/MachineIndependent/intermOut.cpp.o
[INFO] [stderr]   [ 59%] Building CXX object glslang/CMakeFiles/glslang.dir/MachineIndependent/limits.cpp.o
[INFO] [stderr]   [ 61%] Building CXX object glslang/CMakeFiles/glslang.dir/MachineIndependent/linkValidate.cpp.o
[INFO] [stderr] 
[INFO] [stderr]   --- stderr
[INFO] [stderr]   fatal: not a git repository (or any parent up to mount point /opt/rustwide)
[INFO] [stderr]   Stopping at filesystem boundary (GIT_DISCOVERY_ACROSS_FILESYSTEM not set).
[INFO] [stderr]   c++: fatal error: Killed signal terminated program cc1plus
[INFO] [stderr]   compilation terminated.
[INFO] [stderr]   make[2]: *** [glslang/CMakeFiles/glslang.dir/build.make:219: glslang/CMakeFiles/glslang.dir/MachineIndependent/ShaderLang.cpp.o] Error 1
[INFO] [stderr]   make[2]: *** Waiting for unfinished jobs....
[INFO] [stderr]   c++: fatal error: Killed signal terminated program cc1plus
[INFO] [stderr]   compilation terminated.
[INFO] [stderr]   make[2]: *** [glslang/CMakeFiles/glslang.dir/build.make:63: glslang/CMakeFiles/glslang.dir/MachineIndependent/glslang_tab.cpp.o] Error 1
[INFO] [stderr]   c++: fatal error: Killed signal terminated program cc1plus
[INFO] [stderr]   compilation terminated.
[INFO] [stderr]   make[2]: *** [glslang/CMakeFiles/glslang.dir/build.make:206: glslang/CMakeFiles/glslang.dir/MachineIndependent/Scan.cpp.o] Error 1
[INFO] [stderr]   c++: fatal error: Killed signal terminated program cc1plus
[INFO] [stderr]   compilation terminated.
[INFO] [stderr]   make[2]: *** [glslang/CMakeFiles/glslang.dir/build.make:154: glslang/CMakeFiles/glslang.dir/MachineIndependent/ParseContextBase.cpp.o] Error 1
[INFO] [stderr]   c++: fatal error: Killed signal terminated program cc1plus
[INFO] [stderr]   compilation terminated.
[INFO] [stderr]   make[2]: *** [glslang/CMakeFiles/glslang.dir/build.make:167: glslang/CMakeFiles/glslang.dir/MachineIndependent/ParseHelper.cpp.o] Error 1
[INFO] [stderr]   c++: fatal error: Killed signal terminated program cc1plus
[INFO] [stderr]   compilation terminated.
[INFO] [stderr]   make[2]: *** [glslang/CMakeFiles/glslang.dir/build.make:141: glslang/CMakeFiles/glslang.dir/MachineIndependent/Intermediate.cpp.o] Error 1
[INFO] [stderr]   make[1]: *** [CMakeFiles/Makefile2:1032: glslang/CMakeFiles/glslang.dir/all] Error 2
[INFO] [stderr]   make: *** [Makefile:141: all] Error 2
[INFO] [stderr]   thread 'main' panicked at '
[INFO] [stderr]   command did not execute successfully, got: exit status: 2
[INFO] [stderr] 
[INFO] [stderr]   build script failed, must exit now', /opt/rustwide/cargo-home/registry/src/github.com-1ecc6299db9ec823/cmake-0.1.26/src/lib.rs:599:5
[INFO] [stderr]   stack backtrace:
[INFO] [stderr]      0:     0x5628042278e0 - std::backtrace_rs::backtrace::libunwind::trace::ha0ad43e8a952bfe7
[INFO] [stderr]                                  at /rustc/c8dfcfe046a7680554bf4eb612bad840e7631c4b/library/std/src/../../backtrace/src/backtrace/libunwind.rs:90:5
[INFO] [stderr]      1:     0x5628042278e0 - std::backtrace_rs::backtrace::trace_unsynchronized::h6830419c0c4130dc
[INFO] [stderr]                                  at /rustc/c8dfcfe046a7680554bf4eb612bad840e7631c4b/library/std/src/../../backtrace/src/backtrace/mod.rs:66:5
[INFO] [stderr]      2:     0x5628042278e0 - std::sys_common::backtrace::_print_fmt::h8f3516631ffa1ef5
[INFO] [stderr]                                  at /rustc/c8dfcfe046a7680554bf4eb612bad840e7631c4b/library/std/src/sys_common/backtrace.rs:67:5
[INFO] [stderr]      3:     0x5628042278e0 - <std::sys_common::backtrace::_print::DisplayBacktrace as core::fmt::Display>::fmt::he1640d5f0d93f618
[INFO] [stderr]                                  at /rustc/c8dfcfe046a7680554bf4eb612bad840e7631c4b/library/std/src/sys_common/backtrace.rs:46:22
[INFO] [stderr]      4:     0x5628042472ac - core::fmt::write::h88012e1f01caeebf
[INFO] [stderr]                                  at /rustc/c8dfcfe046a7680554bf4eb612bad840e7631c4b/library/core/src/fmt/mod.rs:1115:17
[INFO] [stderr]      5:     0x562804224ad5 - std::io::Write::write_fmt::h360fa85b30182555
[INFO] [stderr]                                  at /rustc/c8dfcfe046a7680554bf4eb612bad840e7631c4b/library/std/src/io/mod.rs:1665:15
[INFO] [stderr]      6:     0x562804229bab - std::sys_common::backtrace::_print::ha1f00492f406a015
[INFO] [stderr]                                  at /rustc/c8dfcfe046a7680554bf4eb612bad840e7631c4b/library/std/src/sys_common/backtrace.rs:49:5
[INFO] [stderr]      7:     0x562804229bab - std::sys_common::backtrace::print::hd54561b13feb6af3
[INFO] [stderr]                                  at /rustc/c8dfcfe046a7680554bf4eb612bad840e7631c4b/library/std/src/sys_common/backtrace.rs:36:9
[INFO] [stderr]      8:     0x562804229bab - std::panicking::default_hook::{{closure}}::h84fe124cd0864662
[INFO] [stderr]                                  at /rustc/c8dfcfe046a7680554bf4eb612bad840e7631c4b/library/std/src/panicking.rs:208:50
[INFO] [stderr]      9:     0x562804229681 - std::panicking::default_hook::h5a8e74a76ce290a7
[INFO] [stderr]                                  at /rustc/c8dfcfe046a7680554bf4eb612bad840e7631c4b/library/std/src/panicking.rs:225:9
[INFO] [stderr]     10:     0x56280422a274 - std::panicking::rust_panic_with_hook::h67c812a4fe9d4c91
[INFO] [stderr]                                  at /rustc/c8dfcfe046a7680554bf4eb612bad840e7631c4b/library/std/src/panicking.rs:622:17
[INFO] [stderr]     11:     0x562804229d57 - std::panicking::begin_panic_handler::{{closure}}::h33f9c1b96af300d7
[INFO] [stderr]                                  at /rustc/c8dfcfe046a7680554bf4eb612bad840e7631c4b/library/std/src/panicking.rs:519:13
[INFO] [stderr]     12:     0x562804227ddc - std::sys_common::backtrace::__rust_end_short_backtrace::h51bae64be5921f0e
[INFO] [stderr]                                  at /rustc/c8dfcfe046a7680554bf4eb612bad840e7631c4b/library/std/src/sys_common/backtrace.rs:141:18
[INFO] [stderr]     13:     0x562804229cb9 - rust_begin_unwind
[INFO] [stderr]                                  at /rustc/c8dfcfe046a7680554bf4eb612bad840e7631c4b/library/std/src/panicking.rs:515:5
[INFO] [stderr]     14:     0x5628041d8c1b - std::panicking::begin_panic_fmt::h7ab3d84aa4ae32a2
[INFO] [stderr]                                  at /rustc/c8dfcfe046a7680554bf4eb612bad840e7631c4b/library/std/src/panicking.rs:457:5
[INFO] [stderr]     15:     0x5628041e0a73 - cmake::fail::h0219be0b56fedb38
[INFO] [stderr]                                  at /opt/rustwide/cargo-home/registry/src/github.com-1ecc6299db9ec823/cmake-0.1.26/src/lib.rs:599:5
[INFO] [stderr]     16:     0x5628041e0481 - cmake::run::hdb26f474893defcb
[INFO] [stderr]                                  at /opt/rustwide/cargo-home/registry/src/github.com-1ecc6299db9ec823/cmake-0.1.26/src/lib.rs:580:9
[INFO] [stderr]     17:     0x5628041ddf55 - cmake::Config::build::h2f3572c5619aca4d
[INFO] [stderr]                                  at /opt/rustwide/cargo-home/registry/src/github.com-1ecc6299db9ec823/cmake-0.1.26/src/lib.rs:487:9
[INFO] [stderr]     18:     0x5628041dac4c - cmake::build::hfda83c98d2544e97
[INFO] [stderr]                                  at /opt/rustwide/cargo-home/registry/src/github.com-1ecc6299db9ec823/cmake-0.1.26/src/lib.rs:92:5
[INFO] [stderr]     19:     0x5628041d9e9a - build_script_build::main::h01f7b1e8f936a2a0
[INFO] [stderr]                                  at /opt/rustwide/cargo-home/registry/src/github.com-1ecc6299db9ec823/glsl-to-spirv-0.1.3/build/build.rs:22:9
[INFO] [stderr]     20:     0x5628041da55b - core::ops::function::FnOnce::call_once::h7ebca2a1df52aa74
[INFO] [stderr]                                  at /rustc/c8dfcfe046a7680554bf4eb612bad840e7631c4b/library/core/src/ops/function.rs:227:5
[INFO] [stderr]     21:     0x5628041da43e - std::sys_common::backtrace::__rust_begin_short_backtrace::hfa25902ecf33f35b
[INFO] [stderr]                                  at /rustc/c8dfcfe046a7680554bf4eb612bad840e7631c4b/library/std/src/sys_common/backtrace.rs:125:18
[INFO] [stderr]     22:     0x5628041da251 - std::rt::lang_start::{{closure}}::hf3d4b6a2af51a816
[INFO] [stderr]                                  at /rustc/c8dfcfe046a7680554bf4eb612bad840e7631c4b/library/std/src/rt.rs:63:18
[INFO] [stderr]     23:     0x56280422a77a - core::ops::function::impls::<impl core::ops::function::FnOnce<A> for &F>::call_once::ha9408abe89f69dc4
[INFO] [stderr]                                  at /rustc/c8dfcfe046a7680554bf4eb612bad840e7631c4b/library/core/src/ops/function.rs:259:13
[INFO] [stderr]     24:     0x56280422a77a - std::panicking::try::do_call::h5b0cc9e9102acb65
[INFO] [stderr]                                  at /rustc/c8dfcfe046a7680554bf4eb612bad840e7631c4b/library/std/src/panicking.rs:401:40
[INFO] [stderr]     25:     0x56280422a77a - std::panicking::try::hddc7f8229138b3ba
[INFO] [stderr]                                  at /rustc/c8dfcfe046a7680554bf4eb612bad840e7631c4b/library/std/src/panicking.rs:365:19
[INFO] [stderr]     26:     0x56280422a77a - std::panic::catch_unwind::hfa401ff8bab2986e
[INFO] [stderr]                                  at /rustc/c8dfcfe046a7680554bf4eb612bad840e7631c4b/library/std/src/panic.rs:434:14
[INFO] [stderr]     27:     0x56280422a77a - std::rt::lang_start_internal::{{closure}}::h8163422320d11405
[INFO] [stderr]                                  at /rustc/c8dfcfe046a7680554bf4eb612bad840e7631c4b/library/std/src/rt.rs:45:48
[INFO] [stderr]     28:     0x56280422a77a - std::panicking::try::do_call::hc742cc7bb4f0fb20
[INFO] [stderr]                                  at /rustc/c8dfcfe046a7680554bf4eb612bad840e7631c4b/library/std/src/panicking.rs:401:40
[INFO] [stderr]     29:     0x56280422a77a - std::panicking::try::ha37d8d2dd1acf7d3
[INFO] [stderr]                                  at /rustc/c8dfcfe046a7680554bf4eb612bad840e7631c4b/library/std/src/panicking.rs:365:19
[INFO] [stderr]     30:     0x56280422a77a - std::panic::catch_unwind::h8a5381d5ecf437bc
[INFO] [stderr]                                  at /rustc/c8dfcfe046a7680554bf4eb612bad840e7631c4b/library/std/src/panic.rs:434:14
[INFO] [stderr]     31:     0x56280422a77a - std::rt::lang_start_internal::h7e2cee8c90d4a4d3
[INFO] [stderr]                                  at /rustc/c8dfcfe046a7680554bf4eb612bad840e7631c4b/library/std/src/rt.rs:45:20
[INFO] [stderr]     32:     0x5628041da220 - std::rt::lang_start::hcfc4f5024f35e940
[INFO] [stderr]                                  at /rustc/c8dfcfe046a7680554bf4eb612bad840e7631c4b/library/std/src/rt.rs:62:5
[INFO] [stderr]     33:     0x5628041da1ec - main
[INFO] [stderr]     34:     0x7f2a14f7b0b3 - __libc_start_main
[INFO] [stderr]     35:     0x5628041d9a2e - _start
[INFO] [stderr]     36:                0x0 - <unknown>
[INFO] running `Command { std: "docker" "inspect" "665cea31c883292d03bd6b7e0783f9141426df545b4d2b6d4af84752ac46c92d", kill_on_drop: false }`
[INFO] running `Command { std: "docker" "rm" "-f" "665cea31c883292d03bd6b7e0783f9141426df545b4d2b6d4af84752ac46c92d", kill_on_drop: false }`
[INFO] [stdout] 665cea31c883292d03bd6b7e0783f9141426df545b4d2b6d4af84752ac46c92d
