[INFO] cloning repository https://github.com/milespossing/amethyst-starter
[INFO] running `Command { std: "git" "-c" "credential.helper=" "-c" "credential.helper=/workspace/cargo-home/bin/git-credential-null" "clone" "--bare" "https://github.com/milespossing/amethyst-starter" "/workspace/cache/git-repos/https%3A%2F%2Fgithub.com%2Fmilespossing%2Famethyst-starter", kill_on_drop: false }`
[INFO] [stderr] Cloning into bare repository '/workspace/cache/git-repos/https%3A%2F%2Fgithub.com%2Fmilespossing%2Famethyst-starter'...
[INFO] running `Command { std: "git" "rev-parse" "HEAD", kill_on_drop: false }`
[INFO] [stdout] 3c93a4fd5582dbc93d66977f6a2c5058d4517bfa
[INFO] checking milespossing/amethyst-starter against 1.55.0 for beta-1.56-3
[INFO] running `Command { std: "git" "clone" "/workspace/cache/git-repos/https%3A%2F%2Fgithub.com%2Fmilespossing%2Famethyst-starter" "/workspace/builds/worker-9/source", kill_on_drop: false }`
[INFO] [stderr] Cloning into '/workspace/builds/worker-9/source'...
[INFO] [stderr] done.
[INFO] validating manifest of git repo https://github.com/milespossing/amethyst-starter on toolchain 1.55.0
[INFO] running `Command { std: "/workspace/cargo-home/bin/cargo" "+1.55.0" "metadata" "--manifest-path" "Cargo.toml" "--no-deps", kill_on_drop: false }`
[INFO] started tweaking git repo https://github.com/milespossing/amethyst-starter
[INFO] finished tweaking git repo https://github.com/milespossing/amethyst-starter
[INFO] tweaked toml for git repo https://github.com/milespossing/amethyst-starter written to /workspace/builds/worker-9/source/Cargo.toml
[INFO] crate git repo https://github.com/milespossing/amethyst-starter already has a lockfile, it will not be regenerated
[INFO] running `Command { std: "/workspace/cargo-home/bin/cargo" "+1.55.0" "fetch" "--manifest-path" "Cargo.toml", kill_on_drop: false }`
[INFO] [stderr]     Updating crates.io index
[INFO] running `Command { std: "docker" "create" "-v" "/var/lib/crater-agent-workspace/builds/worker-9/target:/opt/rustwide/target:rw,Z" "-v" "/var/lib/crater-agent-workspace/builds/worker-9/source:/opt/rustwide/workdir:ro,Z" "-v" "/var/lib/crater-agent-workspace/cargo-home:/opt/rustwide/cargo-home:ro,Z" "-v" "/var/lib/crater-agent-workspace/rustup-home:/opt/rustwide/rustup-home:ro,Z" "-e" "SOURCE_DIR=/opt/rustwide/workdir" "-e" "CARGO_TARGET_DIR=/opt/rustwide/target" "-e" "CARGO_HOME=/opt/rustwide/cargo-home" "-e" "RUSTUP_HOME=/opt/rustwide/rustup-home" "-w" "/opt/rustwide/workdir" "-m" "1610612736" "--user" "0:0" "--network" "none" "ghcr.io/rust-lang/crates-build-env/linux@sha256:a89201d6b5b9fd45c15d5952ece0a0129e7e80cb26ec023fd59cf09bc26f1604" "/opt/rustwide/cargo-home/bin/cargo" "+1.55.0" "metadata" "--no-deps" "--format-version=1", kill_on_drop: false }`
[INFO] [stdout] 8f0dc02005ffd1029de9c2566ad932a5644fd93616ab864c9a9046e57d2141b7
[INFO] [stderr] WARNING: Your kernel does not support swap limit capabilities or the cgroup is not mounted. Memory limited without swap.
[INFO] running `Command { std: "docker" "start" "-a" "8f0dc02005ffd1029de9c2566ad932a5644fd93616ab864c9a9046e57d2141b7", kill_on_drop: false }`
[INFO] running `Command { std: "docker" "inspect" "8f0dc02005ffd1029de9c2566ad932a5644fd93616ab864c9a9046e57d2141b7", kill_on_drop: false }`
[INFO] running `Command { std: "docker" "rm" "-f" "8f0dc02005ffd1029de9c2566ad932a5644fd93616ab864c9a9046e57d2141b7", kill_on_drop: false }`
[INFO] [stdout] 8f0dc02005ffd1029de9c2566ad932a5644fd93616ab864c9a9046e57d2141b7
[INFO] running `Command { std: "docker" "create" "-v" "/var/lib/crater-agent-workspace/builds/worker-9/target:/opt/rustwide/target:rw,Z" "-v" "/var/lib/crater-agent-workspace/builds/worker-9/source:/opt/rustwide/workdir:ro,Z" "-v" "/var/lib/crater-agent-workspace/cargo-home:/opt/rustwide/cargo-home:ro,Z" "-v" "/var/lib/crater-agent-workspace/rustup-home:/opt/rustwide/rustup-home:ro,Z" "-e" "SOURCE_DIR=/opt/rustwide/workdir" "-e" "CARGO_TARGET_DIR=/opt/rustwide/target" "-e" "CARGO_INCREMENTAL=0" "-e" "RUST_BACKTRACE=full" "-e" "RUSTFLAGS=--cap-lints=warn" "-e" "CARGO_HOME=/opt/rustwide/cargo-home" "-e" "RUSTUP_HOME=/opt/rustwide/rustup-home" "-w" "/opt/rustwide/workdir" "-m" "1610612736" "--user" "0:0" "--network" "none" "ghcr.io/rust-lang/crates-build-env/linux@sha256:a89201d6b5b9fd45c15d5952ece0a0129e7e80cb26ec023fd59cf09bc26f1604" "/opt/rustwide/cargo-home/bin/cargo" "+1.55.0" "check" "--frozen" "--all" "--all-targets" "--message-format=json", kill_on_drop: false }`
[INFO] [stdout] 82f1c9f97df42f5a0792861d781d6aed06095548f9ce6da0e8f93b0329a402ea
[INFO] [stderr] WARNING: Your kernel does not support swap limit capabilities or the cgroup is not mounted. Memory limited without swap.
[INFO] running `Command { std: "docker" "start" "-a" "82f1c9f97df42f5a0792861d781d6aed06095548f9ce6da0e8f93b0329a402ea", kill_on_drop: false }`
[INFO] [stderr]    Compiling syn v1.0.31
[INFO] [stderr]    Compiling serde v1.0.112
[INFO] [stderr]    Compiling serde_json v1.0.55
[INFO] [stderr]     Checking bytemuck v1.3.1
[INFO] [stderr]     Checking dunce v1.0.1
[INFO] [stderr]    Compiling num-traits v0.2.12
[INFO] [stderr]    Compiling num-complex v0.2.4
[INFO] [stderr]     Checking miniz_oxide v0.3.7
[INFO] [stderr]    Compiling cmake v0.1.44
[INFO] [stderr]    Compiling libc v0.2.71
[INFO] [stderr]    Compiling x11 v2.18.2
[INFO] [stderr]     Checking num_cpus v1.13.0
[INFO] [stderr]     Checking backtrace v0.3.48
[INFO] [stderr]     Checking memmap v0.7.0
[INFO] [stderr]     Checking raw-window-handle v0.3.3
[INFO] [stderr]     Checking shared_library v0.1.9
[INFO] [stderr]     Checking time v0.1.43
[INFO] [stderr]     Checking raw-window-handle v0.1.2
[INFO] [stderr]     Checking rand v0.4.6
[INFO] [stderr]     Checking slice-deque v0.3.0
[INFO] [stderr]     Checking dirs-sys v0.3.5
[INFO] [stderr]     Checking atty v0.2.14
[INFO] [stderr]     Checking nix v0.14.1
[INFO] [stderr]     Checking deflate v0.8.6
[INFO] [stderr]     Checking x11-dl v2.18.5
[INFO] [stderr]     Checking hashbrown v0.7.2
[INFO] [stderr]    Compiling rustc_version_runtime v0.2.0
[INFO] [stderr]     Checking alsa-sys v0.1.2
[INFO] [stderr]     Checking nom v5.1.2
[INFO] [stderr]     Checking ash v0.29.0
[INFO] [stderr]     Checking lewton v0.10.1
[INFO] [stderr]     Checking colored v1.9.3
[INFO] [stderr]    Compiling lexical-core v0.4.6
[INFO] [stderr]     Checking amethyst_error v0.15.3
[INFO] [stderr]     Checking dirs v2.0.2
[INFO] [stderr]     Checking rand_pcg v0.2.1
[INFO] [stderr]    Compiling derivative v1.0.4
[INFO] [stderr]    Compiling palette_derive v0.4.1
[INFO] [stderr]    Compiling servo-freetype-sys v4.0.5
[INFO] [stderr]    Compiling expat-sys v2.1.6
[INFO] [stderr]     Checking minimp3 v0.3.5
[INFO] [stderr]     Checking png v0.16.7
[INFO] [stderr]    Compiling getrandom v0.1.14
[INFO] [stderr]    Compiling rand_os v0.1.3
[INFO] [stderr]    Compiling xcb v0.8.2
[INFO] [stderr]     Checking rayon-core v1.7.0
[INFO] [stderr]     Checking rand_distr v0.2.2
[INFO] [stderr]     Checking twox-hash v1.5.0
[INFO] [stderr]    Compiling rand v0.6.5
[INFO] [stderr]    Compiling rand_core v0.5.1
[INFO] [stdout] error[E0308]: mismatched types
[INFO] [stdout]    --> /opt/rustwide/cargo-home/registry/src/github.com-1ecc6299db9ec823/lexical-core-0.4.6/src/atof/algorithm/bigcomp.rs:243:55
[INFO] [stdout]     |
[INFO] [stdout] 243 |     let nlz = den.leading_zeros().wrapping_sub(wlz) & (u32::BITS - 1);
[INFO] [stdout]     |                                                       ^^^^^^^^^^^^^^^ expected `usize`, found `u32`
[INFO] [stdout] 
[INFO] [stdout] 
[INFO] [stdout] error[E0277]: no implementation for `usize & u32`
[INFO] [stdout]    --> /opt/rustwide/cargo-home/registry/src/github.com-1ecc6299db9ec823/lexical-core-0.4.6/src/atof/algorithm/bigcomp.rs:243:53
[INFO] [stdout]     |
[INFO] [stdout] 243 |     let nlz = den.leading_zeros().wrapping_sub(wlz) & (u32::BITS - 1);
[INFO] [stdout]     |                                                     ^ no implementation for `usize & u32`
[INFO] [stdout]     |
[INFO] [stdout]     = help: the trait `BitAnd<u32>` is not implemented for `usize`
[INFO] [stdout] 
[INFO] [stdout] 
[INFO] [stdout] error[E0308]: mismatched types
[INFO] [stdout]    --> /opt/rustwide/cargo-home/registry/src/github.com-1ecc6299db9ec823/lexical-core-0.4.6/src/atof/algorithm/bigcomp.rs:261:40
[INFO] [stdout]     |
[INFO] [stdout] 261 |         let (q, r) = shift.ceil_divmod(Limb::BITS);
[INFO] [stdout]     |                                        ^^^^^^^^^^ expected `usize`, found `u32`
[INFO] [stdout]     |
[INFO] [stdout] help: you can convert a `u32` to a `usize` and panic if the converted value doesn't fit
[INFO] [stdout]     |
[INFO] [stdout] 261 |         let (q, r) = shift.ceil_divmod(Limb::BITS.try_into().unwrap());
[INFO] [stdout]     |                                        ^^^^^^^^^^^^^^^^^^^^^^^^^^^^^^
[INFO] [stdout] 
[INFO] [stdout] 
[INFO] [stdout] error[E0308]: mismatched types
[INFO] [stdout]   --> /opt/rustwide/cargo-home/registry/src/github.com-1ecc6299db9ec823/lexical-core-0.4.6/src/atof/algorithm/bigint.rs:85:24
[INFO] [stdout]    |
[INFO] [stdout] 85 |     let bytes = bits / Limb::BITS;
[INFO] [stdout]    |                        ^^^^^^^^^^ expected `usize`, found `u32`
[INFO] [stdout] 
[INFO] [stdout] 
[INFO] [stdout] error[E0277]: cannot divide `usize` by `u32`
[INFO] [stdout]   --> /opt/rustwide/cargo-home/registry/src/github.com-1ecc6299db9ec823/lexical-core-0.4.6/src/atof/algorithm/bigint.rs:85:22
[INFO] [stdout]    |
[INFO] [stdout] 85 |     let bytes = bits / Limb::BITS;
[INFO] [stdout]    |                      ^ no implementation for `usize / u32`
[INFO] [stdout]    |
[INFO] [stdout]    = help: the trait `Div<u32>` is not implemented for `usize`
[INFO] [stdout] 
[INFO] [stdout] 
[INFO] [stdout] error[E0308]: mismatched types
[INFO] [stdout]     --> /opt/rustwide/cargo-home/registry/src/github.com-1ecc6299db9ec823/lexical-core-0.4.6/src/atof/algorithm/math.rs:1045:42
[INFO] [stdout]      |
[INFO] [stdout] 1045 |     let mut count = index.saturating_mul(Limb::BITS);
[INFO] [stdout]      |                                          ^^^^^^^^^^ expected `usize`, found `u32`
[INFO] [stdout]      |
[INFO] [stdout] help: you can convert a `u32` to a `usize` and panic if the converted value doesn't fit
[INFO] [stdout]      |
[INFO] [stdout] 1045 |     let mut count = index.saturating_mul(Limb::BITS.try_into().unwrap());
[INFO] [stdout]      |                                          ^^^^^^^^^^^^^^^^^^^^^^^^^^^^^^
[INFO] [stdout] 
[INFO] [stdout] 
[INFO] [stdout] error[E0308]: mismatched types
[INFO] [stdout]     --> /opt/rustwide/cargo-home/registry/src/github.com-1ecc6299db9ec823/lexical-core-0.4.6/src/atof/algorithm/math.rs:1060:28
[INFO] [stdout]      |
[INFO] [stdout] 1060 |     Limb::BITS.checked_mul(x.len())
[INFO] [stdout]      |                            ^^^^^^^ expected `u32`, found `usize`
[INFO] [stdout]      |
[INFO] [stdout] help: you can convert a `usize` to a `u32` and panic if the converted value doesn't fit
[INFO] [stdout]      |
[INFO] [stdout] 1060 |     Limb::BITS.checked_mul(x.len().try_into().unwrap())
[INFO] [stdout]      |                            ^^^^^^^^^^^^^^^^^^^^^^^^^^^
[INFO] [stdout] 
[INFO] [stdout] 
[INFO] [stdout] error[E0308]: mismatched types
[INFO] [stdout]     --> /opt/rustwide/cargo-home/registry/src/github.com-1ecc6299db9ec823/lexical-core-0.4.6/src/atof/algorithm/math.rs:1061:22
[INFO] [stdout]      |
[INFO] [stdout] 1061 |         .map(|v| v - nlz)
[INFO] [stdout]      |                      ^^^ expected `u32`, found `usize`
[INFO] [stdout] 
[INFO] [stdout] 
[INFO] [stdout] error[E0277]: cannot subtract `usize` from `u32`
[INFO] [stdout]     --> /opt/rustwide/cargo-home/registry/src/github.com-1ecc6299db9ec823/lexical-core-0.4.6/src/atof/algorithm/math.rs:1061:20
[INFO] [stdout]      |
[INFO] [stdout] 1061 |         .map(|v| v - nlz)
[INFO] [stdout]      |                    ^ no implementation for `u32 - usize`
[INFO] [stdout]      |
[INFO] [stdout]      = help: the trait `Sub<usize>` is not implemented for `u32`
[INFO] [stdout] 
[INFO] [stdout] 
[INFO] [stdout] error[E0308]: mismatched types
[INFO] [stdout]     --> /opt/rustwide/cargo-home/registry/src/github.com-1ecc6299db9ec823/lexical-core-0.4.6/src/atof/algorithm/math.rs:1062:20
[INFO] [stdout]      |
[INFO] [stdout] 1062 |         .unwrap_or(usize::max_value())
[INFO] [stdout]      |                    ^^^^^^^^^^^^^^^^^^ expected `u32`, found `usize`
[INFO] [stdout]      |
[INFO] [stdout] help: you can convert a `usize` to a `u32` and panic if the converted value doesn't fit
[INFO] [stdout]      |
[INFO] [stdout] 1062 |         .unwrap_or(usize::max_value().try_into().unwrap())
[INFO] [stdout]      |                    ^^^^^^^^^^^^^^^^^^^^^^^^^^^^^^^^^^^^^^
[INFO] [stdout] 
[INFO] [stdout] 
[INFO] [stdout] error[E0308]: mismatched types
[INFO] [stdout]     --> /opt/rustwide/cargo-home/registry/src/github.com-1ecc6299db9ec823/lexical-core-0.4.6/src/atof/algorithm/math.rs:1060:5
[INFO] [stdout]      |
[INFO] [stdout] 1056 |   pub fn bit_length(x: &[Limb]) -> usize {
[INFO] [stdout]      |                                    ----- expected `usize` because of return type
[INFO] [stdout] ...
[INFO] [stdout] 1060 | /     Limb::BITS.checked_mul(x.len())
[INFO] [stdout] 1061 | |         .map(|v| v - nlz)
[INFO] [stdout] 1062 | |         .unwrap_or(usize::max_value())
[INFO] [stdout]      | |______________________________________^ expected `usize`, found `u32`
[INFO] [stdout]      |
[INFO] [stdout] help: you can convert a `u32` to a `usize` and panic if the converted value doesn't fit
[INFO] [stdout]      |
[INFO] [stdout] 1060 |     Limb::BITS.checked_mul(x.len())
[INFO] [stdout] 1061 |         .map(|v| v - nlz)
[INFO] [stdout] 1062 |         .unwrap_or(usize::max_value()).try_into().unwrap()
[INFO] [stdout]      |
[INFO] [stdout] 
[INFO] [stdout] 
[INFO] [stdout] error[E0308]: mismatched types
[INFO] [stdout]     --> /opt/rustwide/cargo-home/registry/src/github.com-1ecc6299db9ec823/lexical-core-0.4.6/src/atof/algorithm/math.rs:1087:23
[INFO] [stdout]      |
[INFO] [stdout] 1087 |     debug_assert!(n < bits && n != 0);
[INFO] [stdout]      |                       ^^^^ expected `usize`, found `u32`
[INFO] [stdout]      |
[INFO] [stdout] help: you can convert a `u32` to a `usize` and panic if the converted value doesn't fit
[INFO] [stdout]      |
[INFO] [stdout] 1087 |     debug_assert!(n < bits.try_into().unwrap() && n != 0);
[INFO] [stdout]      |                       ^^^^^^^^^^^^^^^^^^^^^^^^
[INFO] [stdout] 
[INFO] [stdout] 
[INFO] [stdout] error[E0308]: mismatched types
[INFO] [stdout]     --> /opt/rustwide/cargo-home/registry/src/github.com-1ecc6299db9ec823/lexical-core-0.4.6/src/atof/algorithm/math.rs:1094:25
[INFO] [stdout]      |
[INFO] [stdout] 1094 |     let lshift = bits - n;
[INFO] [stdout]      |                         ^ expected `u32`, found `usize`
[INFO] [stdout] 
[INFO] [stdout] 
[INFO] [stdout] error[E0277]: cannot subtract `usize` from `u32`
[INFO] [stdout]     --> /opt/rustwide/cargo-home/registry/src/github.com-1ecc6299db9ec823/lexical-core-0.4.6/src/atof/algorithm/math.rs:1094:23
[INFO] [stdout]      |
[INFO] [stdout] 1094 |     let lshift = bits - n;
[INFO] [stdout]      |                       ^ no implementation for `u32 - usize`
[INFO] [stdout]      |
[INFO] [stdout]      = help: the trait `Sub<usize>` is not implemented for `u32`
[INFO] [stdout] 
[INFO] [stdout] 
[INFO] [stdout] error[E0308]: mismatched types
[INFO] [stdout]     --> /opt/rustwide/cargo-home/registry/src/github.com-1ecc6299db9ec823/lexical-core-0.4.6/src/atof/algorithm/math.rs:1135:19
[INFO] [stdout]      |
[INFO] [stdout] 1135 |     let rem = n % bits;
[INFO] [stdout]      |                   ^^^^ expected `usize`, found `u32`
[INFO] [stdout] 
[INFO] [stdout] 
[INFO] [stdout] error[E0277]: cannot mod `usize` by `u32`
[INFO] [stdout]     --> /opt/rustwide/cargo-home/registry/src/github.com-1ecc6299db9ec823/lexical-core-0.4.6/src/atof/algorithm/math.rs:1135:17
[INFO] [stdout]      |
[INFO] [stdout] 1135 |     let rem = n % bits;
[INFO] [stdout]      |                 ^ no implementation for `usize % u32`
[INFO] [stdout]      |
[INFO] [stdout]      = help: the trait `Rem<u32>` is not implemented for `usize`
[INFO] [stdout] 
[INFO] [stdout] 
[INFO] [stdout] error[E0308]: mismatched types
[INFO] [stdout]     --> /opt/rustwide/cargo-home/registry/src/github.com-1ecc6299db9ec823/lexical-core-0.4.6/src/atof/algorithm/math.rs:1136:19
[INFO] [stdout]      |
[INFO] [stdout] 1136 |     let div = n / bits;
[INFO] [stdout]      |                   ^^^^ expected `usize`, found `u32`
[INFO] [stdout] 
[INFO] [stdout] 
[INFO] [stdout] error[E0277]: cannot divide `usize` by `u32`
[INFO] [stdout]     --> /opt/rustwide/cargo-home/registry/src/github.com-1ecc6299db9ec823/lexical-core-0.4.6/src/atof/algorithm/math.rs:1136:17
[INFO] [stdout]      |
[INFO] [stdout] 1136 |     let div = n / bits;
[INFO] [stdout]      |                 ^ no implementation for `usize / u32`
[INFO] [stdout]      |
[INFO] [stdout]      = help: the trait `Div<u32>` is not implemented for `usize`
[INFO] [stdout] 
[INFO] [stdout] 
[INFO] [stdout] error[E0308]: mismatched types
[INFO] [stdout]     --> /opt/rustwide/cargo-home/registry/src/github.com-1ecc6299db9ec823/lexical-core-0.4.6/src/atof/algorithm/math.rs:1192:23
[INFO] [stdout]      |
[INFO] [stdout] 1192 |     debug_assert!(n < bits);
[INFO] [stdout]      |                       ^^^^ expected `usize`, found `u32`
[INFO] [stdout]      |
[INFO] [stdout] help: you can convert a `u32` to a `usize` and panic if the converted value doesn't fit
[INFO] [stdout]      |
[INFO] [stdout] 1192 |     debug_assert!(n < bits.try_into().unwrap());
[INFO] [stdout]      |                       ^^^^^^^^^^^^^^^^^^^^^^^^
[INFO] [stdout] 
[INFO] [stdout] 
[INFO] [stdout] error[E0308]: mismatched types
[INFO] [stdout]     --> /opt/rustwide/cargo-home/registry/src/github.com-1ecc6299db9ec823/lexical-core-0.4.6/src/atof/algorithm/math.rs:1202:25
[INFO] [stdout]      |
[INFO] [stdout] 1202 |     let rshift = bits - n;
[INFO] [stdout]      |                         ^ expected `u32`, found `usize`
[INFO] [stdout] 
[INFO] [stdout] 
[INFO] [stdout] error[E0277]: cannot subtract `usize` from `u32`
[INFO] [stdout]     --> /opt/rustwide/cargo-home/registry/src/github.com-1ecc6299db9ec823/lexical-core-0.4.6/src/atof/algorithm/math.rs:1202:23
[INFO] [stdout]      |
[INFO] [stdout] 1202 |     let rshift = bits - n;
[INFO] [stdout]      |                       ^ no implementation for `u32 - usize`
[INFO] [stdout]      |
[INFO] [stdout]      = help: the trait `Sub<usize>` is not implemented for `u32`
[INFO] [stdout] 
[INFO] [stdout] 
[INFO] [stdout] error[E0308]: mismatched types
[INFO] [stdout]     --> /opt/rustwide/cargo-home/registry/src/github.com-1ecc6299db9ec823/lexical-core-0.4.6/src/atof/algorithm/math.rs:1254:19
[INFO] [stdout]      |
[INFO] [stdout] 1254 |     let rem = n % bits;
[INFO] [stdout]      |                   ^^^^ expected `usize`, found `u32`
[INFO] [stdout] 
[INFO] [stdout] 
[INFO] [stdout] error[E0277]: cannot mod `usize` by `u32`
[INFO] [stdout]     --> /opt/rustwide/cargo-home/registry/src/github.com-1ecc6299db9ec823/lexical-core-0.4.6/src/atof/algorithm/math.rs:1254:17
[INFO] [stdout]      |
[INFO] [stdout] 1254 |     let rem = n % bits;
[INFO] [stdout]      |                 ^ no implementation for `usize % u32`
[INFO] [stdout]      |
[INFO] [stdout]      = help: the trait `Rem<u32>` is not implemented for `usize`
[INFO] [stdout] 
[INFO] [stdout] 
[INFO] [stdout] error[E0308]: mismatched types
[INFO] [stdout]     --> /opt/rustwide/cargo-home/registry/src/github.com-1ecc6299db9ec823/lexical-core-0.4.6/src/atof/algorithm/math.rs:1255:19
[INFO] [stdout]      |
[INFO] [stdout] 1255 |     let div = n / bits;
[INFO] [stdout]      |                   ^^^^ expected `usize`, found `u32`
[INFO] [stdout] 
[INFO] [stdout] 
[INFO] [stdout] error[E0277]: cannot divide `usize` by `u32`
[INFO] [stdout]     --> /opt/rustwide/cargo-home/registry/src/github.com-1ecc6299db9ec823/lexical-core-0.4.6/src/atof/algorithm/math.rs:1255:17
[INFO] [stdout]      |
[INFO] [stdout] 1255 |     let div = n / bits;
[INFO] [stdout]      |                 ^ no implementation for `usize / u32`
[INFO] [stdout]      |
[INFO] [stdout]      = help: the trait `Div<u32>` is not implemented for `usize`
[INFO] [stdout] 
[INFO] [stdout] 
[INFO] [stdout] error[E0308]: mismatched types
[INFO] [stdout]     --> /opt/rustwide/cargo-home/registry/src/github.com-1ecc6299db9ec823/lexical-core-0.4.6/src/atof/algorithm/math.rs:2066:27
[INFO] [stdout]      |
[INFO] [stdout] 2066 |     let rs = Limb::BITS - s;
[INFO] [stdout]      |                           ^ expected `u32`, found `usize`
[INFO] [stdout] 
[INFO] [stdout] 
[INFO] [stdout] error[E0277]: cannot subtract `usize` from `u32`
[INFO] [stdout]     --> /opt/rustwide/cargo-home/registry/src/github.com-1ecc6299db9ec823/lexical-core-0.4.6/src/atof/algorithm/math.rs:2066:25
[INFO] [stdout]      |
[INFO] [stdout] 2066 |     let rs = Limb::BITS - s;
[INFO] [stdout]      |                         ^ no implementation for `u32 - usize`
[INFO] [stdout]      |
[INFO] [stdout]      = help: the trait `Sub<usize>` is not implemented for `u32`
[INFO] [stdout] 
[INFO] [stdout] 
[INFO] [stderr] error: failed to run custom build command for `xcb v0.8.2`
[INFO] [stderr] 
[INFO] [stderr] Caused by:
[INFO] [stderr]   process didn't exit successfully: `/opt/rustwide/target/debug/build/xcb-62f1b46d8161d906/build-script-build` (exit status: 101)
[INFO] [stderr]   --- stderr
[INFO] [stderr]   error occured in handler:  ('request: ', ('xcb', 'Xevie', 'SelectInput'))
[INFO] [stderr]   Traceback (most recent call last):
[INFO] [stderr]     File "/opt/rustwide/cargo-home/registry/src/github.com-1ecc6299db9ec823/xcb-0.8.2/rs_client.py", line 2448, in <module>
[INFO] [stderr]       module.generate()
[INFO] [stderr]     File "/opt/rustwide/cargo-home/registry/src/github.com-1ecc6299db9ec823/xcb-0.8.2/xcbgen/state.py", line 108, in generate
[INFO] [stderr]       self.close()
[INFO] [stderr]     File "/opt/rustwide/cargo-home/registry/src/github.com-1ecc6299db9ec823/xcb-0.8.2/rs_client.py", line 296, in rs_close
[INFO] [stderr]       _f.writeout(os.path.join(module.rs_srcdir, "ffi", "%s.rs" % _module_name(_ns.ext_name)))
[INFO] [stderr]     File "/opt/rustwide/cargo-home/registry/src/github.com-1ecc6299db9ec823/xcb-0.8.2/rs_client.py", line 114, in writeout
[INFO] [stderr]       with open(path, 'w') as f:
[INFO] [stderr]   OSError: [Errno 30] Read-only file system: '/opt/rustwide/cargo-home/registry/src/github.com-1ecc6299db9ec823/xcb-0.8.2/src/ffi/xevie.rs'
[INFO] [stderr]   thread 'main' panicked at 'processing of /opt/rustwide/cargo-home/registry/src/github.com-1ecc6299db9ec823/xcb-0.8.2/xml/xevie.xml returned non-zero (1)', /opt/rustwide/cargo-home/registry/src/github.com-1ecc6299db9ec823/xcb-0.8.2/build.rs:75:17
[INFO] [stderr]   stack backtrace:
[INFO] [stderr]      0:     0x55d0bd031490 - std::backtrace_rs::backtrace::libunwind::trace::ha0ad43e8a952bfe7
[INFO] [stderr]                                  at /rustc/c8dfcfe046a7680554bf4eb612bad840e7631c4b/library/std/src/../../backtrace/src/backtrace/libunwind.rs:90:5
[INFO] [stderr]      1:     0x55d0bd031490 - std::backtrace_rs::backtrace::trace_unsynchronized::h6830419c0c4130dc
[INFO] [stderr]                                  at /rustc/c8dfcfe046a7680554bf4eb612bad840e7631c4b/library/std/src/../../backtrace/src/backtrace/mod.rs:66:5
[INFO] [stderr]      2:     0x55d0bd031490 - std::sys_common::backtrace::_print_fmt::h8f3516631ffa1ef5
[INFO] [stderr]                                  at /rustc/c8dfcfe046a7680554bf4eb612bad840e7631c4b/library/std/src/sys_common/backtrace.rs:67:5
[INFO] [stderr]      3:     0x55d0bd031490 - <std::sys_common::backtrace::_print::DisplayBacktrace as core::fmt::Display>::fmt::he1640d5f0d93f618
[INFO] [stderr]                                  at /rustc/c8dfcfe046a7680554bf4eb612bad840e7631c4b/library/std/src/sys_common/backtrace.rs:46:22
[INFO] [stderr]      4:     0x55d0bd04e7dc - core::fmt::write::h88012e1f01caeebf
[INFO] [stderr]                                  at /rustc/c8dfcfe046a7680554bf4eb612bad840e7631c4b/library/core/src/fmt/mod.rs:1115:17
[INFO] [stderr]      5:     0x55d0bd02f0a5 - std::io::Write::write_fmt::h360fa85b30182555
[INFO] [stderr]                                  at /rustc/c8dfcfe046a7680554bf4eb612bad840e7631c4b/library/std/src/io/mod.rs:1665:15
[INFO] [stderr]      6:     0x55d0bd03326b - std::sys_common::backtrace::_print::ha1f00492f406a015
[INFO] [stderr]                                  at /rustc/c8dfcfe046a7680554bf4eb612bad840e7631c4b/library/std/src/sys_common/backtrace.rs:49:5
[INFO] [stderr]      7:     0x55d0bd03326b - std::sys_common::backtrace::print::hd54561b13feb6af3
[INFO] [stderr]                                  at /rustc/c8dfcfe046a7680554bf4eb612bad840e7631c4b/library/std/src/sys_common/backtrace.rs:36:9
[INFO] [stderr]      8:     0x55d0bd03326b - std::panicking::default_hook::{{closure}}::h84fe124cd0864662
[INFO] [stderr]                                  at /rustc/c8dfcfe046a7680554bf4eb612bad840e7631c4b/library/std/src/panicking.rs:208:50
[INFO] [stderr]      9:     0x55d0bd032d41 - std::panicking::default_hook::h5a8e74a76ce290a7
[INFO] [stderr]                                  at /rustc/c8dfcfe046a7680554bf4eb612bad840e7631c4b/library/std/src/panicking.rs:225:9
[INFO] [stderr]     10:     0x55d0bd033934 - std::panicking::rust_panic_with_hook::h67c812a4fe9d4c91
[INFO] [stderr]                                  at /rustc/c8dfcfe046a7680554bf4eb612bad840e7631c4b/library/std/src/panicking.rs:622:17
[INFO] [stderr]     11:     0x55d0bd033417 - std::panicking::begin_panic_handler::{{closure}}::h33f9c1b96af300d7
[INFO] [stderr]                                  at /rustc/c8dfcfe046a7680554bf4eb612bad840e7631c4b/library/std/src/panicking.rs:519:13
[INFO] [stderr]     12:     0x55d0bd03198c - std::sys_common::backtrace::__rust_end_short_backtrace::h51bae64be5921f0e
[INFO] [stderr]                                  at /rustc/c8dfcfe046a7680554bf4eb612bad840e7631c4b/library/std/src/sys_common/backtrace.rs:141:18
[INFO] [stderr]     13:     0x55d0bd033379 - rust_begin_unwind
[INFO] [stderr]                                  at /rustc/c8dfcfe046a7680554bf4eb612bad840e7631c4b/library/std/src/panicking.rs:515:5
[INFO] [stderr]     14:     0x55d0bd013b9b - std::panicking::begin_panic_fmt::h7ab3d84aa4ae32a2
[INFO] [stderr]                                  at /rustc/c8dfcfe046a7680554bf4eb612bad840e7631c4b/library/std/src/panicking.rs:457:5
[INFO] [stderr]     15:     0x55d0bd0176f9 - build_script_build::main::{{closure}}::ha48b3215ece110a6
[INFO] [stderr]                                  at /opt/rustwide/cargo-home/registry/src/github.com-1ecc6299db9ec823/xcb-0.8.2/build.rs:75:17
[INFO] [stderr]     16:     0x55d0bd0162f0 - build_script_build::visit_xml::h16262d9a9739363e
[INFO] [stderr]                                  at /opt/rustwide/cargo-home/registry/src/github.com-1ecc6299db9ec823/xcb-0.8.2/build.rs:20:44
[INFO] [stderr]     17:     0x55d0bd016a80 - build_script_build::main::h10c92ecd568f9aae
[INFO] [stderr]                                  at /opt/rustwide/cargo-home/registry/src/github.com-1ecc6299db9ec823/xcb-0.8.2/build.rs:56:5
[INFO] [stderr]     18:     0x55d0bd01bfab - core::ops::function::FnOnce::call_once::h4b750d1ff3d02b63
[INFO] [stderr]                                  at /rustc/c8dfcfe046a7680554bf4eb612bad840e7631c4b/library/core/src/ops/function.rs:227:5
[INFO] [stderr]     19:     0x55d0bd01785e - std::sys_common::backtrace::__rust_begin_short_backtrace::hd134e43418a83c2e
[INFO] [stderr]                                  at /rustc/c8dfcfe046a7680554bf4eb612bad840e7631c4b/library/std/src/sys_common/backtrace.rs:125:18
[INFO] [stderr]     20:     0x55d0bd01b331 - std::rt::lang_start::{{closure}}::h4a116ea8a2513169
[INFO] [stderr]                                  at /rustc/c8dfcfe046a7680554bf4eb612bad840e7631c4b/library/std/src/rt.rs:63:18
[INFO] [stderr]     21:     0x55d0bd033e3a - core::ops::function::impls::<impl core::ops::function::FnOnce<A> for &F>::call_once::ha9408abe89f69dc4
[INFO] [stderr]                                  at /rustc/c8dfcfe046a7680554bf4eb612bad840e7631c4b/library/core/src/ops/function.rs:259:13
[INFO] [stderr]     22:     0x55d0bd033e3a - std::panicking::try::do_call::h5b0cc9e9102acb65
[INFO] [stderr]                                  at /rustc/c8dfcfe046a7680554bf4eb612bad840e7631c4b/library/std/src/panicking.rs:401:40
[INFO] [stderr]     23:     0x55d0bd033e3a - std::panicking::try::hddc7f8229138b3ba
[INFO] [stderr]                                  at /rustc/c8dfcfe046a7680554bf4eb612bad840e7631c4b/library/std/src/panicking.rs:365:19
[INFO] [stderr]     24:     0x55d0bd033e3a - std::panic::catch_unwind::hfa401ff8bab2986e
[INFO] [stderr]                                  at /rustc/c8dfcfe046a7680554bf4eb612bad840e7631c4b/library/std/src/panic.rs:434:14
[INFO] [stderr]     25:     0x55d0bd033e3a - std::rt::lang_start_internal::{{closure}}::h8163422320d11405
[INFO] [stderr]                                  at /rustc/c8dfcfe046a7680554bf4eb612bad840e7631c4b/library/std/src/rt.rs:45:48
[INFO] [stderr]     26:     0x55d0bd033e3a - std::panicking::try::do_call::hc742cc7bb4f0fb20
[INFO] [stderr]                                  at /rustc/c8dfcfe046a7680554bf4eb612bad840e7631c4b/library/std/src/panicking.rs:401:40
[INFO] [stderr]     27:     0x55d0bd033e3a - std::panicking::try::ha37d8d2dd1acf7d3
[INFO] [stderr]                                  at /rustc/c8dfcfe046a7680554bf4eb612bad840e7631c4b/library/std/src/panicking.rs:365:19
[INFO] [stderr]     28:     0x55d0bd033e3a - std::panic::catch_unwind::h8a5381d5ecf437bc
[INFO] [stderr]                                  at /rustc/c8dfcfe046a7680554bf4eb612bad840e7631c4b/library/std/src/panic.rs:434:14
[INFO] [stderr]     29:     0x55d0bd033e3a - std::rt::lang_start_internal::h7e2cee8c90d4a4d3
[INFO] [stderr]                                  at /rustc/c8dfcfe046a7680554bf4eb612bad840e7631c4b/library/std/src/rt.rs:45:20
[INFO] [stderr]     30:     0x55d0bd01b300 - std::rt::lang_start::h04dd2bb6a395d55b
[INFO] [stderr]                                  at /rustc/c8dfcfe046a7680554bf4eb612bad840e7631c4b/library/std/src/rt.rs:62:5
[INFO] [stderr]     31:     0x55d0bd01775c - main
[INFO] [stderr]     32:     0x7f4f6f6b00b3 - __libc_start_main
[INFO] [stderr]     33:     0x55d0bd01493e - _start
[INFO] [stderr]     34:                0x0 - <unknown>
[INFO] [stderr] warning: build failed, waiting for other jobs to finish...
[INFO] [stdout] error: aborting due to 27 previous errors
[INFO] [stdout] 
[INFO] [stdout] 
[INFO] [stdout] Some errors have detailed explanations: E0277, E0308.
[INFO] [stdout] 
[INFO] [stdout] For more information about an error, try `rustc --explain E0277`.
[INFO] [stdout] 
[INFO] [stderr] error: build failed
[INFO] running `Command { std: "docker" "inspect" "82f1c9f97df42f5a0792861d781d6aed06095548f9ce6da0e8f93b0329a402ea", kill_on_drop: false }`
[INFO] running `Command { std: "docker" "rm" "-f" "82f1c9f97df42f5a0792861d781d6aed06095548f9ce6da0e8f93b0329a402ea", kill_on_drop: false }`
[INFO] [stdout] 82f1c9f97df42f5a0792861d781d6aed06095548f9ce6da0e8f93b0329a402ea
