[INFO] cloning repository https://github.com/mikexxma/leaf
[INFO] running `Command { std: "git" "-c" "credential.helper=" "-c" "credential.helper=/workspace/cargo-home/bin/git-credential-null" "clone" "--bare" "https://github.com/mikexxma/leaf" "/workspace/cache/git-repos/https%3A%2F%2Fgithub.com%2Fmikexxma%2Fleaf", kill_on_drop: false }`
[INFO] [stderr] Cloning into bare repository '/workspace/cache/git-repos/https%3A%2F%2Fgithub.com%2Fmikexxma%2Fleaf'...
[INFO] running `Command { std: "git" "rev-parse" "HEAD", kill_on_drop: false }`
[INFO] [stdout] dd00a6c2967946b3d49c79c7405c64f10529da67
[INFO] checking mikexxma/leaf against beta-2021-10-15 for beta-1.56-3
[INFO] running `Command { std: "git" "clone" "/workspace/cache/git-repos/https%3A%2F%2Fgithub.com%2Fmikexxma%2Fleaf" "/workspace/builds/worker-13/source", kill_on_drop: false }`
[INFO] [stderr] Cloning into '/workspace/builds/worker-13/source'...
[INFO] [stderr] done.
[INFO] validating manifest of git repo https://github.com/mikexxma/leaf on toolchain beta-2021-10-15
[INFO] running `Command { std: "/workspace/cargo-home/bin/cargo" "+beta-2021-10-15" "metadata" "--manifest-path" "Cargo.toml" "--no-deps", kill_on_drop: false }`
[INFO] started tweaking git repo https://github.com/mikexxma/leaf
[INFO] finished tweaking git repo https://github.com/mikexxma/leaf
[INFO] tweaked toml for git repo https://github.com/mikexxma/leaf written to /workspace/builds/worker-13/source/Cargo.toml
[INFO] running `Command { std: "/workspace/cargo-home/bin/cargo" "+beta-2021-10-15" "generate-lockfile" "--manifest-path" "Cargo.toml" "-Zno-index-update", kill_on_drop: false }`
[INFO] [stderr]     Updating git repository `https://github.com/eycorsican/rust-tun.git`
[INFO] running `Command { std: "/workspace/cargo-home/bin/cargo" "+beta-2021-10-15" "fetch" "--manifest-path" "Cargo.toml", kill_on_drop: false }`
[INFO] [stderr]     Blocking waiting for file lock on package cache
[INFO] [stderr]  Downloading crates ...
[INFO] [stderr]   Downloaded ioctl-sys v0.6.0
[INFO] [stderr]   Downloaded pem v1.0.0
[INFO] [stderr]   Downloaded kqueue v1.0.4
[INFO] [stderr]   Downloaded pnet_datalink v0.27.2
[INFO] [stderr]   Downloaded lru_time_cache v0.11.11
[INFO] [stderr]   Downloaded notify v5.0.0-pre.13
[INFO] [stderr]   Downloaded cidr v0.1.1
[INFO] [stderr]   Downloaded pnet_base v0.27.2
[INFO] [stderr]   Downloaded async-ffi v0.2.1
[INFO] [stderr]   Downloaded maxminddb v0.17.3
[INFO] [stderr]   Downloaded async-socks5 v0.5.0
[INFO] [stderr]   Downloaded bitstring v0.1.2
[INFO] [stderr]   Downloaded quinn-proto v0.7.3
[INFO] [stderr]   Downloaded yasna v0.4.0
[INFO] [stderr]   Downloaded rcgen v0.8.14
[INFO] [stderr]   Downloaded pnet_sys v0.27.2
[INFO] [stderr]   Downloaded kqueue-sys v1.0.3
[INFO] [stderr]   Downloaded protoc v2.25.1
[INFO] [stderr]   Downloaded protoc-rust v2.25.1
[INFO] [stderr]   Downloaded quinn v0.7.2
[INFO] running `Command { std: "docker" "create" "-v" "/var/lib/crater-agent-workspace/builds/worker-13/target:/opt/rustwide/target:rw,Z" "-v" "/var/lib/crater-agent-workspace/builds/worker-13/source:/opt/rustwide/workdir:ro,Z" "-v" "/var/lib/crater-agent-workspace/cargo-home:/opt/rustwide/cargo-home:ro,Z" "-v" "/var/lib/crater-agent-workspace/rustup-home:/opt/rustwide/rustup-home:ro,Z" "-e" "SOURCE_DIR=/opt/rustwide/workdir" "-e" "CARGO_TARGET_DIR=/opt/rustwide/target" "-e" "CARGO_HOME=/opt/rustwide/cargo-home" "-e" "RUSTUP_HOME=/opt/rustwide/rustup-home" "-w" "/opt/rustwide/workdir" "-m" "1610612736" "--user" "0:0" "--network" "none" "ghcr.io/rust-lang/crates-build-env/linux@sha256:a89201d6b5b9fd45c15d5952ece0a0129e7e80cb26ec023fd59cf09bc26f1604" "/opt/rustwide/cargo-home/bin/cargo" "+beta-2021-10-15" "metadata" "--no-deps" "--format-version=1", kill_on_drop: false }`
[INFO] [stderr] WARNING: Your kernel does not support swap limit capabilities or the cgroup is not mounted. Memory limited without swap.
[INFO] [stdout] faed6b3187bdb1ee3401bd35eb2df72015a59a1d82f48e07ee16109e081fbc23
[INFO] running `Command { std: "docker" "start" "-a" "faed6b3187bdb1ee3401bd35eb2df72015a59a1d82f48e07ee16109e081fbc23", kill_on_drop: false }`
[INFO] running `Command { std: "docker" "inspect" "faed6b3187bdb1ee3401bd35eb2df72015a59a1d82f48e07ee16109e081fbc23", kill_on_drop: false }`
[INFO] running `Command { std: "docker" "rm" "-f" "faed6b3187bdb1ee3401bd35eb2df72015a59a1d82f48e07ee16109e081fbc23", kill_on_drop: false }`
[INFO] [stdout] faed6b3187bdb1ee3401bd35eb2df72015a59a1d82f48e07ee16109e081fbc23
[INFO] running `Command { std: "docker" "create" "-v" "/var/lib/crater-agent-workspace/builds/worker-13/target:/opt/rustwide/target:rw,Z" "-v" "/var/lib/crater-agent-workspace/builds/worker-13/source:/opt/rustwide/workdir:ro,Z" "-v" "/var/lib/crater-agent-workspace/cargo-home:/opt/rustwide/cargo-home:ro,Z" "-v" "/var/lib/crater-agent-workspace/rustup-home:/opt/rustwide/rustup-home:ro,Z" "-e" "SOURCE_DIR=/opt/rustwide/workdir" "-e" "CARGO_TARGET_DIR=/opt/rustwide/target" "-e" "CARGO_INCREMENTAL=0" "-e" "RUST_BACKTRACE=full" "-e" "RUSTFLAGS=--cap-lints=warn" "-e" "CARGO_HOME=/opt/rustwide/cargo-home" "-e" "RUSTUP_HOME=/opt/rustwide/rustup-home" "-w" "/opt/rustwide/workdir" "-m" "1610612736" "--user" "0:0" "--network" "none" "ghcr.io/rust-lang/crates-build-env/linux@sha256:a89201d6b5b9fd45c15d5952ece0a0129e7e80cb26ec023fd59cf09bc26f1604" "/opt/rustwide/cargo-home/bin/cargo" "+beta-2021-10-15" "check" "--frozen" "--all" "--all-targets" "--message-format=json", kill_on_drop: false }`
[INFO] [stdout] f5f65e0f38c21bd37a1d0e2b2a6629009027961cdfb27eb5554fc9971552aa1f
[INFO] [stderr] WARNING: Your kernel does not support swap limit capabilities or the cgroup is not mounted. Memory limited without swap.
[INFO] running `Command { std: "docker" "start" "-a" "f5f65e0f38c21bd37a1d0e2b2a6629009027961cdfb27eb5554fc9971552aa1f", kill_on_drop: false }`
[INFO] [stderr]    Compiling libc v0.2.104
[INFO] [stderr]    Compiling proc-macro2 v1.0.30
[INFO] [stderr]    Compiling unicode-xid v0.2.2
[INFO] [stderr]    Compiling syn v1.0.80
[INFO] [stderr]     Checking cfg-if v1.0.0
[INFO] [stderr]    Compiling autocfg v1.0.1
[INFO] [stderr]    Compiling memchr v2.4.1
[INFO] [stderr]    Compiling version_check v0.9.3
[INFO] [stderr]    Compiling log v0.4.14
[INFO] [stderr]     Checking once_cell v1.8.0
[INFO] [stderr]    Compiling typenum v1.14.0
[INFO] [stderr]     Checking pin-project-lite v0.2.7
[INFO] [stderr]    Compiling cc v1.0.71
[INFO] [stderr]    Compiling futures-core v0.3.17
[INFO] [stderr]     Checking bytes v1.1.0
[INFO] [stderr]     Checking lazy_static v1.4.0
[INFO] [stderr]     Checking futures-sink v0.3.17
[INFO] [stderr]     Checking spin v0.5.2
[INFO] [stderr]    Compiling proc-macro-hack v0.5.19
[INFO] [stderr]     Checking tinyvec_macros v0.1.0
[INFO] [stderr]     Checking untrusted v0.7.1
[INFO] [stderr]     Checking base64 v0.13.0
[INFO] [stderr]    Compiling proc-macro-nested v0.1.7
[INFO] [stderr]    Compiling futures-task v0.3.17
[INFO] [stderr]    Compiling futures-channel v0.3.17
[INFO] [stderr]    Compiling protobuf v2.25.1
[INFO] [stderr]     Checking ppv-lite86 v0.2.14
[INFO] [stderr]     Checking slab v0.4.5
[INFO] [stderr]    Compiling serde_derive v1.0.130
[INFO] [stderr]    Compiling glob v0.3.0
[INFO] [stderr]    Compiling serde v1.0.130
[INFO] [stderr]     Checking futures-io v0.3.17
[INFO] [stderr]     Checking matches v0.1.9
[INFO] [stderr]     Checking pin-utils v0.1.0
[INFO] [stderr]     Checking percent-encoding v2.1.0
[INFO] [stderr]    Compiling either v1.6.1
[INFO] [stderr]     Checking unicode-bidi v0.3.7
[INFO] [stderr]    Compiling unicode-width v0.1.9
[INFO] [stderr]     Checking opaque-debug v0.3.0
[INFO] [stderr]    Compiling unicode-segmentation v1.8.0
[INFO] [stderr]    Compiling regex-syntax v0.6.25
[INFO] [stderr]     Checking itoa v0.4.8
[INFO] [stderr]    Compiling humantime v2.1.0
[INFO] [stderr]    Compiling crossbeam-utils v0.8.5
[INFO] [stderr]    Compiling termcolor v1.1.2
[INFO] [stderr]    Compiling httparse v1.5.1
[INFO] [stderr]    Compiling remove_dir_all v0.5.3
[INFO] [stderr]     Checking cpufeatures v0.2.1
[INFO] [stderr]    Compiling strsim v0.8.0
[INFO] [stderr]    Compiling bindgen v0.58.1
[INFO] [stderr]    Compiling ansi_term v0.11.0
[INFO] [stderr]    Compiling bitflags v1.3.2
[INFO] [stderr]    Compiling vec_map v0.8.2
[INFO] [stderr]    Compiling async-trait v0.1.51
[INFO] [stderr]    Compiling rustc-hash v1.1.0
[INFO] [stderr]     Checking byteorder v1.4.3
[INFO] [stderr]     Checking fnv v1.0.7
[INFO] [stderr]     Checking subtle v2.4.1
[INFO] [stderr]    Compiling shlex v1.1.0
[INFO] [stderr]    Compiling peeking_take_while v0.1.2
[INFO] [stderr]    Compiling lazycell v1.3.0
[INFO] [stderr]    Compiling ryu v1.0.5
[INFO] [stderr]    Compiling serde_json v1.0.68
[INFO] [stderr]     Checking utf-8 v0.7.6
[INFO] [stderr]     Checking same-file v1.0.6
[INFO] [stderr]    Compiling anyhow v1.0.44
[INFO] [stderr]     Checking ioctl-sys v0.6.0
[INFO] [stderr]     Checking smallvec v1.7.0
[INFO] [stderr]     Checking data-encoding v2.3.2
[INFO] [stderr]     Checking pnet_base v0.27.2
[INFO] [stderr]     Checking bitstring v0.1.2
[INFO] [stderr]     Checking ipnet v2.3.1
[INFO] [stderr]     Checking lru_time_cache v0.11.11
[INFO] [stderr]     Checking hex v0.4.3
[INFO] [stderr]     Checking async-ffi v0.2.1
[INFO] [stderr]    Compiling argh_shared v0.1.6
[INFO] [stderr]    Compiling libloading v0.7.1
[INFO] [stderr]     Checking tracing-core v0.1.21
[INFO] [stderr]     Checking tinyvec v1.5.0
[INFO] [stderr]     Checking input_buffer v0.4.0
[INFO] [stderr]    Compiling futures-macro v0.3.17
[INFO] [stderr]    Compiling tokio v1.12.0
[INFO] [stderr]    Compiling futures-util v0.3.17
[INFO] [stderr]    Compiling num-traits v0.2.14
[INFO] [stderr]    Compiling num-integer v0.1.44
[INFO] [stderr]    Compiling generic-array v0.14.4
[INFO] [stderr]    Compiling nom v5.1.2
[INFO] [stderr]    Compiling ahash v0.7.6
[INFO] [stderr]    Compiling textwrap v0.11.0
[INFO] [stderr]     Checking form_urlencoded v1.0.1
[INFO] [stderr]    Compiling heck v0.3.3
[INFO] [stderr]    Compiling clang-sys v1.2.2
[INFO] [stderr]     Checking http v0.2.5
[INFO] [stderr]     Checking walkdir v2.3.2
[INFO] [stderr]    Compiling ring v0.16.20
[INFO] [stderr]     Checking cidr v0.1.1
[INFO] [stderr]     Checking unicode-normalization v0.1.19
[INFO] [stderr]     Checking aho-corasick v0.7.18
[INFO] [stderr]     Checking getrandom v0.2.3
[INFO] [stderr]     Checking mio v0.7.14
[INFO] [stderr]     Checking signal-hook-registry v1.4.0
[INFO] [stderr]     Checking num_cpus v1.13.0
[INFO] [stderr]     Checking time v0.1.43
[INFO] [stderr]     Checking atty v0.2.14
[INFO] [stderr]     Checking inotify-sys v0.1.5
[INFO] [stderr]     Checking pnet_sys v0.27.2
[INFO] [stderr]     Checking memmap v0.7.0
[INFO] [stderr]     Checking socket2 v0.3.19
[INFO] [stderr]     Checking dirs-sys v0.3.6
[INFO] [stderr]     Checking filetime v0.2.15
[INFO] [stderr]     Checking socket2 v0.4.2
[INFO] [stderr]    Compiling quote v1.0.10
[INFO] [stderr]     Checking crossbeam-channel v0.5.1
[INFO] [stderr]    Compiling which v4.2.2
[INFO] [stderr]    Compiling which v3.1.1
[INFO] [stderr]     Checking rand_core v0.6.3
[INFO] [stderr]     Checking colored v1.9.3
[INFO] [stderr]     Checking colored v2.0.0
[INFO] [stderr]     Checking inotify v0.9.5
[INFO] [stderr]     Checking directories v3.0.2
[INFO] [stderr]     Checking regex v1.5.4
[INFO] [stderr]    Compiling clap v2.33.3
[INFO] [stderr]    Compiling protoc v2.25.1
[INFO] [stderr]     Checking idna v0.2.3
[INFO] [stderr]     Checking rand_chacha v0.3.1
[INFO] [stderr]     Checking fern v0.6.0
[INFO] [stderr]     Checking hashbrown v0.11.2
[INFO] [stderr]     Checking digest v0.9.0
[INFO] [stderr]     Checking block-buffer v0.9.0
[INFO] [stderr]     Checking crypto-mac v0.10.1
[INFO] [stderr]     Checking notify v5.0.0-pre.13
[INFO] [stderr]     Checking chrono v0.4.19
[INFO] [stderr]     Checking rand v0.8.4
[INFO] [stderr]     Checking url v2.2.2
[INFO] [stderr]     Checking sha-1 v0.9.8
[INFO] [stderr]     Checking sha2 v0.9.8
[INFO] [stderr]     Checking md-5 v0.9.1
[INFO] [stderr]     Checking hmac v0.10.1
[INFO] [stderr]     Checking pem v1.0.0
[INFO] [stderr]     Checking lru v0.6.6
[INFO] [stderr]    Compiling cexpr v0.4.0
[INFO] [stderr]     Checking hkdf v0.10.0
[INFO] [stderr]    Compiling env_logger v0.8.4
[INFO] [stderr]    Compiling protobuf-codegen v2.25.1
[INFO] [stderr]     Checking yasna v0.4.0
[INFO] [stderr]    Compiling tempfile v3.2.0
[INFO] [stderr]     Checking webpki v0.21.4
[INFO] [stderr]     Checking sct v0.6.1
[INFO] [stderr]     Checking rcgen v0.8.14
[INFO] [stderr]     Checking rustls v0.19.1
[INFO] [stderr]     Checking webpki-roots v0.21.1
[INFO] [stderr]    Compiling protoc-rust v2.25.1
[INFO] [stderr]    Compiling thiserror-impl v1.0.30
[INFO] [stderr]    Compiling tokio-macros v1.5.0
[INFO] [stderr]    Compiling tracing-attributes v0.1.18
[INFO] [stderr]    Compiling pin-project-internal v1.0.8
[INFO] [stderr]    Compiling enum-as-inner v0.3.3
[INFO] [stderr]    Compiling argh_derive v0.1.6
[INFO] [stderr]     Checking argh v0.1.6
[INFO] [stderr]     Checking tracing v0.1.29
[INFO] [stderr]     Checking pin-project v1.0.8
[INFO] [stderr]     Checking thiserror v1.0.30
[INFO] [stderr]     Checking quinn-proto v0.7.3
[INFO] [stderr]     Checking tungstenite v0.13.0
[INFO] [stderr]    Compiling leaf v0.1.2 (/opt/rustwide/workdir/leaf)
[INFO] [stderr]     Checking tokio-util v0.6.8
[INFO] [stderr]     Checking async-socks5 v0.5.0
[INFO] [stderr]     Checking tokio-rustls v0.22.0
[INFO] [stderr]     Checking futures-executor v0.3.17
[INFO] [stderr]     Checking trust-dns-proto v0.20.3
[INFO] [stderr]     Checking tokio-tungstenite v0.14.0
[INFO] [stderr]     Checking tun v0.5.1 (https://github.com/eycorsican/rust-tun.git?branch=upgrade#1ada024a)
[INFO] [stderr]     Checking futures v0.3.17
[INFO] [stderr]     Checking quinn v0.7.2
[INFO] [stderr] The following warnings were emitted during compilation:
[INFO] [stderr] 
[INFO] [stderr] warning: cc: error: src/proxy/tun/netstack/lwip/core/init.c: No such file or directory
[INFO] [stderr] warning: cc: fatal error: no input files
[INFO] [stderr] warning: compilation terminated.
[INFO] [stderr] 
[INFO] [stderr] error: failed to run custom build command for `leaf v0.1.2 (/opt/rustwide/workdir/leaf)`
[INFO] [stderr] 
[INFO] [stderr] Caused by:
[INFO] [stderr]   process didn't exit successfully: `/opt/rustwide/target/debug/build/leaf-91e98d189c802180/build-script-build` (exit status: 1)
[INFO] [stderr]   --- stdout
[INFO] [stderr]   TARGET = Some("x86_64-unknown-linux-gnu")
[INFO] [stderr]   OPT_LEVEL = Some("0")
[INFO] [stderr]   HOST = Some("x86_64-unknown-linux-gnu")
[INFO] [stderr]   CC_x86_64-unknown-linux-gnu = None
[INFO] [stderr]   CC_x86_64_unknown_linux_gnu = None
[INFO] [stderr]   HOST_CC = None
[INFO] [stderr]   CC = None
[INFO] [stderr]   CFLAGS_x86_64-unknown-linux-gnu = None
[INFO] [stderr]   CFLAGS_x86_64_unknown_linux_gnu = None
[INFO] [stderr]   HOST_CFLAGS = None
[INFO] [stderr]   CFLAGS = None
[INFO] [stderr]   CRATE_CC_NO_DEFAULTS = None
[INFO] [stderr]   DEBUG = Some("true")
[INFO] [stderr]   CARGO_CFG_TARGET_FEATURE = Some("fxsr,sse,sse2")
[INFO] [stderr]   CC_x86_64-unknown-linux-gnu = None
[INFO] [stderr]   CC_x86_64_unknown_linux_gnu = None
[INFO] [stderr]   HOST_CC = None
[INFO] [stderr]   CC = None
[INFO] [stderr]   CFLAGS_x86_64-unknown-linux-gnu = None
[INFO] [stderr]   CFLAGS_x86_64_unknown_linux_gnu = None
[INFO] [stderr]   HOST_CFLAGS = None
[INFO] [stderr]   CFLAGS = None
[INFO] [stderr]   CRATE_CC_NO_DEFAULTS = None
[INFO] [stderr]   CARGO_CFG_TARGET_FEATURE = Some("fxsr,sse,sse2")
[INFO] [stderr]   running: "cc" "-O0" "-ffunction-sections" "-fdata-sections" "-fPIC" "-g" "-fno-omit-frame-pointer" "-m64" "-I" "src/proxy/tun/netstack/lwip/custom" "-I" "src/proxy/tun/netstack/lwip/include" "-Wno-everything" "-o" "/opt/rustwide/target/debug/build/leaf-c89be229ca1e013b/out/src/proxy/tun/netstack/lwip/core/init.o" "-c" "src/proxy/tun/netstack/lwip/core/init.c"
[INFO] [stderr]   cargo:warning=cc: error: src/proxy/tun/netstack/lwip/core/init.c: No such file or directory
[INFO] [stderr]   cargo:warning=cc: fatal error: no input files
[INFO] [stderr]   cargo:warning=compilation terminated.
[INFO] [stderr]   exit status: 1
[INFO] [stderr] 
[INFO] [stderr]   --- stderr
[INFO] [stderr] 
[INFO] [stderr] 
[INFO] [stderr]   error occurred: Command "cc" "-O0" "-ffunction-sections" "-fdata-sections" "-fPIC" "-g" "-fno-omit-frame-pointer" "-m64" "-I" "src/proxy/tun/netstack/lwip/custom" "-I" "src/proxy/tun/netstack/lwip/include" "-Wno-everything" "-o" "/opt/rustwide/target/debug/build/leaf-c89be229ca1e013b/out/src/proxy/tun/netstack/lwip/core/init.o" "-c" "src/proxy/tun/netstack/lwip/core/init.c" with args "cc" did not execute successfully (status code exit status: 1).
[INFO] [stderr] 
[INFO] [stderr] 
[INFO] [stderr] warning: build failed, waiting for other jobs to finish...
[INFO] [stderr] error: build failed
[INFO] running `Command { std: "docker" "inspect" "f5f65e0f38c21bd37a1d0e2b2a6629009027961cdfb27eb5554fc9971552aa1f", kill_on_drop: false }`
[INFO] running `Command { std: "docker" "rm" "-f" "f5f65e0f38c21bd37a1d0e2b2a6629009027961cdfb27eb5554fc9971552aa1f", kill_on_drop: false }`
[INFO] [stdout] f5f65e0f38c21bd37a1d0e2b2a6629009027961cdfb27eb5554fc9971552aa1f
