[INFO] cloning repository https://github.com/mihail-milev/home-chatbot
[INFO] running `Command { std: "git" "-c" "credential.helper=" "-c" "credential.helper=/workspace/cargo-home/bin/git-credential-null" "clone" "--bare" "https://github.com/mihail-milev/home-chatbot" "/workspace/cache/git-repos/https%3A%2F%2Fgithub.com%2Fmihail-milev%2Fhome-chatbot", kill_on_drop: false }`
[INFO] [stderr] Cloning into bare repository '/workspace/cache/git-repos/https%3A%2F%2Fgithub.com%2Fmihail-milev%2Fhome-chatbot'...
[INFO] running `Command { std: "git" "rev-parse" "HEAD", kill_on_drop: false }`
[INFO] [stdout] 8d4fce654936ae95fa7929a690fb866048631c99
[INFO] checking mihail-milev/home-chatbot against 1.55.0 for beta-1.56-3
[INFO] running `Command { std: "git" "clone" "/workspace/cache/git-repos/https%3A%2F%2Fgithub.com%2Fmihail-milev%2Fhome-chatbot" "/workspace/builds/worker-12/source", kill_on_drop: false }`
[INFO] [stderr] Cloning into '/workspace/builds/worker-12/source'...
[INFO] [stderr] done.
[INFO] validating manifest of git repo https://github.com/mihail-milev/home-chatbot on toolchain 1.55.0
[INFO] running `Command { std: "/workspace/cargo-home/bin/cargo" "+1.55.0" "metadata" "--manifest-path" "Cargo.toml" "--no-deps", kill_on_drop: false }`
[INFO] removed /workspace/builds/worker-12/source/.cargo/config
[INFO] started tweaking git repo https://github.com/mihail-milev/home-chatbot
[INFO] finished tweaking git repo https://github.com/mihail-milev/home-chatbot
[INFO] tweaked toml for git repo https://github.com/mihail-milev/home-chatbot written to /workspace/builds/worker-12/source/Cargo.toml
[INFO] crate git repo https://github.com/mihail-milev/home-chatbot already has a lockfile, it will not be regenerated
[INFO] running `Command { std: "/workspace/cargo-home/bin/cargo" "+1.55.0" "fetch" "--manifest-path" "Cargo.toml", kill_on_drop: false }`
[INFO] running `Command { std: "docker" "create" "-v" "/var/lib/crater-agent-workspace/builds/worker-12/target:/opt/rustwide/target:rw,Z" "-v" "/var/lib/crater-agent-workspace/builds/worker-12/source:/opt/rustwide/workdir:ro,Z" "-v" "/var/lib/crater-agent-workspace/cargo-home:/opt/rustwide/cargo-home:ro,Z" "-v" "/var/lib/crater-agent-workspace/rustup-home:/opt/rustwide/rustup-home:ro,Z" "-e" "SOURCE_DIR=/opt/rustwide/workdir" "-e" "CARGO_TARGET_DIR=/opt/rustwide/target" "-e" "CARGO_HOME=/opt/rustwide/cargo-home" "-e" "RUSTUP_HOME=/opt/rustwide/rustup-home" "-w" "/opt/rustwide/workdir" "-m" "1610612736" "--user" "0:0" "--network" "none" "ghcr.io/rust-lang/crates-build-env/linux@sha256:a89201d6b5b9fd45c15d5952ece0a0129e7e80cb26ec023fd59cf09bc26f1604" "/opt/rustwide/cargo-home/bin/cargo" "+1.55.0" "metadata" "--no-deps" "--format-version=1", kill_on_drop: false }`
[INFO] [stdout] 63bc6a26664a762b7c5e38b2042d0d4db9efafc9b3bebea690a4dbbb38daa580
[INFO] [stderr] WARNING: Your kernel does not support swap limit capabilities or the cgroup is not mounted. Memory limited without swap.
[INFO] running `Command { std: "docker" "start" "-a" "63bc6a26664a762b7c5e38b2042d0d4db9efafc9b3bebea690a4dbbb38daa580", kill_on_drop: false }`
[INFO] running `Command { std: "docker" "inspect" "63bc6a26664a762b7c5e38b2042d0d4db9efafc9b3bebea690a4dbbb38daa580", kill_on_drop: false }`
[INFO] running `Command { std: "docker" "rm" "-f" "63bc6a26664a762b7c5e38b2042d0d4db9efafc9b3bebea690a4dbbb38daa580", kill_on_drop: false }`
[INFO] [stdout] 63bc6a26664a762b7c5e38b2042d0d4db9efafc9b3bebea690a4dbbb38daa580
[INFO] running `Command { std: "docker" "create" "-v" "/var/lib/crater-agent-workspace/builds/worker-12/target:/opt/rustwide/target:rw,Z" "-v" "/var/lib/crater-agent-workspace/builds/worker-12/source:/opt/rustwide/workdir:ro,Z" "-v" "/var/lib/crater-agent-workspace/cargo-home:/opt/rustwide/cargo-home:ro,Z" "-v" "/var/lib/crater-agent-workspace/rustup-home:/opt/rustwide/rustup-home:ro,Z" "-e" "SOURCE_DIR=/opt/rustwide/workdir" "-e" "CARGO_TARGET_DIR=/opt/rustwide/target" "-e" "CARGO_INCREMENTAL=0" "-e" "RUST_BACKTRACE=full" "-e" "RUSTFLAGS=--cap-lints=warn" "-e" "CARGO_HOME=/opt/rustwide/cargo-home" "-e" "RUSTUP_HOME=/opt/rustwide/rustup-home" "-w" "/opt/rustwide/workdir" "-m" "1610612736" "--user" "0:0" "--network" "none" "ghcr.io/rust-lang/crates-build-env/linux@sha256:a89201d6b5b9fd45c15d5952ece0a0129e7e80cb26ec023fd59cf09bc26f1604" "/opt/rustwide/cargo-home/bin/cargo" "+1.55.0" "check" "--frozen" "--all" "--all-targets" "--message-format=json", kill_on_drop: false }`
[INFO] [stdout] 25d33a2b722f8bf9f35f485d5f0191665dfff40070e4e854aef7c42b806f1c61
[INFO] [stderr] WARNING: Your kernel does not support swap limit capabilities or the cgroup is not mounted. Memory limited without swap.
[INFO] running `Command { std: "docker" "start" "-a" "25d33a2b722f8bf9f35f485d5f0191665dfff40070e4e854aef7c42b806f1c61", kill_on_drop: false }`
[INFO] [stderr]    Compiling serde v1.0.130
[INFO] [stderr]    Compiling serde_json v1.0.68
[INFO] [stderr]     Checking byteorder v1.4.3
[INFO] [stderr]    Compiling ruma-identifiers-validation v0.5.0
[INFO] [stderr]    Compiling paste v1.0.5
[INFO] [stderr]    Compiling wasm-bindgen-shared v0.2.78
[INFO] [stderr]     Checking wildmatch v2.1.0
[INFO] [stderr]     Checking const-oid v0.6.1
[INFO] [stderr]    Compiling bumpalo v3.7.1
[INFO] [stderr]     Checking signature v1.3.1
[INFO] [stderr]    Compiling openssl v0.10.36
[INFO] [stderr]    Compiling g2poly v0.4.0
[INFO] [stderr]    Compiling wasm-bindgen v0.2.78
[INFO] [stderr]     Checking assign v1.1.1
[INFO] [stderr]    Compiling native-tls v0.2.8
[INFO] [stderr]     Checking checked_int_cast v1.0.0
[INFO] [stderr]     Checking version_check v0.9.3
[INFO] [stderr]    Compiling indexmap v1.6.2
[INFO] [stderr]    Compiling openssl-src v111.16.0+1.1.1l
[INFO] [stderr]    Compiling ring v0.16.20
[INFO] [stderr]     Checking ed25519 v1.2.0
[INFO] [stderr]     Checking der v0.4.3
[INFO] [stderr]    Compiling olm-sys v1.1.3
[INFO] [stderr]     Checking getrandom v0.2.3
[INFO] [stderr]     Checking socket2 v0.4.2
[INFO] [stderr]     Checking fs2 v0.4.3
[INFO] [stderr]     Checking mio v0.7.13
[INFO] [stderr]     Checking os_info v3.0.7
[INFO] [stderr]     Checking deflate v0.8.6
[INFO] [stderr]     Checking fxhash v0.2.1
[INFO] [stderr]     Checking stringprep v0.1.2
[INFO] [stderr]     Checking dashmap v4.0.2
[INFO] [stderr]     Checking cipher v0.3.0
[INFO] [stderr]     Checking universal-hash v0.4.1
[INFO] [stderr]     Checking crypto-mac v0.11.1
[INFO] [stderr]     Checking aead v0.4.3
[INFO] [stderr]    Compiling tracing-attributes v0.1.16
[INFO] [stderr]    Compiling tokio-macros v1.3.0
[INFO] [stderr]    Compiling synstructure v0.12.5
[INFO] [stderr]    Compiling ruma-identifiers-macros v0.20.0
[INFO] [stderr]    Compiling darling_core v0.13.0
[INFO] [stderr]    Compiling typed-builder v0.9.1
[INFO] [stderr]     Checking md-5 v0.9.1
[INFO] [stderr]     Checking rand_core v0.6.3
[INFO] [stderr]     Checking ahash v0.7.4
[INFO] [stderr]    Compiling openssl-sys v0.9.66
[INFO] [stderr]     Checking crossbeam-deque v0.8.1
[INFO] [stderr]     Checking chrono v0.4.19
[INFO] [stderr]    Compiling g2gen v0.4.0
[INFO] [stderr]    Compiling thiserror v1.0.29
[INFO] [stderr]     Checking polyval v0.5.3
[INFO] [stderr]     Checking poly1305 v0.7.2
[INFO] [stderr]     Checking ctr v0.8.0
[INFO] [stderr]     Checking futures-util v0.3.17
[INFO] [stderr]     Checking hmac v0.11.0
[INFO] [stderr]     Checking pbkdf2 v0.9.0
[INFO] [stderr]     Checking pbkdf2 v0.8.0
[INFO] [stderr]     Checking spki v0.4.1
[INFO] [stderr]     Checking png v0.16.8
[INFO] [stderr]    Compiling wasm-bindgen-backend v0.2.78
[INFO] [stderr]     Checking time v0.2.27
[INFO] [stderr]     Checking rand_chacha v0.3.1
[INFO] [stderr]     Checking rayon-core v1.9.1
[INFO] [stderr]     Checking hashbrown v0.11.2
[INFO] [stderr]     Checking ghash v0.4.4
[INFO] [stderr]     Checking aes v0.7.5
[INFO] [stderr]     Checking rand v0.8.4
[INFO] [stderr]    Compiling zeroize_derive v1.1.0
[INFO] [stderr]     Checking g2p v0.4.0
[INFO] [stderr]     Checking rayon v1.5.1
[INFO] [stderr]     Checking instant v0.1.10
[INFO] [stderr]    Compiling wasm-bindgen-macro-support v0.2.78
[INFO] [stderr]     Checking lru v0.6.6
[INFO] [stderr]     Checking parking_lot_core v0.8.5
[INFO] [stderr]     Checking aes-gcm v0.9.4
[INFO] [stderr]     Checking parking_lot v0.11.2
[INFO] [stderr]     Checking tokio v1.11.0
[INFO] [stderr]     Checking sled v0.34.7
[INFO] [stderr]     Checking zeroize v1.4.1
[INFO] [stderr]     Checking tracing v0.1.28
[INFO] [stderr]     Checking webpki v0.21.4
[INFO] [stderr]     Checking sct v0.6.1
[INFO] [stderr]     Checking futures-executor v0.3.17
[INFO] [stderr]     Checking curve25519-dalek v3.2.0
[INFO] [stderr]     Checking pkcs8 v0.7.6
[INFO] [stderr]     Checking chacha20 v0.8.1
[INFO] [stderr]     Checking tracing-futures v0.2.5
[INFO] [stderr]     Checking rustls v0.19.1
[INFO] [stderr]     Checking webpki-roots v0.21.1
[INFO] [stderr]     Checking futures v0.3.17
[INFO] [stderr]     Checking chacha20poly1305 v0.9.0
[INFO] [stderr]     Checking jpeg-decoder v0.1.22
[INFO] [stderr]     Checking js_int v0.2.1
[INFO] [stderr]     Checking uuid v0.8.2
[INFO] [stderr]     Checking serde_urlencoded v0.7.0
[INFO] [stderr]     Checking serde_bytes v0.11.5
[INFO] [stderr]    Compiling toml v0.5.8
[INFO] [stderr]    Compiling darling_macro v0.13.0
[INFO] [stderr]    Compiling wasm-bindgen-macro v0.2.78
[INFO] [stderr]     Checking ed25519-dalek v1.0.1
[INFO] [stderr]     Checking tiff v0.6.1
[INFO] [stderr]     Checking image v0.23.14
[INFO] [stderr]    Compiling proc-macro-crate v1.1.0
[INFO] [stderr]    Compiling darling v0.13.0
[INFO] [stderr]     Checking olm-rs v2.0.1
[INFO] [stderr]     Checking bson v2.0.0
[INFO] [stderr]    Compiling serde_with_macros v1.5.0
[INFO] [stderr]    Compiling ruma-serde-macros v0.5.0
[INFO] [stderr]    Compiling ruma-events-macros v0.24.5
[INFO] [stderr]    Compiling ruma-api-macros v0.18.3
[INFO] [stderr]     Checking js-sys v0.3.55
[INFO] [stderr]     Checking tokio-util v0.6.8
[INFO] [stderr]     Checking trust-dns-proto v0.20.3
[INFO] [stderr]     Checking backoff v0.3.0
[INFO] [stderr]     Checking tokio-rustls v0.22.0
[INFO] [stderr]     Checking h2 v0.3.4
[INFO] [stderr]     Checking serde_with v1.10.0
[INFO] [stderr]     Checking qrcode v0.12.0
[INFO] [stderr]     Checking rqrr v0.3.2
[INFO] [stderr]     Checking trust-dns-resolver v0.20.3
[INFO] [stderr]     Checking ruma-serde v0.5.0
[INFO] [stderr]     Checking ruma-identifiers v0.20.0
[INFO] [stderr]     Checking web-sys v0.3.55
[INFO] [stderr]     Checking mongodb v2.0.0
[INFO] [stderr]     Checking ruma-common v0.6.0
[INFO] [stderr]     Checking ruma-signatures v0.9.0
[INFO] [stderr]     Checking matrix-qrcode v0.2.0
[INFO] [stderr]     Checking ruma-api v0.18.3
[INFO] [stderr]     Checking hyper v0.14.13
[INFO] [stderr]     Checking ruma-events v0.24.5
[INFO] [stderr]     Checking gloo-timers v0.2.1
[INFO] [stderr]     Checking futures-timer v3.0.2
[INFO] [stderr]     Checking tokio-native-tls v0.3.0
[INFO] [stderr]     Checking ruma-client-api v0.12.2
[INFO] [stderr]     Checking ruma-state-res v0.4.1
[INFO] [stderr]     Checking ruma-federation-api v0.3.1
[INFO] [stderr]     Checking hyper-tls v0.5.0
[INFO] [stderr]     Checking reqwest v0.11.4
[INFO] [stderr]     Checking ruma v0.4.0
[INFO] [stderr]     Checking matrix-sdk-common v0.4.1
[INFO] [stderr]     Checking matrix-sdk-crypto v0.4.1
[INFO] [stderr]     Checking matrix-sdk-base v0.4.1
[INFO] [stderr]     Checking matrix-sdk v0.4.1
[INFO] [stderr]     Checking home-chatbot v0.1.0 (/opt/rustwide/workdir)
[INFO] [stdout] error[E0583]: file not found for module `bgchan`
[INFO] [stdout]   --> src/main.rs:10:1
[INFO] [stdout]    |
[INFO] [stdout] 10 | mod bgchan;
[INFO] [stdout]    | ^^^^^^^^^^^
[INFO] [stdout]    |
[INFO] [stdout]    = help: to create the module `bgchan`, create file "src/bgchan.rs" or "src/bgchan/mod.rs"
[INFO] [stdout] 
[INFO] [stdout] 
[INFO] [stdout] error[E0583]: file not found for module `bgchan`
[INFO] [stdout]   --> src/main.rs:10:1
[INFO] [stdout]    |
[INFO] [stdout] 10 | mod bgchan;
[INFO] [stdout]    | ^^^^^^^^^^^
[INFO] [stdout]    |
[INFO] [stdout]    = help: to create the module `bgchan`, create file "src/bgchan.rs" or "src/bgchan/mod.rs"
[INFO] [stdout] 
[INFO] [stdout] 
[INFO] [stdout] error[E0425]: cannot find function `handle_bgchan_command` in module `bgchan`
[INFO] [stdout]   --> src/main.rs:85:24
[INFO] [stdout]    |
[INFO] [stdout] 85 |         return bgchan::handle_bgchan_command(rest_command.to_string()).await;
[INFO] [stdout]    |                        ^^^^^^^^^^^^^^^^^^^^^ not found in `bgchan`
[INFO] [stdout] 
[INFO] [stdout] 
[INFO] [stdout] error[E0425]: cannot find function `handle_bgchan_command` in module `bgchan`
[INFO] [stdout]   --> src/main.rs:85:24
[INFO] [stdout]    |
[INFO] [stdout] 85 |         return bgchan::handle_bgchan_command(rest_command.to_string()).await;
[INFO] [stdout]    |                        ^^^^^^^^^^^^^^^^^^^^^ not found in `bgchan`
[INFO] [stdout] 
[INFO] [stdout] 
[INFO] [stdout] error: aborting due to 2 previous errors
[INFO] [stdout] 
[INFO] [stdout] 
[INFO] [stdout] Some errors have detailed explanations: E0425, E0583.
[INFO] [stdout] 
[INFO] [stdout] For more information about an error, try `rustc --explain E0425`.
[INFO] [stdout] 
[INFO] [stderr] error: could not compile `home-chatbot` due to 3 previous errors
[INFO] [stderr] warning: build failed, waiting for other jobs to finish...
[INFO] [stdout] error: aborting due to 2 previous errors
[INFO] [stdout] 
[INFO] [stdout] 
[INFO] [stdout] Some errors have detailed explanations: E0425, E0583.
[INFO] [stdout] 
[INFO] [stdout] For more information about an error, try `rustc --explain E0425`.
[INFO] [stdout] 
[INFO] [stderr] error: build failed
[INFO] running `Command { std: "docker" "inspect" "25d33a2b722f8bf9f35f485d5f0191665dfff40070e4e854aef7c42b806f1c61", kill_on_drop: false }`
[INFO] running `Command { std: "docker" "rm" "-f" "25d33a2b722f8bf9f35f485d5f0191665dfff40070e4e854aef7c42b806f1c61", kill_on_drop: false }`
[INFO] [stdout] 25d33a2b722f8bf9f35f485d5f0191665dfff40070e4e854aef7c42b806f1c61
