[INFO] cloning repository https://github.com/michaelknowles/AdventOfCodeRust
[INFO] running `Command { std: "git" "-c" "credential.helper=" "-c" "credential.helper=/workspace/cargo-home/bin/git-credential-null" "clone" "--bare" "https://github.com/michaelknowles/AdventOfCodeRust" "/workspace/cache/git-repos/https%3A%2F%2Fgithub.com%2Fmichaelknowles%2FAdventOfCodeRust", kill_on_drop: false }`
[INFO] [stderr] Cloning into bare repository '/workspace/cache/git-repos/https%3A%2F%2Fgithub.com%2Fmichaelknowles%2FAdventOfCodeRust'...
[INFO] running `Command { std: "git" "rev-parse" "HEAD", kill_on_drop: false }`
[INFO] [stdout] 0d2d658267ad7a106c888ee0dc0c35e4569427d1
[INFO] checking michaelknowles/AdventOfCodeRust against 1.55.0 for beta-1.56-3
[INFO] running `Command { std: "git" "clone" "/workspace/cache/git-repos/https%3A%2F%2Fgithub.com%2Fmichaelknowles%2FAdventOfCodeRust" "/workspace/builds/worker-15/source", kill_on_drop: false }`
[INFO] [stderr] Cloning into '/workspace/builds/worker-15/source'...
[INFO] [stderr] done.
[INFO] validating manifest of git repo https://github.com/michaelknowles/AdventOfCodeRust on toolchain 1.55.0
[INFO] running `Command { std: "/workspace/cargo-home/bin/cargo" "+1.55.0" "metadata" "--manifest-path" "Cargo.toml" "--no-deps", kill_on_drop: false }`
[INFO] started tweaking git repo https://github.com/michaelknowles/AdventOfCodeRust
[INFO] finished tweaking git repo https://github.com/michaelknowles/AdventOfCodeRust
[INFO] tweaked toml for git repo https://github.com/michaelknowles/AdventOfCodeRust written to /workspace/builds/worker-15/source/Cargo.toml
[INFO] crate git repo https://github.com/michaelknowles/AdventOfCodeRust already has a lockfile, it will not be regenerated
[INFO] running `Command { std: "/workspace/cargo-home/bin/cargo" "+1.55.0" "fetch" "--manifest-path" "Cargo.toml", kill_on_drop: false }`
[INFO] [stderr]     Blocking waiting for file lock on package cache
[INFO] [stderr]     Blocking waiting for file lock on package cache
[INFO] running `Command { std: "docker" "create" "-v" "/var/lib/crater-agent-workspace/builds/worker-15/target:/opt/rustwide/target:rw,Z" "-v" "/var/lib/crater-agent-workspace/builds/worker-15/source:/opt/rustwide/workdir:ro,Z" "-v" "/var/lib/crater-agent-workspace/cargo-home:/opt/rustwide/cargo-home:ro,Z" "-v" "/var/lib/crater-agent-workspace/rustup-home:/opt/rustwide/rustup-home:ro,Z" "-e" "SOURCE_DIR=/opt/rustwide/workdir" "-e" "CARGO_TARGET_DIR=/opt/rustwide/target" "-e" "CARGO_HOME=/opt/rustwide/cargo-home" "-e" "RUSTUP_HOME=/opt/rustwide/rustup-home" "-w" "/opt/rustwide/workdir" "-m" "1610612736" "--user" "0:0" "--network" "none" "ghcr.io/rust-lang/crates-build-env/linux@sha256:a89201d6b5b9fd45c15d5952ece0a0129e7e80cb26ec023fd59cf09bc26f1604" "/opt/rustwide/cargo-home/bin/cargo" "+1.55.0" "metadata" "--no-deps" "--format-version=1", kill_on_drop: false }`
[INFO] [stdout] 1f4edeb5f8ed06771b074da0fd04ecd6e58b96049b9354a2c25749a8b86106c8
[INFO] running `Command { std: "docker" "start" "-a" "1f4edeb5f8ed06771b074da0fd04ecd6e58b96049b9354a2c25749a8b86106c8", kill_on_drop: false }`
[INFO] running `Command { std: "docker" "inspect" "1f4edeb5f8ed06771b074da0fd04ecd6e58b96049b9354a2c25749a8b86106c8", kill_on_drop: false }`
[INFO] running `Command { std: "docker" "rm" "-f" "1f4edeb5f8ed06771b074da0fd04ecd6e58b96049b9354a2c25749a8b86106c8", kill_on_drop: false }`
[INFO] [stdout] 1f4edeb5f8ed06771b074da0fd04ecd6e58b96049b9354a2c25749a8b86106c8
[INFO] running `Command { std: "docker" "create" "-v" "/var/lib/crater-agent-workspace/builds/worker-15/target:/opt/rustwide/target:rw,Z" "-v" "/var/lib/crater-agent-workspace/builds/worker-15/source:/opt/rustwide/workdir:ro,Z" "-v" "/var/lib/crater-agent-workspace/cargo-home:/opt/rustwide/cargo-home:ro,Z" "-v" "/var/lib/crater-agent-workspace/rustup-home:/opt/rustwide/rustup-home:ro,Z" "-e" "SOURCE_DIR=/opt/rustwide/workdir" "-e" "CARGO_TARGET_DIR=/opt/rustwide/target" "-e" "CARGO_INCREMENTAL=0" "-e" "RUST_BACKTRACE=full" "-e" "RUSTFLAGS=--cap-lints=warn" "-e" "CARGO_HOME=/opt/rustwide/cargo-home" "-e" "RUSTUP_HOME=/opt/rustwide/rustup-home" "-w" "/opt/rustwide/workdir" "-m" "1610612736" "--user" "0:0" "--network" "none" "ghcr.io/rust-lang/crates-build-env/linux@sha256:a89201d6b5b9fd45c15d5952ece0a0129e7e80cb26ec023fd59cf09bc26f1604" "/opt/rustwide/cargo-home/bin/cargo" "+1.55.0" "check" "--frozen" "--all" "--all-targets" "--message-format=json", kill_on_drop: false }`
[INFO] [stdout] 558cd9f2be5d1de444b2dede4903e29e8b8843e9ed36a291a2b2741a26f31fb6
[INFO] running `Command { std: "docker" "start" "-a" "558cd9f2be5d1de444b2dede4903e29e8b8843e9ed36a291a2b2741a26f31fb6", kill_on_drop: false }`
[INFO] [stderr]     Checking adventofcoderust v0.1.0 (/opt/rustwide/workdir)
[INFO] [stdout] error[E0425]: cannot find value `input` in this scope
[INFO] [stdout]   --> src/day1.rs:13:35
[INFO] [stdout]    |
[INFO] [stdout] 13 |     println!("Part 1: {}", part1(&input));
[INFO] [stdout]    |                                   ^^^^^ not found in this scope
[INFO] [stdout] 
[INFO] [stdout] 
[INFO] [stdout] error[E0425]: cannot find value `input` in this scope
[INFO] [stdout]   --> src/day1.rs:14:35
[INFO] [stdout]    |
[INFO] [stdout] 14 |     println!("Part 2: {}", part2(&input));
[INFO] [stdout]    |                                   ^^^^^ not found in this scope
[INFO] [stdout] 
[INFO] [stdout] 
[INFO] [stderr] error: could not compile `adventofcoderust` due to 3 previous errors
[INFO] [stdout] error[E0425]: cannot find value `input` in this scope
[INFO] [stdout]   --> src/day1.rs:13:35
[INFO] [stdout]    |
[INFO] [stdout] 13 |     println!("Part 1: {}", part1(&input));
[INFO] [stdout]    |                                   ^^^^^ not found in this scope
[INFO] [stdout] 
[INFO] [stdout] 
[INFO] [stderr] warning: build failed, waiting for other jobs to finish...
[INFO] [stdout] error[E0425]: cannot find value `input` in this scope
[INFO] [stdout]   --> src/day1.rs:14:35
[INFO] [stdout]    |
[INFO] [stdout] 14 |     println!("Part 2: {}", part2(&input));
[INFO] [stdout]    |                                   ^^^^^ not found in this scope
[INFO] [stdout] 
[INFO] [stdout] 
[INFO] [stdout] error: aborting due to 2 previous errors
[INFO] [stdout] 
[INFO] [stdout] 
[INFO] [stdout] For more information about this error, try `rustc --explain E0425`.
[INFO] [stdout] 
[INFO] [stdout] error: aborting due to 2 previous errors
[INFO] [stdout] 
[INFO] [stdout] 
[INFO] [stdout] For more information about this error, try `rustc --explain E0425`.
[INFO] [stdout] 
[INFO] [stderr] error: build failed
[INFO] running `Command { std: "docker" "inspect" "558cd9f2be5d1de444b2dede4903e29e8b8843e9ed36a291a2b2741a26f31fb6", kill_on_drop: false }`
[INFO] running `Command { std: "docker" "rm" "-f" "558cd9f2be5d1de444b2dede4903e29e8b8843e9ed36a291a2b2741a26f31fb6", kill_on_drop: false }`
[INFO] [stdout] 558cd9f2be5d1de444b2dede4903e29e8b8843e9ed36a291a2b2741a26f31fb6
