[INFO] cloning repository https://github.com/mfutech/rust-cli-mysql
[INFO] running `Command { std: "git" "-c" "credential.helper=" "-c" "credential.helper=/workspace/cargo-home/bin/git-credential-null" "clone" "--bare" "https://github.com/mfutech/rust-cli-mysql" "/workspace/cache/git-repos/https%3A%2F%2Fgithub.com%2Fmfutech%2Frust-cli-mysql", kill_on_drop: false }`
[INFO] [stderr] Cloning into bare repository '/workspace/cache/git-repos/https%3A%2F%2Fgithub.com%2Fmfutech%2Frust-cli-mysql'...
[INFO] running `Command { std: "git" "rev-parse" "HEAD", kill_on_drop: false }`
[INFO] [stdout] a3846384d0f196595e239b9e683c4a983cededfd
[INFO] checking mfutech/rust-cli-mysql against 1.55.0 for beta-1.56-3
[INFO] running `Command { std: "git" "clone" "/workspace/cache/git-repos/https%3A%2F%2Fgithub.com%2Fmfutech%2Frust-cli-mysql" "/workspace/builds/worker-109/source", kill_on_drop: false }`
[INFO] [stderr] Cloning into '/workspace/builds/worker-109/source'...
[INFO] [stderr] done.
[INFO] validating manifest of git repo https://github.com/mfutech/rust-cli-mysql on toolchain 1.55.0
[INFO] running `Command { std: "/workspace/cargo-home/bin/cargo" "+1.55.0" "metadata" "--manifest-path" "Cargo.toml" "--no-deps", kill_on_drop: false }`
[INFO] started tweaking git repo https://github.com/mfutech/rust-cli-mysql
[INFO] finished tweaking git repo https://github.com/mfutech/rust-cli-mysql
[INFO] tweaked toml for git repo https://github.com/mfutech/rust-cli-mysql written to /workspace/builds/worker-109/source/Cargo.toml
[INFO] crate git repo https://github.com/mfutech/rust-cli-mysql already has a lockfile, it will not be regenerated
[INFO] running `Command { std: "/workspace/cargo-home/bin/cargo" "+1.55.0" "fetch" "--manifest-path" "Cargo.toml", kill_on_drop: false }`
[INFO] [stderr]     Blocking waiting for file lock on package cache
[INFO] [stderr]     Blocking waiting for file lock on package cache
[INFO] running `Command { std: "docker" "create" "-v" "/var/lib/crater-agent-workspace/builds/worker-109/target:/opt/rustwide/target:rw,Z" "-v" "/var/lib/crater-agent-workspace/builds/worker-109/source:/opt/rustwide/workdir:ro,Z" "-v" "/var/lib/crater-agent-workspace/cargo-home:/opt/rustwide/cargo-home:ro,Z" "-v" "/var/lib/crater-agent-workspace/rustup-home:/opt/rustwide/rustup-home:ro,Z" "-e" "SOURCE_DIR=/opt/rustwide/workdir" "-e" "CARGO_TARGET_DIR=/opt/rustwide/target" "-e" "CARGO_HOME=/opt/rustwide/cargo-home" "-e" "RUSTUP_HOME=/opt/rustwide/rustup-home" "-w" "/opt/rustwide/workdir" "-m" "1610612736" "--user" "0:0" "--network" "none" "ghcr.io/rust-lang/crates-build-env/linux@sha256:a89201d6b5b9fd45c15d5952ece0a0129e7e80cb26ec023fd59cf09bc26f1604" "/opt/rustwide/cargo-home/bin/cargo" "+1.55.0" "metadata" "--no-deps" "--format-version=1", kill_on_drop: false }`
[INFO] [stdout] bea716cab295d7618f7397d883e32ac6e43ac041319b944727a6f0b38cb07ae5
[INFO] running `Command { std: "docker" "start" "-a" "bea716cab295d7618f7397d883e32ac6e43ac041319b944727a6f0b38cb07ae5", kill_on_drop: false }`
[INFO] running `Command { std: "docker" "inspect" "bea716cab295d7618f7397d883e32ac6e43ac041319b944727a6f0b38cb07ae5", kill_on_drop: false }`
[INFO] running `Command { std: "docker" "rm" "-f" "bea716cab295d7618f7397d883e32ac6e43ac041319b944727a6f0b38cb07ae5", kill_on_drop: false }`
[INFO] [stdout] bea716cab295d7618f7397d883e32ac6e43ac041319b944727a6f0b38cb07ae5
[INFO] running `Command { std: "docker" "create" "-v" "/var/lib/crater-agent-workspace/builds/worker-109/target:/opt/rustwide/target:rw,Z" "-v" "/var/lib/crater-agent-workspace/builds/worker-109/source:/opt/rustwide/workdir:ro,Z" "-v" "/var/lib/crater-agent-workspace/cargo-home:/opt/rustwide/cargo-home:ro,Z" "-v" "/var/lib/crater-agent-workspace/rustup-home:/opt/rustwide/rustup-home:ro,Z" "-e" "SOURCE_DIR=/opt/rustwide/workdir" "-e" "CARGO_TARGET_DIR=/opt/rustwide/target" "-e" "CARGO_INCREMENTAL=0" "-e" "RUST_BACKTRACE=full" "-e" "RUSTFLAGS=--cap-lints=warn" "-e" "CARGO_HOME=/opt/rustwide/cargo-home" "-e" "RUSTUP_HOME=/opt/rustwide/rustup-home" "-w" "/opt/rustwide/workdir" "-m" "1610612736" "--user" "0:0" "--network" "none" "ghcr.io/rust-lang/crates-build-env/linux@sha256:a89201d6b5b9fd45c15d5952ece0a0129e7e80cb26ec023fd59cf09bc26f1604" "/opt/rustwide/cargo-home/bin/cargo" "+1.55.0" "check" "--frozen" "--all" "--all-targets" "--message-format=json", kill_on_drop: false }`
[INFO] [stdout] be80911fd9883f516d9651714a637f579a19d07572a41510c90df36de7623d4b
[INFO] running `Command { std: "docker" "start" "-a" "be80911fd9883f516d9651714a637f579a19d07572a41510c90df36de7623d4b", kill_on_drop: false }`
[INFO] [stderr]     Blocking waiting for file lock on package cache
[INFO] [stderr]    Compiling libc v0.2.101
[INFO] [stderr]    Compiling proc-macro2 v1.0.29
[INFO] [stderr]    Compiling syn v1.0.76
[INFO] [stderr]    Compiling cc v1.0.70
[INFO] [stderr]    Compiling memchr v2.4.1
[INFO] [stderr]    Compiling pkg-config v0.3.19
[INFO] [stderr]    Compiling serde_derive v1.0.130
[INFO] [stderr]     Checking bitflags v1.3.2
[INFO] [stderr]    Compiling serde v1.0.130
[INFO] [stderr]     Checking once_cell v1.8.0
[INFO] [stderr]    Compiling typenum v1.14.0
[INFO] [stderr]    Compiling frunk_core v0.4.0
[INFO] [stderr]    Compiling bindgen v0.58.1
[INFO] [stderr]    Compiling humantime v2.1.0
[INFO] [stderr]    Compiling strsim v0.9.3
[INFO] [stderr]    Compiling fnv v1.0.7
[INFO] [stderr]    Compiling const_fn v0.4.8
[INFO] [stderr]    Compiling lexical-core v0.7.6
[INFO] [stderr]    Compiling radium v0.6.2
[INFO] [stderr]     Checking arrayvec v0.5.2
[INFO] [stderr]    Compiling ident_case v1.0.1
[INFO] [stderr]    Compiling shlex v1.1.0
[INFO] [stderr]    Compiling serde_json v1.0.67
[INFO] [stderr]     Checking ahash v0.3.8
[INFO] [stderr]    Compiling openssl v0.10.36
[INFO] [stderr]     Checking matches v0.1.9
[INFO] [stderr]     Checking foreign-types-shared v0.1.1
[INFO] [stderr]     Checking tap v1.0.1
[INFO] [stderr]     Checking unicode-bidi v0.3.6
[INFO] [stderr]    Compiling native-tls v0.2.8
[INFO] [stderr]    Compiling unicode-segmentation v1.8.0
[INFO] [stderr]     Checking cpufeatures v0.2.1
[INFO] [stderr]     Checking funty v1.2.0
[INFO] [stderr]    Compiling protobuf v2.25.1
[INFO] [stderr]     Checking itoa v0.4.8
[INFO] [stderr]    Compiling anyhow v1.0.43
[INFO] [stderr]     Checking bytes v1.1.0
[INFO] [stderr]    Compiling mysql v21.0.1
[INFO] [stderr]     Checking uuid v0.8.2
[INFO] [stderr]     Checking openssl-probe v0.1.4
[INFO] [stderr]    Compiling tindercrypt v0.3.2
[INFO] [stderr]     Checking smallvec v1.6.1
[INFO] [stderr]     Checking spin v0.5.2
[INFO] [stderr]     Checking untrusted v0.7.1
[INFO] [stderr]     Checking sha1 v0.6.0
[INFO] [stderr]     Checking saturating v0.1.0
[INFO] [stderr]     Checking bufstream v0.1.4
[INFO] [stderr]     Checking zeroize v1.4.1
[INFO] [stderr]    Compiling log v0.4.14
[INFO] [stderr]    Compiling proc-macro-hack v0.5.19
[INFO] [stderr]    Compiling standback v0.2.17
[INFO] [stderr]    Compiling num-integer v0.1.44
[INFO] [stderr]    Compiling nom v5.1.2
[INFO] [stderr]    Compiling clang-sys v1.2.2
[INFO] [stderr]    Compiling libloading v0.7.0
[INFO] [stderr]    Compiling ryu v1.0.5
[INFO] [stderr]    Compiling ahash v0.7.4
[INFO] [stderr]    Compiling hashbrown v0.7.2
[INFO] [stderr]    Compiling num-bigint v0.3.3
[INFO] [stderr]     Checking tinyvec v1.3.1
[INFO] [stderr]    Compiling time v0.2.27
[INFO] [stderr]    Compiling num-bigint v0.4.2
[INFO] [stderr]    Compiling io-enum v1.0.1
[INFO] [stderr]    Compiling generic-array v0.14.4
[INFO] [stderr]    Compiling memoffset v0.6.4
[INFO] [stderr]    Compiling cmake v0.1.45
[INFO] [stderr]     Checking form_urlencoded v1.0.1
[INFO] [stderr]     Checking wyz v0.4.0
[INFO] [stderr]     Checking foreign-types v0.3.2
[INFO] [stderr]     Checking unicode-normalization v0.1.19
[INFO] [stderr]    Compiling heck v0.3.3
[INFO] [stderr]    Compiling ring v0.16.20
[INFO] [stderr]    Compiling openssl-sys v0.9.66
[INFO] [stderr]    Compiling libz-sys v1.1.3
[INFO] [stderr]     Checking idna v0.2.3
[INFO] [stderr]    Compiling quote v1.0.9
[INFO] [stderr]     Checking lexical v5.2.2
[INFO] [stderr]     Checking getrandom v0.2.3
[INFO] [stderr]     Checking atty v0.2.14
[INFO] [stderr]     Checking time v0.1.43
[INFO] [stderr]     Checking dirs-sys v0.3.6
[INFO] [stderr]     Checking nix v0.21.0
[INFO] [stderr]     Checking socket2 v0.4.1
[INFO] [stderr]     Checking url v2.2.2
[INFO] [stderr]     Checking aho-corasick v0.7.18
[INFO] [stderr]    Compiling proc-macro-error-attr v1.0.4
[INFO] [stderr]     Checking rand_core v0.6.3
[INFO] [stderr]     Checking flate2 v1.0.21
[INFO] [stderr]    Compiling which v3.1.1
[INFO] [stderr]    Compiling subprocess v0.2.7
[INFO] [stderr]     Checking bitvec v0.22.3
[INFO] [stderr]     Checking directories v2.0.2
[INFO] [stderr]     Checking clap v2.33.3
[INFO] [stderr]     Checking rand_chacha v0.3.1
[INFO] [stderr]     Checking hashbrown v0.11.2
[INFO] [stderr]     Checking regex v1.5.4
[INFO] [stderr]     Checking rand v0.8.4
[INFO] [stderr]     Checking lru v0.6.6
[INFO] [stderr]     Checking digest v0.9.0
[INFO] [stderr]     Checking block-buffer v0.9.0
[INFO] [stderr]     Checking pem v0.8.3
[INFO] [stderr]     Checking env_logger v0.9.0
[INFO] [stderr]     Checking sha2 v0.9.6
[INFO] [stderr]    Compiling cexpr v0.4.0
[INFO] [stderr]     Checking dlv-list v0.2.3
[INFO] [stderr]     Checking twox-hash v1.6.1
[INFO] [stderr]    Compiling env_logger v0.8.4
[INFO] [stderr]     Checking ordered-multimap v0.2.4
[INFO] [stderr]     Checking rust-ini v0.15.3
[INFO] [stderr]    Compiling frunk_proc_macro_helpers v0.1.0
[INFO] [stderr]    Compiling darling_core v0.10.2
[INFO] [stderr]    Compiling derive_utils v0.11.2
[INFO] [stderr]    Compiling proc-macro-error v1.0.4
[INFO] [stderr]    Compiling thiserror-impl v1.0.29
[INFO] [stderr]    Compiling frunk_proc_macros_impl v0.1.0
[INFO] [stderr]    Compiling time-macros-impl v0.1.2
[INFO] [stderr]    Compiling frunk_derives v0.4.0
[INFO] [stderr]    Compiling structopt-derive v0.4.16
[INFO] [stderr]    Compiling darling_macro v0.10.2
[INFO] [stderr]     Checking frunk_proc_macros v0.1.0
[INFO] [stderr]     Checking time-macros v0.1.1
[INFO] [stderr]     Checking frunk v0.4.0
[INFO] [stderr]    Compiling darling v0.10.2
[INFO] [stderr]    Compiling structconf_derive v0.4.0
[INFO] [stderr]     Checking thiserror v1.0.29
[INFO] [stderr]     Checking structopt v0.3.23
[INFO] [stderr]     Checking structconf v0.4.0
[INFO] [stderr]    Compiling mysql_common v0.27.5
[INFO] [stderr]     Checking chrono v0.4.19
[INFO] [stderr]     Checking rust_decimal v1.15.0
[INFO] [stderr]     Checking bigdecimal v0.2.2
[INFO] [stderr]     Checking toml v0.5.8
[INFO] [stderr]     Checking confy v0.4.0
[INFO] [stderr]     Checking cli-mysql v0.1.0 (/opt/rustwide/workdir)
[INFO] [stdout] error[E0583]: file not found for module `fixed_key`
[INFO] [stdout]   --> src/config.rs:14:1
[INFO] [stdout]    |
[INFO] [stdout] 14 | pub mod fixed_key;
[INFO] [stdout]    | ^^^^^^^^^^^^^^^^^^
[INFO] [stdout]    |
[INFO] [stdout]    = help: to create the module `fixed_key`, create file "src/config/fixed_key.rs" or "src/config/fixed_key/mod.rs"
[INFO] [stdout] 
[INFO] [stdout] 
[INFO] [stdout] error[E0583]: file not found for module `fixed_key`
[INFO] [stdout]   --> src/config.rs:14:1
[INFO] [stdout]    |
[INFO] [stdout] 14 | pub mod fixed_key;
[INFO] [stdout]    | ^^^^^^^^^^^^^^^^^^
[INFO] [stdout]    |
[INFO] [stdout]    = help: to create the module `fixed_key`, create file "src/config/fixed_key.rs" or "src/config/fixed_key/mod.rs"
[INFO] [stdout] 
[INFO] [stdout] 
[INFO] [stdout] error[E0425]: cannot find function `fixed_key` in module `fixed_key`
[INFO] [stdout]   --> src/config.rs:63:34
[INFO] [stdout]    |
[INFO] [stdout] 63 |         key.push_str(&fixed_key::fixed_key());
[INFO] [stdout]    |                                  ^^^^^^^^^ not found in `fixed_key`
[INFO] [stdout] 
[INFO] [stdout] 
[INFO] [stdout] error[E0425]: cannot find function `fixed_key` in module `fixed_key`
[INFO] [stdout]    --> src/config.rs:146:27
[INFO] [stdout]     |
[INFO] [stdout] 146 |     assert_ne!(fixed_key::fixed_key(), "a very long unique key"); // just make sure we are still usin the sample key.
[INFO] [stdout]     |                           ^^^^^^^^^ not found in `fixed_key`
[INFO] [stdout] 
[INFO] [stdout] 
[INFO] [stdout] error[E0425]: cannot find function `fixed_key` in module `fixed_key`
[INFO] [stdout]   --> src/config.rs:63:34
[INFO] [stdout]    |
[INFO] [stdout] 63 |         key.push_str(&fixed_key::fixed_key());
[INFO] [stdout]    |                                  ^^^^^^^^^ not found in `fixed_key`
[INFO] [stdout] 
[INFO] [stdout] 
[INFO] [stdout] error[E0425]: cannot find function `fixed_key` in module `fixed_key`
[INFO] [stdout]    --> src/config.rs:146:27
[INFO] [stdout]     |
[INFO] [stdout] 146 |     assert_ne!(fixed_key::fixed_key(), "a very long unique key"); // just make sure we are still usin the sample key.
[INFO] [stdout]     |                           ^^^^^^^^^ not found in `fixed_key`
[INFO] [stdout] 
[INFO] [stdout] 
[INFO] [stdout] error: aborting due to 3 previous errors
[INFO] [stdout] 
[INFO] [stdout] 
[INFO] [stdout] Some errors have detailed explanations: E0425, E0583.
[INFO] [stdout] 
[INFO] [stdout] For more information about an error, try `rustc --explain E0425`.
[INFO] [stdout] 
[INFO] [stdout] error: aborting due to 3 previous errors
[INFO] [stdout] 
[INFO] [stdout] 
[INFO] [stdout] Some errors have detailed explanations: E0425, E0583.
[INFO] [stdout] 
[INFO] [stdout] For more information about an error, try `rustc --explain E0425`.
[INFO] [stdout] 
[INFO] [stderr] error: could not compile `cli-mysql` due to 4 previous errors
[INFO] [stderr] warning: build failed, waiting for other jobs to finish...
[INFO] [stderr] error: build failed
[INFO] running `Command { std: "docker" "inspect" "be80911fd9883f516d9651714a637f579a19d07572a41510c90df36de7623d4b", kill_on_drop: false }`
[INFO] running `Command { std: "docker" "rm" "-f" "be80911fd9883f516d9651714a637f579a19d07572a41510c90df36de7623d4b", kill_on_drop: false }`
[INFO] [stdout] be80911fd9883f516d9651714a637f579a19d07572a41510c90df36de7623d4b
