[INFO] cloning repository https://github.com/merrickluo/learning-rust-tetris
[INFO] running `Command { std: "git" "-c" "credential.helper=" "-c" "credential.helper=/workspace/cargo-home/bin/git-credential-null" "clone" "--bare" "https://github.com/merrickluo/learning-rust-tetris" "/workspace/cache/git-repos/https%3A%2F%2Fgithub.com%2Fmerrickluo%2Flearning-rust-tetris", kill_on_drop: false }`
[INFO] [stderr] Cloning into bare repository '/workspace/cache/git-repos/https%3A%2F%2Fgithub.com%2Fmerrickluo%2Flearning-rust-tetris'...
[INFO] running `Command { std: "git" "rev-parse" "HEAD", kill_on_drop: false }`
[INFO] [stdout] ffc7d01c097562db0be59009ac8f2ab7fa30810f
[INFO] checking merrickluo/learning-rust-tetris against beta-2021-10-15 for beta-1.56-3
[INFO] running `Command { std: "git" "clone" "/workspace/cache/git-repos/https%3A%2F%2Fgithub.com%2Fmerrickluo%2Flearning-rust-tetris" "/workspace/builds/worker-39/source", kill_on_drop: false }`
[INFO] [stderr] Cloning into '/workspace/builds/worker-39/source'...
[INFO] [stderr] done.
[INFO] validating manifest of git repo https://github.com/merrickluo/learning-rust-tetris on toolchain beta-2021-10-15
[INFO] running `Command { std: "/workspace/cargo-home/bin/cargo" "+beta-2021-10-15" "metadata" "--manifest-path" "Cargo.toml" "--no-deps", kill_on_drop: false }`
[INFO] started tweaking git repo https://github.com/merrickluo/learning-rust-tetris
[INFO] finished tweaking git repo https://github.com/merrickluo/learning-rust-tetris
[INFO] tweaked toml for git repo https://github.com/merrickluo/learning-rust-tetris written to /workspace/builds/worker-39/source/Cargo.toml
[INFO] crate git repo https://github.com/merrickluo/learning-rust-tetris already has a lockfile, it will not be regenerated
[INFO] running `Command { std: "/workspace/cargo-home/bin/cargo" "+beta-2021-10-15" "fetch" "--manifest-path" "Cargo.toml", kill_on_drop: false }`
[INFO] [stderr]     Blocking waiting for file lock on package cache
[INFO] [stderr]     Blocking waiting for file lock on package cache
[INFO] [stderr]  Downloading crates ...
[INFO] [stderr]   Downloaded piston-shaders_graphics2d v0.1.0
[INFO] [stderr]   Downloaded num_cpus v0.2.13
[INFO] [stderr]   Downloaded gif v0.9.0
[INFO] [stderr]   Downloaded jpeg-decoder v0.1.6
[INFO] [stderr]   Downloaded image v0.10.3
[INFO] [stderr]   Downloaded linked-hash-map v0.0.10
[INFO] [stderr]   Downloaded piston-texture v0.5.0
[INFO] [stderr]   Downloaded stb_truetype v0.2.0
[INFO] [stderr]   Downloaded fnv v1.0.4
[INFO] [stderr]   Downloaded rusttype v0.2.1
[INFO] [stderr]   Downloaded osmesa-sys v0.1.1
[INFO] [stderr]   Downloaded piston2d-graphics v0.17.0
[INFO] [stderr]   Downloaded pistoncore-event_loop v0.25.0
[INFO] [stderr]   Downloaded pistoncore-window v0.22.0
[INFO] [stderr]   Downloaded arrayvec v0.3.17
[INFO] [stderr]   Downloaded pistoncore-input v0.14.0
[INFO] [stderr]   Downloaded odds v0.2.16
[INFO] [stderr]   Downloaded timer v0.1.6
[INFO] [stderr]   Downloaded nodrop v0.1.8
[INFO] [stderr]   Downloaded serde v0.8.8
[INFO] [stderr]   Downloaded rayon v0.4.2
[INFO] [stderr]   Downloaded pistoncore-glutin_window v0.30.0
[INFO] [stderr]   Downloaded png v0.5.2
[INFO] [stderr]   Downloaded piston v0.25.0
[INFO] [stderr]   Downloaded piston2d-opengl_graphics v0.33.0
[INFO] running `Command { std: "docker" "create" "-v" "/var/lib/crater-agent-workspace/builds/worker-39/target:/opt/rustwide/target:rw,Z" "-v" "/var/lib/crater-agent-workspace/builds/worker-39/source:/opt/rustwide/workdir:ro,Z" "-v" "/var/lib/crater-agent-workspace/cargo-home:/opt/rustwide/cargo-home:ro,Z" "-v" "/var/lib/crater-agent-workspace/rustup-home:/opt/rustwide/rustup-home:ro,Z" "-e" "SOURCE_DIR=/opt/rustwide/workdir" "-e" "CARGO_TARGET_DIR=/opt/rustwide/target" "-e" "CARGO_HOME=/opt/rustwide/cargo-home" "-e" "RUSTUP_HOME=/opt/rustwide/rustup-home" "-w" "/opt/rustwide/workdir" "-m" "1610612736" "--user" "0:0" "--network" "none" "ghcr.io/rust-lang/crates-build-env/linux@sha256:a89201d6b5b9fd45c15d5952ece0a0129e7e80cb26ec023fd59cf09bc26f1604" "/opt/rustwide/cargo-home/bin/cargo" "+beta-2021-10-15" "metadata" "--no-deps" "--format-version=1", kill_on_drop: false }`
[INFO] [stdout] db8fcda873e74c9c9d92b856e23062d3d49b4c48694d72403c24195c8612b5f8
[INFO] running `Command { std: "docker" "start" "-a" "db8fcda873e74c9c9d92b856e23062d3d49b4c48694d72403c24195c8612b5f8", kill_on_drop: false }`
[INFO] running `Command { std: "docker" "inspect" "db8fcda873e74c9c9d92b856e23062d3d49b4c48694d72403c24195c8612b5f8", kill_on_drop: false }`
[INFO] running `Command { std: "docker" "rm" "-f" "db8fcda873e74c9c9d92b856e23062d3d49b4c48694d72403c24195c8612b5f8", kill_on_drop: false }`
[INFO] [stdout] db8fcda873e74c9c9d92b856e23062d3d49b4c48694d72403c24195c8612b5f8
[INFO] running `Command { std: "docker" "create" "-v" "/var/lib/crater-agent-workspace/builds/worker-39/target:/opt/rustwide/target:rw,Z" "-v" "/var/lib/crater-agent-workspace/builds/worker-39/source:/opt/rustwide/workdir:ro,Z" "-v" "/var/lib/crater-agent-workspace/cargo-home:/opt/rustwide/cargo-home:ro,Z" "-v" "/var/lib/crater-agent-workspace/rustup-home:/opt/rustwide/rustup-home:ro,Z" "-e" "SOURCE_DIR=/opt/rustwide/workdir" "-e" "CARGO_TARGET_DIR=/opt/rustwide/target" "-e" "CARGO_INCREMENTAL=0" "-e" "RUST_BACKTRACE=full" "-e" "RUSTFLAGS=--cap-lints=warn" "-e" "CARGO_HOME=/opt/rustwide/cargo-home" "-e" "RUSTUP_HOME=/opt/rustwide/rustup-home" "-w" "/opt/rustwide/workdir" "-m" "1610612736" "--user" "0:0" "--network" "none" "ghcr.io/rust-lang/crates-build-env/linux@sha256:a89201d6b5b9fd45c15d5952ece0a0129e7e80cb26ec023fd59cf09bc26f1604" "/opt/rustwide/cargo-home/bin/cargo" "+beta-2021-10-15" "check" "--frozen" "--all" "--all-targets" "--message-format=json", kill_on_drop: false }`
[INFO] [stdout] 0a53075ac3fd2dab23ac09439ca51b5fcb553526d4bad17c2b12d4f2dc80cea5
[INFO] running `Command { std: "docker" "start" "-a" "0a53075ac3fd2dab23ac09439ca51b5fcb553526d4bad17c2b12d4f2dc80cea5", kill_on_drop: false }`
[INFO] [stderr]    Compiling bitflags v0.6.0
[INFO] [stderr]     Checking rustc-serialize v0.3.19
[INFO] [stderr]     Checking piston-float v0.2.0
[INFO] [stderr]     Checking shader_version v0.2.1
[INFO] [stderr]     Checking odds v0.2.16
[INFO] [stderr]     Checking byteorder v0.4.2
[INFO] [stderr]     Checking read_color v0.1.0
[INFO] [stderr]     Checking piston-texture v0.5.0
[INFO] [stderr]     Checking linked-hash-map v0.0.10
[INFO] [stderr]     Checking interpolation v0.1.0
[INFO] [stderr]     Checking fnv v1.0.4
[INFO] [stderr]     Checking piston-shaders_graphics2d v0.1.0
[INFO] [stderr]    Compiling serde_json v0.8.2
[INFO] [stderr]     Checking num-integer v0.1.32
[INFO] [stderr]    Compiling rustc_version v0.1.7
[INFO] [stderr]    Compiling miniz-sys v0.1.7
[INFO] [stderr]    Compiling x11-dl v2.8.0
[INFO] [stderr]     Checking deque v0.3.1
[INFO] [stderr]    Compiling kernel32-sys v0.2.2
[INFO] [stderr]     Checking osmesa-sys v0.1.1
[INFO] [stderr]    Compiling xml-rs v0.3.4
[INFO] [stderr]     Checking piston-viewport v0.2.0
[INFO] [stderr]     Checking vecmath v0.2.0
[INFO] [stderr]     Checking time v0.1.35
[INFO] [stderr]     Checking fs2 v0.2.5
[INFO] [stdout] error[E0642]: patterns aren't allowed in functions without bodies
[INFO] [stdout]    --> /opt/rustwide/cargo-home/registry/src/github.com-1ecc6299db9ec823/rustc-serialize-0.3.19/src/serialize.rs:147:45
[INFO] [stdout]     |
[INFO] [stdout] 147 | ...                   &f_name: &str,
[INFO] [stdout]     |                       ^^^^^^^ pattern not allowed in function without body
[INFO] [stdout] 
[INFO] [stdout] 
[INFO] [stderr]     Checking stb_truetype v0.2.0
[INFO] [stderr]     Checking num-iter v0.1.32
[INFO] [stderr]     Checking rayon v0.4.2
[INFO] [stderr]     Checking nodrop v0.1.8
[INFO] [stderr]     Checking memmap v0.2.3
[INFO] [stderr]    Compiling tempfile v2.1.4
[INFO] [stderr]     Checking num v0.1.35
[INFO] [stderr]     Checking arrayvec v0.3.17
[INFO] [stderr]     Checking piston2d-graphics v0.17.0
[INFO] [stderr]     Checking enum_primitive v0.1.0
[INFO] [stderr]     Checking chrono v0.2.25
[INFO] [stderr]     Checking rusttype v0.2.1
[INFO] [stderr]    Compiling target_build_utils v0.1.1
[INFO] [stderr]    Compiling gl_generator v0.5.2
[INFO] [stderr]    Compiling wayland-scanner v0.5.11
[INFO] [stderr]     Checking jpeg-decoder v0.1.6
[INFO] [stderr]     Checking flate2 v0.2.14
[INFO] [stdout] error: aborting due to previous error
[INFO] [stdout] 
[INFO] [stdout] 
[INFO] [stdout] For more information about this error, try `rustc --explain E0642`.
[INFO] [stdout] 
[INFO] [stderr] error: could not compile `rustc-serialize` due to 2 previous errors
[INFO] [stderr] warning: build failed, waiting for other jobs to finish...
[INFO] [stdout] error[E0311]: the parameter type `K` may not live long enough
[INFO] [stdout]   --> /opt/rustwide/cargo-home/registry/src/github.com-1ecc6299db9ec823/rusttype-0.2.1/src/support/bst/map.rs:81:19
[INFO] [stdout]    |
[INFO] [stdout] 81 |             match node.force() {
[INFO] [stdout]    |                   ^^^^
[INFO] [stdout]    |
[INFO] [stdout] note: the parameter type `K` must be valid for the anonymous lifetime defined on the function body at 78:37...
[INFO] [stdout]   --> /opt/rustwide/cargo-home/registry/src/github.com-1ecc6299db9ec823/rusttype-0.2.1/src/support/bst/map.rs:78:37
[INFO] [stdout]    |
[INFO] [stdout] 78 |                 node: node::NodeRef<marker::Immut, K, V, marker::LeafOrInternal>)
[INFO] [stdout]    |                                     ^^^^^^^^^^^^^
[INFO] [stdout] 
[INFO] [stdout] 
[INFO] [stdout] error[E0311]: the parameter type `V` may not live long enough
[INFO] [stdout]   --> /opt/rustwide/cargo-home/registry/src/github.com-1ecc6299db9ec823/rusttype-0.2.1/src/support/bst/map.rs:81:19
[INFO] [stdout]    |
[INFO] [stdout] 81 |             match node.force() {
[INFO] [stdout]    |                   ^^^^
[INFO] [stdout]    |
[INFO] [stdout] note: the parameter type `V` must be valid for the anonymous lifetime defined on the function body at 78:37...
[INFO] [stdout]   --> /opt/rustwide/cargo-home/registry/src/github.com-1ecc6299db9ec823/rusttype-0.2.1/src/support/bst/map.rs:78:37
[INFO] [stdout]    |
[INFO] [stdout] 78 |                 node: node::NodeRef<marker::Immut, K, V, marker::LeafOrInternal>)
[INFO] [stdout]    |                                     ^^^^^^^^^^^^^
[INFO] [stdout] 
[INFO] [stdout] 
[INFO] [stdout] error: aborting due to 2 previous errors
[INFO] [stdout] 
[INFO] [stdout] 
[INFO] [stderr] error: build failed
[INFO] running `Command { std: "docker" "inspect" "0a53075ac3fd2dab23ac09439ca51b5fcb553526d4bad17c2b12d4f2dc80cea5", kill_on_drop: false }`
[INFO] running `Command { std: "docker" "rm" "-f" "0a53075ac3fd2dab23ac09439ca51b5fcb553526d4bad17c2b12d4f2dc80cea5", kill_on_drop: false }`
[INFO] [stdout] 0a53075ac3fd2dab23ac09439ca51b5fcb553526d4bad17c2b12d4f2dc80cea5
