[INFO] cloning repository https://github.com/meganomic/megamonic
[INFO] running `Command { std: "git" "-c" "credential.helper=" "-c" "credential.helper=/workspace/cargo-home/bin/git-credential-null" "clone" "--bare" "https://github.com/meganomic/megamonic" "/workspace/cache/git-repos/https%3A%2F%2Fgithub.com%2Fmeganomic%2Fmegamonic", kill_on_drop: false }`
[INFO] [stderr] Cloning into bare repository '/workspace/cache/git-repos/https%3A%2F%2Fgithub.com%2Fmeganomic%2Fmegamonic'...
[INFO] running `Command { std: "git" "rev-parse" "HEAD", kill_on_drop: false }`
[INFO] [stdout] 51e9f991558ef538e7b66ebc33f0859daea9c358
[INFO] checking meganomic/megamonic against beta-2021-10-15 for beta-1.56-3
[INFO] running `Command { std: "git" "clone" "/workspace/cache/git-repos/https%3A%2F%2Fgithub.com%2Fmeganomic%2Fmegamonic" "/workspace/builds/worker-85/source", kill_on_drop: false }`
[INFO] [stderr] Cloning into '/workspace/builds/worker-85/source'...
[INFO] [stderr] done.
[INFO] validating manifest of git repo https://github.com/meganomic/megamonic on toolchain beta-2021-10-15
[INFO] running `Command { std: "/workspace/cargo-home/bin/cargo" "+beta-2021-10-15" "metadata" "--manifest-path" "Cargo.toml" "--no-deps", kill_on_drop: false }`
[INFO] started tweaking git repo https://github.com/meganomic/megamonic
[INFO] finished tweaking git repo https://github.com/meganomic/megamonic
[INFO] tweaked toml for git repo https://github.com/meganomic/megamonic written to /workspace/builds/worker-85/source/Cargo.toml
[INFO] running `Command { std: "/workspace/cargo-home/bin/cargo" "+beta-2021-10-15" "generate-lockfile" "--manifest-path" "Cargo.toml" "-Zno-index-update", kill_on_drop: false }`
[INFO] [stderr]     Blocking waiting for file lock on package cache
[INFO] running `Command { std: "/workspace/cargo-home/bin/cargo" "+beta-2021-10-15" "fetch" "--manifest-path" "Cargo.toml", kill_on_drop: false }`
[INFO] [stderr]     Blocking waiting for file lock on package cache
[INFO] [stderr]     Blocking waiting for file lock on package cache
[INFO] running `Command { std: "docker" "create" "-v" "/var/lib/crater-agent-workspace/builds/worker-85/target:/opt/rustwide/target:rw,Z" "-v" "/var/lib/crater-agent-workspace/builds/worker-85/source:/opt/rustwide/workdir:ro,Z" "-v" "/var/lib/crater-agent-workspace/cargo-home:/opt/rustwide/cargo-home:ro,Z" "-v" "/var/lib/crater-agent-workspace/rustup-home:/opt/rustwide/rustup-home:ro,Z" "-e" "SOURCE_DIR=/opt/rustwide/workdir" "-e" "CARGO_TARGET_DIR=/opt/rustwide/target" "-e" "CARGO_HOME=/opt/rustwide/cargo-home" "-e" "RUSTUP_HOME=/opt/rustwide/rustup-home" "-w" "/opt/rustwide/workdir" "-m" "1610612736" "--user" "0:0" "--network" "none" "ghcr.io/rust-lang/crates-build-env/linux@sha256:a89201d6b5b9fd45c15d5952ece0a0129e7e80cb26ec023fd59cf09bc26f1604" "/opt/rustwide/cargo-home/bin/cargo" "+beta-2021-10-15" "metadata" "--no-deps" "--format-version=1", kill_on_drop: false }`
[INFO] [stdout] 3b03c36afd9fb7bf384f5e3a902fb17820c888c59de330f6c81c9bc7c8dc9bba
[INFO] running `Command { std: "docker" "start" "-a" "3b03c36afd9fb7bf384f5e3a902fb17820c888c59de330f6c81c9bc7c8dc9bba", kill_on_drop: false }`
[INFO] running `Command { std: "docker" "inspect" "3b03c36afd9fb7bf384f5e3a902fb17820c888c59de330f6c81c9bc7c8dc9bba", kill_on_drop: false }`
[INFO] running `Command { std: "docker" "rm" "-f" "3b03c36afd9fb7bf384f5e3a902fb17820c888c59de330f6c81c9bc7c8dc9bba", kill_on_drop: false }`
[INFO] [stdout] 3b03c36afd9fb7bf384f5e3a902fb17820c888c59de330f6c81c9bc7c8dc9bba
[INFO] running `Command { std: "docker" "create" "-v" "/var/lib/crater-agent-workspace/builds/worker-85/target:/opt/rustwide/target:rw,Z" "-v" "/var/lib/crater-agent-workspace/builds/worker-85/source:/opt/rustwide/workdir:ro,Z" "-v" "/var/lib/crater-agent-workspace/cargo-home:/opt/rustwide/cargo-home:ro,Z" "-v" "/var/lib/crater-agent-workspace/rustup-home:/opt/rustwide/rustup-home:ro,Z" "-e" "SOURCE_DIR=/opt/rustwide/workdir" "-e" "CARGO_TARGET_DIR=/opt/rustwide/target" "-e" "CARGO_INCREMENTAL=0" "-e" "RUST_BACKTRACE=full" "-e" "RUSTFLAGS=--cap-lints=warn" "-e" "CARGO_HOME=/opt/rustwide/cargo-home" "-e" "RUSTUP_HOME=/opt/rustwide/rustup-home" "-w" "/opt/rustwide/workdir" "-m" "1610612736" "--user" "0:0" "--network" "none" "ghcr.io/rust-lang/crates-build-env/linux@sha256:a89201d6b5b9fd45c15d5952ece0a0129e7e80cb26ec023fd59cf09bc26f1604" "/opt/rustwide/cargo-home/bin/cargo" "+beta-2021-10-15" "check" "--frozen" "--all" "--all-targets" "--message-format=json", kill_on_drop: false }`
[INFO] [stdout] 63a7278cb6c8e732fc56e98d92f66be9815e1256834e0c94bab03b22a05ca916
[INFO] running `Command { std: "docker" "start" "-a" "63a7278cb6c8e732fc56e98d92f66be9815e1256834e0c94bab03b22a05ca916", kill_on_drop: false }`
[INFO] [stderr]     Blocking waiting for file lock on package cache
[INFO] [stderr]    Compiling syn v1.0.80
[INFO] [stderr]    Compiling libc v0.2.104
[INFO] [stderr]    Compiling ident_case v1.0.1
[INFO] [stderr]    Compiling strsim v0.9.3
[INFO] [stderr]     Checking cfg-if v1.0.0
[INFO] [stderr]    Compiling libsensors-sys v0.2.0
[INFO] [stderr]     Checking unicode-width v0.1.9
[INFO] [stderr]     Checking bitflags v1.3.2
[INFO] [stderr]     Checking vec_map v0.8.2
[INFO] [stderr]     Checking static_assertions v1.1.0
[INFO] [stderr]     Checking strsim v0.8.0
[INFO] [stderr]     Checking once_cell v1.8.0
[INFO] [stderr]     Checking ansi_term v0.11.0
[INFO] [stderr]    Compiling megamonic v0.1.0 (/opt/rustwide/workdir)
[INFO] [stderr]    Compiling proc-macro2 v1.0.30
[INFO] [stderr]    Compiling num-traits v0.2.14
[INFO] [stderr]    Compiling ahash v0.7.6
[INFO] [stderr]    Compiling anyhow v1.0.44
[INFO] [stderr]     Checking libloading v0.6.7
[INFO] [stderr]     Checking textwrap v0.11.0
[INFO] [stderr]     Checking nvml-wrapper-sys v0.5.0
[INFO] [stderr]    Compiling quote v1.0.10
[INFO] [stderr]     Checking atty v0.2.14
[INFO] [stderr]     Checking getrandom v0.2.3
[INFO] [stderr]     Checking libc-strftime v0.2.0
[INFO] [stderr]     Checking sensors v0.2.1
[INFO] [stderr]     Checking clap v2.33.3
[INFO] [stderr]     Checking btoi v0.4.2
[INFO] [stderr]    Compiling darling_core v0.10.2
[INFO] [stderr]    Compiling thiserror-impl v1.0.30
[INFO] [stderr]    Compiling darling_macro v0.10.2
[INFO] [stderr]     Checking thiserror v1.0.30
[INFO] [stderr]    Compiling darling v0.10.2
[INFO] [stderr]    Compiling wrapcenum-derive v0.4.0
[INFO] [stderr]     Checking nvml-wrapper v0.7.0
[INFO] [stdout] error[E0554]: `#![feature]` may not be used on the beta release channel
[INFO] [stdout]  --> src/main.rs:1:1
[INFO] [stdout]   |
[INFO] [stdout] 1 | #![feature(asm)]
[INFO] [stdout]   | ^^^^^^^^^^^^^^^^
[INFO] [stdout] 
[INFO] [stdout] 
[INFO] [stdout] error[E0554]: `#![feature]` may not be used on the beta release channel
[INFO] [stdout]  --> src/main.rs:2:1
[INFO] [stdout]   |
[INFO] [stdout] 2 | #![feature(backtrace)]
[INFO] [stdout]   | ^^^^^^^^^^^^^^^^^^^^^^
[INFO] [stdout] 
[INFO] [stdout] 
[INFO] [stdout] error[E0554]: `#![feature]` may not be used on the beta release channel
[INFO] [stdout]  --> src/main.rs:1:1
[INFO] [stdout]   |
[INFO] [stdout] 1 | #![feature(asm)]
[INFO] [stdout]   | ^^^^^^^^^^^^^^^^
[INFO] [stdout] 
[INFO] [stdout] 
[INFO] [stdout] error[E0554]: `#![feature]` may not be used on the beta release channel
[INFO] [stdout]  --> src/main.rs:2:1
[INFO] [stdout]   |
[INFO] [stdout] 2 | #![feature(backtrace)]
[INFO] [stdout]   | ^^^^^^^^^^^^^^^^^^^^^^
[INFO] [stdout] 
[INFO] [stdout] 
[INFO] [stdout] error[E0658]: use of unstable library feature 'iter_intersperse': recently added
[INFO] [stdout]    --> src/system/processes.rs:207:61
[INFO] [stdout]     |
[INFO] [stdout] 207 | ...                   let cmdline: String = split.intersperse(" ").collect();
[INFO] [stdout]     |                                                   ^^^^^^^^^^^
[INFO] [stdout]     |
[INFO] [stdout]     = note: see issue #79524 <https://github.com/rust-lang/rust/issues/79524> for more information
[INFO] [stdout] 
[INFO] [stdout] 
[INFO] [stdout] error[E0658]: use of unstable library feature 'iter_intersperse': recently added
[INFO] [stdout]    --> src/system/processes.rs:207:61
[INFO] [stdout]     |
[INFO] [stdout] 207 | ...                   let cmdline: String = split.intersperse(" ").collect();
[INFO] [stdout]     |                                                   ^^^^^^^^^^^
[INFO] [stdout]     |
[INFO] [stdout]     = note: see issue #79524 <https://github.com/rust-lang/rust/issues/79524> for more information
[INFO] [stdout] 
[INFO] [stdout] 
[INFO] [stdout] error: aborting due to 3 previous errors
[INFO] [stdout] 
[INFO] [stdout] 
[INFO] [stdout] Some errors have detailed explanations: E0554, E0658.
[INFO] [stdout] 
[INFO] [stdout] For more information about an error, try `rustc --explain E0554`.
[INFO] [stdout] 
[INFO] [stdout] error: aborting due to 3 previous errors
[INFO] [stdout] 
[INFO] [stdout] 
[INFO] [stdout] Some errors have detailed explanations: E0554, E0658.
[INFO] [stdout] 
[INFO] [stdout] For more information about an error, try `rustc --explain E0554`.
[INFO] [stdout] 
[INFO] [stderr] error: could not compile `megamonic` due to 4 previous errors
[INFO] [stderr] warning: build failed, waiting for other jobs to finish...
[INFO] [stderr] error: build failed
[INFO] running `Command { std: "docker" "inspect" "63a7278cb6c8e732fc56e98d92f66be9815e1256834e0c94bab03b22a05ca916", kill_on_drop: false }`
[INFO] running `Command { std: "docker" "rm" "-f" "63a7278cb6c8e732fc56e98d92f66be9815e1256834e0c94bab03b22a05ca916", kill_on_drop: false }`
[INFO] [stdout] 63a7278cb6c8e732fc56e98d92f66be9815e1256834e0c94bab03b22a05ca916
