[INFO] cloning repository https://github.com/mcilloni/greenpass
[INFO] running `Command { std: "git" "-c" "credential.helper=" "-c" "credential.helper=/workspace/cargo-home/bin/git-credential-null" "clone" "--bare" "https://github.com/mcilloni/greenpass" "/workspace/cache/git-repos/https%3A%2F%2Fgithub.com%2Fmcilloni%2Fgreenpass", kill_on_drop: false }`
[INFO] [stderr] Cloning into bare repository '/workspace/cache/git-repos/https%3A%2F%2Fgithub.com%2Fmcilloni%2Fgreenpass'...
[INFO] running `Command { std: "git" "rev-parse" "HEAD", kill_on_drop: false }`
[INFO] [stdout] abe5a0e5fbd4b17e9ea868fee43249f0ef3b030d
[INFO] checking mcilloni/greenpass against 1.55.0 for beta-1.56-3
[INFO] running `Command { std: "git" "clone" "/workspace/cache/git-repos/https%3A%2F%2Fgithub.com%2Fmcilloni%2Fgreenpass" "/workspace/builds/worker-71/source", kill_on_drop: false }`
[INFO] [stderr] Cloning into '/workspace/builds/worker-71/source'...
[INFO] [stderr] done.
[INFO] validating manifest of git repo https://github.com/mcilloni/greenpass on toolchain 1.55.0
[INFO] running `Command { std: "/workspace/cargo-home/bin/cargo" "+1.55.0" "metadata" "--manifest-path" "Cargo.toml" "--no-deps", kill_on_drop: false }`
[INFO] started tweaking git repo https://github.com/mcilloni/greenpass
[INFO] finished tweaking git repo https://github.com/mcilloni/greenpass
[INFO] tweaked toml for git repo https://github.com/mcilloni/greenpass written to /workspace/builds/worker-71/source/Cargo.toml
[INFO] crate git repo https://github.com/mcilloni/greenpass already has a lockfile, it will not be regenerated
[INFO] running `Command { std: "/workspace/cargo-home/bin/cargo" "+1.55.0" "fetch" "--manifest-path" "Cargo.toml", kill_on_drop: false }`
[INFO] [stderr] warning: unused manifest key: package.author
[INFO] [stderr]     Blocking waiting for file lock on package cache
[INFO] [stderr]     Blocking waiting for file lock on package cache
[INFO] [stderr]  Downloading crates ...
[INFO] [stderr]   Downloaded base45 v3.0.0
[INFO] running `Command { std: "docker" "create" "-v" "/var/lib/crater-agent-workspace/builds/worker-71/target:/opt/rustwide/target:rw,Z" "-v" "/var/lib/crater-agent-workspace/builds/worker-71/source:/opt/rustwide/workdir:ro,Z" "-v" "/var/lib/crater-agent-workspace/cargo-home:/opt/rustwide/cargo-home:ro,Z" "-v" "/var/lib/crater-agent-workspace/rustup-home:/opt/rustwide/rustup-home:ro,Z" "-e" "SOURCE_DIR=/opt/rustwide/workdir" "-e" "CARGO_TARGET_DIR=/opt/rustwide/target" "-e" "CARGO_HOME=/opt/rustwide/cargo-home" "-e" "RUSTUP_HOME=/opt/rustwide/rustup-home" "-w" "/opt/rustwide/workdir" "-m" "1610612736" "--user" "0:0" "--network" "none" "ghcr.io/rust-lang/crates-build-env/linux@sha256:a89201d6b5b9fd45c15d5952ece0a0129e7e80cb26ec023fd59cf09bc26f1604" "/opt/rustwide/cargo-home/bin/cargo" "+1.55.0" "metadata" "--no-deps" "--format-version=1", kill_on_drop: false }`
[INFO] [stdout] 68de5bd98fff4fb748b6944b46db5ad04edc6f3ddb73254de21a3a8c95f780fa
[INFO] running `Command { std: "docker" "start" "-a" "68de5bd98fff4fb748b6944b46db5ad04edc6f3ddb73254de21a3a8c95f780fa", kill_on_drop: false }`
[INFO] running `Command { std: "docker" "inspect" "68de5bd98fff4fb748b6944b46db5ad04edc6f3ddb73254de21a3a8c95f780fa", kill_on_drop: false }`
[INFO] running `Command { std: "docker" "rm" "-f" "68de5bd98fff4fb748b6944b46db5ad04edc6f3ddb73254de21a3a8c95f780fa", kill_on_drop: false }`
[INFO] [stdout] 68de5bd98fff4fb748b6944b46db5ad04edc6f3ddb73254de21a3a8c95f780fa
[INFO] running `Command { std: "docker" "create" "-v" "/var/lib/crater-agent-workspace/builds/worker-71/target:/opt/rustwide/target:rw,Z" "-v" "/var/lib/crater-agent-workspace/builds/worker-71/source:/opt/rustwide/workdir:ro,Z" "-v" "/var/lib/crater-agent-workspace/cargo-home:/opt/rustwide/cargo-home:ro,Z" "-v" "/var/lib/crater-agent-workspace/rustup-home:/opt/rustwide/rustup-home:ro,Z" "-e" "SOURCE_DIR=/opt/rustwide/workdir" "-e" "CARGO_TARGET_DIR=/opt/rustwide/target" "-e" "CARGO_INCREMENTAL=0" "-e" "RUST_BACKTRACE=full" "-e" "RUSTFLAGS=--cap-lints=warn" "-e" "CARGO_HOME=/opt/rustwide/cargo-home" "-e" "RUSTUP_HOME=/opt/rustwide/rustup-home" "-w" "/opt/rustwide/workdir" "-m" "1610612736" "--user" "0:0" "--network" "none" "ghcr.io/rust-lang/crates-build-env/linux@sha256:a89201d6b5b9fd45c15d5952ece0a0129e7e80cb26ec023fd59cf09bc26f1604" "/opt/rustwide/cargo-home/bin/cargo" "+1.55.0" "check" "--frozen" "--all" "--all-targets" "--message-format=json", kill_on_drop: false }`
[INFO] [stdout] d0c5e0002a34d19ecbd357909726ac631195a31e8be8acde5d15604a87862292
[INFO] running `Command { std: "docker" "start" "-a" "d0c5e0002a34d19ecbd357909726ac631195a31e8be8acde5d15604a87862292", kill_on_drop: false }`
[INFO] [stderr] warning: unused manifest key: package.author
[INFO] [stderr]     Blocking waiting for file lock on package cache
[INFO] [stderr]    Compiling proc-macro2 v1.0.28
[INFO] [stderr]    Compiling unicode-xid v0.2.2
[INFO] [stderr]    Compiling syn v1.0.74
[INFO] [stderr]    Compiling version_check v0.9.3
[INFO] [stderr]    Compiling libc v0.2.99
[INFO] [stderr]    Compiling unicode-segmentation v1.8.0
[INFO] [stderr]    Compiling serde v1.0.127
[INFO] [stderr]     Checking hashbrown v0.11.2
[INFO] [stderr]    Compiling anyhow v1.0.43
[INFO] [stderr]    Compiling serde_derive v1.0.127
[INFO] [stderr]     Checking adler v1.0.2
[INFO] [stderr]     Checking half v1.7.1
[INFO] [stderr]     Checking os_str_bytes v3.1.0
[INFO] [stderr]     Checking strsim v0.10.0
[INFO] [stderr]     Checking termcolor v1.1.2
[INFO] [stderr]     Checking bitflags v1.3.2
[INFO] [stderr]     Checking base45 v3.0.0
[INFO] [stderr]     Checking hex v0.4.3
[INFO] [stderr]    Compiling num-traits v0.2.14
[INFO] [stderr]    Compiling indexmap v1.7.0
[INFO] [stderr]    Compiling miniz_oxide v0.4.4
[INFO] [stderr]    Compiling num-integer v0.1.44
[INFO] [stderr]     Checking textwrap v0.14.2
[INFO] [stderr]    Compiling heck v0.3.3
[INFO] [stderr]    Compiling proc-macro-error-attr v1.0.4
[INFO] [stderr]    Compiling proc-macro-error v1.0.4
[INFO] [stderr]    Compiling quote v1.0.9
[INFO] [stderr]     Checking time v0.1.44
[INFO] [stderr]     Checking atty v0.2.14
[INFO] [stderr]     Checking serde_cbor v0.11.2
[INFO] [stderr]     Checking flate2 v1.0.20
[INFO] [stderr]     Checking chrono v0.4.19
[INFO] [stderr]    Compiling clap_derive v3.0.0-beta.4
[INFO] [stderr]    Compiling thiserror-impl v1.0.26
[INFO] [stderr]     Checking thiserror v1.0.26
[INFO] [stderr]     Checking clap v3.0.0-beta.4
[INFO] [stderr]     Checking greenpass v0.1.0 (/opt/rustwide/workdir)
[INFO] [stdout] error[E0063]: missing field `signature` in initializer of `HealthCert`
[INFO] [stdout]   --> tests/validation.rs:13:18
[INFO] [stdout]    |
[INFO] [stdout] 13 |     let rec_hc = HealthCert {
[INFO] [stdout]    |                  ^^^^^^^^^^ missing `signature`
[INFO] [stdout] 
[INFO] [stdout] 
[INFO] [stdout] error[E0063]: missing field `signature` in initializer of `HealthCert`
[INFO] [stdout]   --> tests/validation.rs:41:18
[INFO] [stdout]    |
[INFO] [stdout] 41 |     let pcr_hc = HealthCert {
[INFO] [stdout]    |                  ^^^^^^^^^^ missing `signature`
[INFO] [stdout] 
[INFO] [stdout] 
[INFO] [stdout] error[E0063]: missing field `signature` in initializer of `HealthCert`
[INFO] [stdout]   --> tests/validation.rs:73:18
[INFO] [stdout]    |
[INFO] [stdout] 73 |     let rat_hc = HealthCert {
[INFO] [stdout]    |                  ^^^^^^^^^^ missing `signature`
[INFO] [stdout] 
[INFO] [stdout] 
[INFO] [stdout] error[E0063]: missing field `signature` in initializer of `HealthCert`
[INFO] [stdout]    --> tests/validation.rs:108:18
[INFO] [stdout]     |
[INFO] [stdout] 108 |     let vac_hc = HealthCert {
[INFO] [stdout]     |                  ^^^^^^^^^^ missing `signature`
[INFO] [stdout] 
[INFO] [stdout] 
[INFO] [stdout] error: aborting due to 4 previous errors
[INFO] [stdout] 
[INFO] [stdout] 
[INFO] [stdout] For more information about this error, try `rustc --explain E0063`.
[INFO] [stdout] 
[INFO] [stderr] error: could not compile `greenpass` due to 5 previous errors
[INFO] [stderr] warning: build failed, waiting for other jobs to finish...
[INFO] [stderr] error: build failed
[INFO] running `Command { std: "docker" "inspect" "d0c5e0002a34d19ecbd357909726ac631195a31e8be8acde5d15604a87862292", kill_on_drop: false }`
[INFO] running `Command { std: "docker" "rm" "-f" "d0c5e0002a34d19ecbd357909726ac631195a31e8be8acde5d15604a87862292", kill_on_drop: false }`
[INFO] [stdout] d0c5e0002a34d19ecbd357909726ac631195a31e8be8acde5d15604a87862292
