[INFO] cloning repository https://github.com/mcgoo/certstoretopem
[INFO] running `Command { std: "git" "-c" "credential.helper=" "-c" "credential.helper=/workspace/cargo-home/bin/git-credential-null" "clone" "--bare" "https://github.com/mcgoo/certstoretopem" "/workspace/cache/git-repos/https%3A%2F%2Fgithub.com%2Fmcgoo%2Fcertstoretopem", kill_on_drop: false }`
[INFO] [stderr] Cloning into bare repository '/workspace/cache/git-repos/https%3A%2F%2Fgithub.com%2Fmcgoo%2Fcertstoretopem'...
[INFO] running `Command { std: "git" "rev-parse" "HEAD", kill_on_drop: false }`
[INFO] [stdout] 21f3a8bf4dca15f0ea2b3e681d52c30e2817b4e2
[INFO] checking mcgoo/certstoretopem against beta-2021-10-15 for beta-1.56-3
[INFO] running `Command { std: "git" "clone" "/workspace/cache/git-repos/https%3A%2F%2Fgithub.com%2Fmcgoo%2Fcertstoretopem" "/workspace/builds/worker-40/source", kill_on_drop: false }`
[INFO] [stderr] Cloning into '/workspace/builds/worker-40/source'...
[INFO] [stderr] done.
[INFO] validating manifest of git repo https://github.com/mcgoo/certstoretopem on toolchain beta-2021-10-15
[INFO] running `Command { std: "/workspace/cargo-home/bin/cargo" "+beta-2021-10-15" "metadata" "--manifest-path" "Cargo.toml" "--no-deps", kill_on_drop: false }`
[INFO] started tweaking git repo https://github.com/mcgoo/certstoretopem
[INFO] finished tweaking git repo https://github.com/mcgoo/certstoretopem
[INFO] tweaked toml for git repo https://github.com/mcgoo/certstoretopem written to /workspace/builds/worker-40/source/Cargo.toml
[INFO] crate git repo https://github.com/mcgoo/certstoretopem already has a lockfile, it will not be regenerated
[INFO] running `Command { std: "/workspace/cargo-home/bin/cargo" "+beta-2021-10-15" "fetch" "--manifest-path" "Cargo.toml", kill_on_drop: false }`
[INFO] [stderr]     Blocking waiting for file lock on package cache
[INFO] [stderr]     Blocking waiting for file lock on package cache
[INFO] running `Command { std: "docker" "create" "-v" "/var/lib/crater-agent-workspace/builds/worker-40/target:/opt/rustwide/target:rw,Z" "-v" "/var/lib/crater-agent-workspace/builds/worker-40/source:/opt/rustwide/workdir:ro,Z" "-v" "/var/lib/crater-agent-workspace/cargo-home:/opt/rustwide/cargo-home:ro,Z" "-v" "/var/lib/crater-agent-workspace/rustup-home:/opt/rustwide/rustup-home:ro,Z" "-e" "SOURCE_DIR=/opt/rustwide/workdir" "-e" "CARGO_TARGET_DIR=/opt/rustwide/target" "-e" "CARGO_HOME=/opt/rustwide/cargo-home" "-e" "RUSTUP_HOME=/opt/rustwide/rustup-home" "-w" "/opt/rustwide/workdir" "-m" "1610612736" "--user" "0:0" "--network" "none" "ghcr.io/rust-lang/crates-build-env/linux@sha256:a89201d6b5b9fd45c15d5952ece0a0129e7e80cb26ec023fd59cf09bc26f1604" "/opt/rustwide/cargo-home/bin/cargo" "+beta-2021-10-15" "metadata" "--no-deps" "--format-version=1", kill_on_drop: false }`
[INFO] [stdout] 4512f4ff1023449ca58a15cac611af5b32493ecf98d0a3daf356af3f01dc5d57
[INFO] running `Command { std: "docker" "start" "-a" "4512f4ff1023449ca58a15cac611af5b32493ecf98d0a3daf356af3f01dc5d57", kill_on_drop: false }`
[INFO] running `Command { std: "docker" "inspect" "4512f4ff1023449ca58a15cac611af5b32493ecf98d0a3daf356af3f01dc5d57", kill_on_drop: false }`
[INFO] running `Command { std: "docker" "rm" "-f" "4512f4ff1023449ca58a15cac611af5b32493ecf98d0a3daf356af3f01dc5d57", kill_on_drop: false }`
[INFO] [stdout] 4512f4ff1023449ca58a15cac611af5b32493ecf98d0a3daf356af3f01dc5d57
[INFO] running `Command { std: "docker" "create" "-v" "/var/lib/crater-agent-workspace/builds/worker-40/target:/opt/rustwide/target:rw,Z" "-v" "/var/lib/crater-agent-workspace/builds/worker-40/source:/opt/rustwide/workdir:ro,Z" "-v" "/var/lib/crater-agent-workspace/cargo-home:/opt/rustwide/cargo-home:ro,Z" "-v" "/var/lib/crater-agent-workspace/rustup-home:/opt/rustwide/rustup-home:ro,Z" "-e" "SOURCE_DIR=/opt/rustwide/workdir" "-e" "CARGO_TARGET_DIR=/opt/rustwide/target" "-e" "CARGO_INCREMENTAL=0" "-e" "RUST_BACKTRACE=full" "-e" "RUSTFLAGS=--cap-lints=warn" "-e" "CARGO_HOME=/opt/rustwide/cargo-home" "-e" "RUSTUP_HOME=/opt/rustwide/rustup-home" "-w" "/opt/rustwide/workdir" "-m" "1610612736" "--user" "0:0" "--network" "none" "ghcr.io/rust-lang/crates-build-env/linux@sha256:a89201d6b5b9fd45c15d5952ece0a0129e7e80cb26ec023fd59cf09bc26f1604" "/opt/rustwide/cargo-home/bin/cargo" "+beta-2021-10-15" "check" "--frozen" "--all" "--all-targets" "--message-format=json", kill_on_drop: false }`
[INFO] [stdout] 9cbf660a39c296ee7eb8f2414f056cc1d529eb5033a926ef679fd840c4bb8183
[INFO] running `Command { std: "docker" "start" "-a" "9cbf660a39c296ee7eb8f2414f056cc1d529eb5033a926ef679fd840c4bb8183", kill_on_drop: false }`
[INFO] [stderr]    Compiling winapi-build v0.1.1
[INFO] [stderr]    Compiling gcc v0.3.53
[INFO] [stderr]     Checking winapi v0.2.8
[INFO] [stderr]     Checking libc v0.2.30
[INFO] [stderr]     Checking rustc-demangle v0.1.5
[INFO] [stderr]     Checking lazy_static v0.2.8
[INFO] [stderr]     Checking byteorder v1.1.0
[INFO] [stderr]     Checking base64 v0.6.0
[INFO] [stderr]    Compiling secur32-sys v0.2.0
[INFO] [stderr]    Compiling crypt32-sys v0.2.0
[INFO] [stderr]    Compiling kernel32-sys v0.2.2
[INFO] [stderr]    Compiling advapi32-sys v0.2.0
[INFO] [stderr]    Compiling schannel v0.1.8
[INFO] [stderr]    Compiling backtrace-sys v0.1.12
[INFO] [stderr]     Checking backtrace v0.3.2
[INFO] [stderr]     Checking error-chain v0.10.0
[INFO] [stderr]     Checking certstoretopem v0.1.0 (/opt/rustwide/workdir)
[INFO] [stdout] error[E0432]: unresolved import `schannel::cert_store`
[INFO] [stdout]  --> src/main.rs:6:15
[INFO] [stdout]   |
[INFO] [stdout] 6 | use schannel::cert_store::CertStore;
[INFO] [stdout]   |               ^^^^^^^^^^ could not find `cert_store` in `schannel`
[INFO] [stdout] 
[INFO] [stdout] 
[INFO] [stdout] error[E0432]: unresolved import `schannel::cert_store`
[INFO] [stdout]  --> src/main.rs:6:15
[INFO] [stdout]   |
[INFO] [stdout] 6 | use schannel::cert_store::CertStore;
[INFO] [stdout]   |               ^^^^^^^^^^ could not find `cert_store` in `schannel`
[INFO] [stdout] 
[INFO] [stdout] 
[INFO] [stdout] error[E0432]: unresolved import `schannel::cert_context`
[INFO] [stdout]  --> src/main.rs:7:15
[INFO] [stdout]   |
[INFO] [stdout] 7 | use schannel::cert_context::ValidUses;
[INFO] [stdout]   |               ^^^^^^^^^^^^ could not find `cert_context` in `schannel`
[INFO] [stdout] 
[INFO] [stdout] 
[INFO] [stdout] error[E0432]: unresolved import `schannel::cert_context`
[INFO] [stdout]  --> src/main.rs:7:15
[INFO] [stdout]   |
[INFO] [stdout] 7 | use schannel::cert_context::ValidUses;
[INFO] [stdout]   |               ^^^^^^^^^^^^ could not find `cert_context` in `schannel`
[INFO] [stdout] 
[INFO] [stdout] 
[INFO] [stdout] error: aborting due to 2 previous errors
[INFO] [stdout] 
[INFO] [stdout] 
[INFO] [stdout] For more information about this error, try `rustc --explain E0432`.
[INFO] [stdout] 
[INFO] [stderr] error: could not compile `certstoretopem` due to 3 previous errors
[INFO] [stderr] warning: build failed, waiting for other jobs to finish...
[INFO] [stdout] error: aborting due to 2 previous errors
[INFO] [stdout] 
[INFO] [stdout] 
[INFO] [stdout] For more information about this error, try `rustc --explain E0432`.
[INFO] [stdout] 
[INFO] [stderr] error: build failed
[INFO] running `Command { std: "docker" "inspect" "9cbf660a39c296ee7eb8f2414f056cc1d529eb5033a926ef679fd840c4bb8183", kill_on_drop: false }`
[INFO] running `Command { std: "docker" "rm" "-f" "9cbf660a39c296ee7eb8f2414f056cc1d529eb5033a926ef679fd840c4bb8183", kill_on_drop: false }`
[INFO] [stdout] 9cbf660a39c296ee7eb8f2414f056cc1d529eb5033a926ef679fd840c4bb8183
