[INFO] cloning repository https://github.com/mblode/tm
[INFO] running `Command { std: "git" "-c" "credential.helper=" "-c" "credential.helper=/workspace/cargo-home/bin/git-credential-null" "clone" "--bare" "https://github.com/mblode/tm" "/workspace/cache/git-repos/https%3A%2F%2Fgithub.com%2Fmblode%2Ftm", kill_on_drop: false }`
[INFO] [stderr] Cloning into bare repository '/workspace/cache/git-repos/https%3A%2F%2Fgithub.com%2Fmblode%2Ftm'...
[INFO] running `Command { std: "git" "rev-parse" "HEAD", kill_on_drop: false }`
[INFO] [stdout] 0fc3c8adfb5a373fb0e44a2e6c6098d04efb5a3b
[INFO] checking mblode/tm against 1.55.0 for beta-1.56-3
[INFO] running `Command { std: "git" "clone" "/workspace/cache/git-repos/https%3A%2F%2Fgithub.com%2Fmblode%2Ftm" "/workspace/builds/worker-47/source", kill_on_drop: false }`
[INFO] [stderr] Cloning into '/workspace/builds/worker-47/source'...
[INFO] [stderr] done.
[INFO] validating manifest of git repo https://github.com/mblode/tm on toolchain 1.55.0
[INFO] running `Command { std: "/workspace/cargo-home/bin/cargo" "+1.55.0" "metadata" "--manifest-path" "Cargo.toml" "--no-deps", kill_on_drop: false }`
[INFO] started tweaking git repo https://github.com/mblode/tm
[INFO] finished tweaking git repo https://github.com/mblode/tm
[INFO] tweaked toml for git repo https://github.com/mblode/tm written to /workspace/builds/worker-47/source/Cargo.toml
[INFO] crate git repo https://github.com/mblode/tm already has a lockfile, it will not be regenerated
[INFO] running `Command { std: "/workspace/cargo-home/bin/cargo" "+1.55.0" "fetch" "--manifest-path" "Cargo.toml", kill_on_drop: false }`
[INFO] [stderr]     Blocking waiting for file lock on package cache
[INFO] [stderr]     Blocking waiting for file lock on package cache
[INFO] running `Command { std: "docker" "create" "-v" "/var/lib/crater-agent-workspace/builds/worker-47/target:/opt/rustwide/target:rw,Z" "-v" "/var/lib/crater-agent-workspace/builds/worker-47/source:/opt/rustwide/workdir:ro,Z" "-v" "/var/lib/crater-agent-workspace/cargo-home:/opt/rustwide/cargo-home:ro,Z" "-v" "/var/lib/crater-agent-workspace/rustup-home:/opt/rustwide/rustup-home:ro,Z" "-e" "SOURCE_DIR=/opt/rustwide/workdir" "-e" "CARGO_TARGET_DIR=/opt/rustwide/target" "-e" "CARGO_HOME=/opt/rustwide/cargo-home" "-e" "RUSTUP_HOME=/opt/rustwide/rustup-home" "-w" "/opt/rustwide/workdir" "-m" "1610612736" "--user" "0:0" "--network" "none" "ghcr.io/rust-lang/crates-build-env/linux@sha256:a89201d6b5b9fd45c15d5952ece0a0129e7e80cb26ec023fd59cf09bc26f1604" "/opt/rustwide/cargo-home/bin/cargo" "+1.55.0" "metadata" "--no-deps" "--format-version=1", kill_on_drop: false }`
[INFO] [stdout] 1ef046b24a9b5fee0e1065c7b507ed8b9e3634bcdc6de80a361ee17040d5c0de
[INFO] running `Command { std: "docker" "start" "-a" "1ef046b24a9b5fee0e1065c7b507ed8b9e3634bcdc6de80a361ee17040d5c0de", kill_on_drop: false }`
[INFO] running `Command { std: "docker" "inspect" "1ef046b24a9b5fee0e1065c7b507ed8b9e3634bcdc6de80a361ee17040d5c0de", kill_on_drop: false }`
[INFO] running `Command { std: "docker" "rm" "-f" "1ef046b24a9b5fee0e1065c7b507ed8b9e3634bcdc6de80a361ee17040d5c0de", kill_on_drop: false }`
[INFO] [stdout] 1ef046b24a9b5fee0e1065c7b507ed8b9e3634bcdc6de80a361ee17040d5c0de
[INFO] running `Command { std: "docker" "create" "-v" "/var/lib/crater-agent-workspace/builds/worker-47/target:/opt/rustwide/target:rw,Z" "-v" "/var/lib/crater-agent-workspace/builds/worker-47/source:/opt/rustwide/workdir:ro,Z" "-v" "/var/lib/crater-agent-workspace/cargo-home:/opt/rustwide/cargo-home:ro,Z" "-v" "/var/lib/crater-agent-workspace/rustup-home:/opt/rustwide/rustup-home:ro,Z" "-e" "SOURCE_DIR=/opt/rustwide/workdir" "-e" "CARGO_TARGET_DIR=/opt/rustwide/target" "-e" "CARGO_INCREMENTAL=0" "-e" "RUST_BACKTRACE=full" "-e" "RUSTFLAGS=--cap-lints=warn" "-e" "CARGO_HOME=/opt/rustwide/cargo-home" "-e" "RUSTUP_HOME=/opt/rustwide/rustup-home" "-w" "/opt/rustwide/workdir" "-m" "1610612736" "--user" "0:0" "--network" "none" "ghcr.io/rust-lang/crates-build-env/linux@sha256:a89201d6b5b9fd45c15d5952ece0a0129e7e80cb26ec023fd59cf09bc26f1604" "/opt/rustwide/cargo-home/bin/cargo" "+1.55.0" "check" "--frozen" "--all" "--all-targets" "--message-format=json", kill_on_drop: false }`
[INFO] [stdout] f4058f41749d53507931448f36081acd9001477e87a9aa12aacb0fce6aa19d14
[INFO] running `Command { std: "docker" "start" "-a" "f4058f41749d53507931448f36081acd9001477e87a9aa12aacb0fce6aa19d14", kill_on_drop: false }`
[INFO] [stderr]     Blocking waiting for file lock on package cache
[INFO] [stderr]    Compiling libc v0.2.82
[INFO] [stderr]    Compiling proc-macro2 v1.0.24
[INFO] [stderr]    Compiling version_check v0.9.2
[INFO] [stderr]    Compiling unicode-xid v0.2.1
[INFO] [stderr]    Compiling syn v1.0.58
[INFO] [stderr]    Compiling log v0.4.13
[INFO] [stderr]     Checking scopeguard v1.1.0
[INFO] [stderr]    Compiling unicode-segmentation v1.7.1
[INFO] [stderr]     Checking smallvec v1.6.1
[INFO] [stderr]     Checking linked-hash-map v0.5.4
[INFO] [stderr]     Checking strsim v0.10.0
[INFO] [stderr]     Checking termcolor v1.1.2
[INFO] [stderr]     Checking futures-core v0.3.12
[INFO] [stderr]     Checking os_str_bytes v2.4.0
[INFO] [stderr]     Checking instant v0.1.9
[INFO] [stderr]    Compiling indexmap v1.6.1
[INFO] [stderr]     Checking textwrap v0.12.1
[INFO] [stderr]     Checking lock_api v0.4.2
[INFO] [stderr]     Checking signal-hook-registry v1.3.0
[INFO] [stderr]     Checking dirs-sys-next v0.1.2
[INFO] [stderr]     Checking atty v0.2.14
[INFO] [stderr]     Checking yaml-rust v0.4.5
[INFO] [stderr]    Compiling proc-macro-error-attr v1.0.4
[INFO] [stderr]    Compiling proc-macro-error v1.0.4
[INFO] [stderr]     Checking parking_lot_core v0.8.2
[INFO] [stderr]    Compiling heck v0.3.2
[INFO] [stderr]     Checking mio v0.7.7
[INFO] [stderr]    Compiling quote v1.0.8
[INFO] [stderr]     Checking dirs-next v2.0.0
[INFO] [stderr]     Checking parking_lot v0.11.1
[INFO] [stderr]     Checking signal-hook v0.1.17
[INFO] [stderr]     Checking crossterm v0.19.0
[INFO] [stderr]    Compiling clap_derive v3.0.0-beta.2
[INFO] [stderr]     Checking clap v3.0.0-beta.2
[INFO] [stderr]     Checking tm v0.1.0 (/opt/rustwide/workdir)
[INFO] [stdout] error[E0425]: cannot find value `width` in this scope
[INFO] [stdout]   --> src/main.rs:49:27
[INFO] [stdout]    |
[INFO] [stdout] 49 |         draw(&mut stdout, width / 2, height / 2).unwrap();
[INFO] [stdout]    |                           ^^^^^ not found in this scope
[INFO] [stdout] 
[INFO] [stdout] 
[INFO] [stdout] error[E0425]: cannot find value `height` in this scope
[INFO] [stdout]   --> src/main.rs:49:38
[INFO] [stdout]    |
[INFO] [stdout] 49 |         draw(&mut stdout, width / 2, height / 2).unwrap();
[INFO] [stdout]    |                                      ^^^^^^ not found in this scope
[INFO] [stdout] 
[INFO] [stdout] 
[INFO] [stdout] error[E0425]: cannot find value `width` in this scope
[INFO] [stdout]   --> src/main.rs:50:27
[INFO] [stdout]    |
[INFO] [stdout] 50 |         draw(&mut stdout, width / 2, height / 2).unwrap();
[INFO] [stdout]    |                           ^^^^^ not found in this scope
[INFO] [stdout] 
[INFO] [stdout] 
[INFO] [stdout] error[E0425]: cannot find value `height` in this scope
[INFO] [stdout]   --> src/main.rs:50:38
[INFO] [stdout]    |
[INFO] [stdout] 50 |         draw(&mut stdout, width / 2, height / 2).unwrap();
[INFO] [stdout]    |                                      ^^^^^^ not found in this scope
[INFO] [stdout] 
[INFO] [stdout] 
[INFO] [stdout] error[E0425]: cannot find value `width` in this scope
[INFO] [stdout]   --> src/main.rs:51:27
[INFO] [stdout]    |
[INFO] [stdout] 51 |         draw(&mut stdout, width / 2, height).unwrap();
[INFO] [stdout]    |                           ^^^^^ not found in this scope
[INFO] [stdout] 
[INFO] [stdout] 
[INFO] [stdout] error[E0425]: cannot find value `height` in this scope
[INFO] [stdout]   --> src/main.rs:51:38
[INFO] [stdout]    |
[INFO] [stdout] 51 |         draw(&mut stdout, width / 2, height).unwrap();
[INFO] [stdout]    |                                      ^^^^^^ not found in this scope
[INFO] [stdout] 
[INFO] [stdout] 
[INFO] [stdout] warning: unused import: `size`
[INFO] [stdout]   --> src/main.rs:20:9
[INFO] [stdout]    |
[INFO] [stdout] 20 |         size,
[INFO] [stdout]    |         ^^^^
[INFO] [stdout]    |
[INFO] [stdout]    = note: `#[warn(unused_imports)]` on by default
[INFO] [stdout] 
[INFO] [stdout] 
[INFO] [stdout] error[E0425]: cannot find value `width` in this scope
[INFO] [stdout]   --> src/main.rs:49:27
[INFO] [stdout]    |
[INFO] [stdout] 49 |         draw(&mut stdout, width / 2, height / 2).unwrap();
[INFO] [stdout]    |                           ^^^^^ not found in this scope
[INFO] [stdout] 
[INFO] [stdout] 
[INFO] [stdout] error[E0425]: cannot find value `height` in this scope
[INFO] [stdout]   --> src/main.rs:49:38
[INFO] [stdout]    |
[INFO] [stdout] 49 |         draw(&mut stdout, width / 2, height / 2).unwrap();
[INFO] [stdout]    |                                      ^^^^^^ not found in this scope
[INFO] [stdout] 
[INFO] [stdout] 
[INFO] [stdout] error[E0425]: cannot find value `width` in this scope
[INFO] [stdout]   --> src/main.rs:50:27
[INFO] [stdout]    |
[INFO] [stdout] 50 |         draw(&mut stdout, width / 2, height / 2).unwrap();
[INFO] [stdout]    |                           ^^^^^ not found in this scope
[INFO] [stdout] 
[INFO] [stdout] 
[INFO] [stdout] error[E0425]: cannot find value `height` in this scope
[INFO] [stdout]   --> src/main.rs:50:38
[INFO] [stdout]    |
[INFO] [stdout] 50 |         draw(&mut stdout, width / 2, height / 2).unwrap();
[INFO] [stdout]    |                                      ^^^^^^ not found in this scope
[INFO] [stdout] 
[INFO] [stdout] 
[INFO] [stdout] error[E0425]: cannot find value `width` in this scope
[INFO] [stdout]   --> src/main.rs:51:27
[INFO] [stdout]    |
[INFO] [stdout] 51 |         draw(&mut stdout, width / 2, height).unwrap();
[INFO] [stdout]    |                           ^^^^^ not found in this scope
[INFO] [stdout] 
[INFO] [stdout] 
[INFO] [stdout] error[E0425]: cannot find value `height` in this scope
[INFO] [stdout]   --> src/main.rs:51:38
[INFO] [stdout]    |
[INFO] [stdout] 51 |         draw(&mut stdout, width / 2, height).unwrap();
[INFO] [stdout]    |                                      ^^^^^^ not found in this scope
[INFO] [stdout] 
[INFO] [stdout] 
[INFO] [stdout] warning: unused import: `size`
[INFO] [stdout]   --> src/main.rs:20:9
[INFO] [stdout]    |
[INFO] [stdout] 20 |         size,
[INFO] [stdout]    |         ^^^^
[INFO] [stdout]    |
[INFO] [stdout]    = note: `#[warn(unused_imports)]` on by default
[INFO] [stdout] 
[INFO] [stdout] 
[INFO] [stdout] error: aborting due to 6 previous errors; 1 warning emitted
[INFO] [stdout] 
[INFO] [stdout] 
[INFO] [stdout] For more information about this error, try `rustc --explain E0425`.
[INFO] [stdout] 
[INFO] [stderr] error: could not compile `tm` due to 7 previous errors; 1 warning emitted
[INFO] [stderr] warning: build failed, waiting for other jobs to finish...
[INFO] [stdout] error: aborting due to 6 previous errors; 1 warning emitted
[INFO] [stdout] 
[INFO] [stdout] 
[INFO] [stdout] For more information about this error, try `rustc --explain E0425`.
[INFO] [stdout] 
[INFO] [stderr] error: build failed
[INFO] running `Command { std: "docker" "inspect" "f4058f41749d53507931448f36081acd9001477e87a9aa12aacb0fce6aa19d14", kill_on_drop: false }`
[INFO] running `Command { std: "docker" "rm" "-f" "f4058f41749d53507931448f36081acd9001477e87a9aa12aacb0fce6aa19d14", kill_on_drop: false }`
[INFO] [stdout] f4058f41749d53507931448f36081acd9001477e87a9aa12aacb0fce6aa19d14
