[INFO] cloning repository https://github.com/maxtnuk/wasm_cluster
[INFO] running `Command { std: "git" "-c" "credential.helper=" "-c" "credential.helper=/workspace/cargo-home/bin/git-credential-null" "clone" "--bare" "https://github.com/maxtnuk/wasm_cluster" "/workspace/cache/git-repos/https%3A%2F%2Fgithub.com%2Fmaxtnuk%2Fwasm_cluster", kill_on_drop: false }`
[INFO] [stderr] Cloning into bare repository '/workspace/cache/git-repos/https%3A%2F%2Fgithub.com%2Fmaxtnuk%2Fwasm_cluster'...
[INFO] running `Command { std: "git" "rev-parse" "HEAD", kill_on_drop: false }`
[INFO] [stdout] 44803c0721a37cef9a95cfc4c372e98f37b1c0f0
[INFO] checking maxtnuk/wasm_cluster against beta-2021-10-15 for beta-1.56-3
[INFO] running `Command { std: "git" "clone" "/workspace/cache/git-repos/https%3A%2F%2Fgithub.com%2Fmaxtnuk%2Fwasm_cluster" "/workspace/builds/worker-69/source", kill_on_drop: false }`
[INFO] [stderr] Cloning into '/workspace/builds/worker-69/source'...
[INFO] [stderr] done.
[INFO] validating manifest of git repo https://github.com/maxtnuk/wasm_cluster on toolchain beta-2021-10-15
[INFO] running `Command { std: "/workspace/cargo-home/bin/cargo" "+beta-2021-10-15" "metadata" "--manifest-path" "Cargo.toml" "--no-deps", kill_on_drop: false }`
[INFO] removed /workspace/builds/worker-69/source/.cargo/config.toml
[INFO] removed /workspace/builds/worker-69/source/rust-toolchain.toml
[INFO] started tweaking git repo https://github.com/maxtnuk/wasm_cluster
[INFO] finished tweaking git repo https://github.com/maxtnuk/wasm_cluster
[INFO] tweaked toml for git repo https://github.com/maxtnuk/wasm_cluster written to /workspace/builds/worker-69/source/Cargo.toml
[INFO] crate git repo https://github.com/maxtnuk/wasm_cluster already has a lockfile, it will not be regenerated
[INFO] running `Command { std: "/workspace/cargo-home/bin/cargo" "+beta-2021-10-15" "fetch" "--manifest-path" "Cargo.toml", kill_on_drop: false }`
[INFO] [stderr] warning: Found `debug_assertions` in `target.'cfg(...)'.dependencies`. This value is not supported for selecting dependencies and will not work as expected. To learn more visit https://doc.rust-lang.org/cargo/reference/specifying-dependencies.html#platform-specific-dependencies
[INFO] [stderr]     Blocking waiting for file lock on package cache
[INFO] [stderr]     Blocking waiting for file lock on package cache
[INFO] running `Command { std: "docker" "create" "-v" "/var/lib/crater-agent-workspace/builds/worker-69/target:/opt/rustwide/target:rw,Z" "-v" "/var/lib/crater-agent-workspace/builds/worker-69/source:/opt/rustwide/workdir:ro,Z" "-v" "/var/lib/crater-agent-workspace/cargo-home:/opt/rustwide/cargo-home:ro,Z" "-v" "/var/lib/crater-agent-workspace/rustup-home:/opt/rustwide/rustup-home:ro,Z" "-e" "SOURCE_DIR=/opt/rustwide/workdir" "-e" "CARGO_TARGET_DIR=/opt/rustwide/target" "-e" "CARGO_HOME=/opt/rustwide/cargo-home" "-e" "RUSTUP_HOME=/opt/rustwide/rustup-home" "-w" "/opt/rustwide/workdir" "-m" "1610612736" "--user" "0:0" "--network" "none" "ghcr.io/rust-lang/crates-build-env/linux@sha256:a89201d6b5b9fd45c15d5952ece0a0129e7e80cb26ec023fd59cf09bc26f1604" "/opt/rustwide/cargo-home/bin/cargo" "+beta-2021-10-15" "metadata" "--no-deps" "--format-version=1", kill_on_drop: false }`
[INFO] [stdout] 6c6048d2ba1dd8af8b6a0b19ba22dfec6ae17b8360e743cefbdd072a95e77b44
[INFO] running `Command { std: "docker" "start" "-a" "6c6048d2ba1dd8af8b6a0b19ba22dfec6ae17b8360e743cefbdd072a95e77b44", kill_on_drop: false }`
[INFO] running `Command { std: "docker" "inspect" "6c6048d2ba1dd8af8b6a0b19ba22dfec6ae17b8360e743cefbdd072a95e77b44", kill_on_drop: false }`
[INFO] running `Command { std: "docker" "rm" "-f" "6c6048d2ba1dd8af8b6a0b19ba22dfec6ae17b8360e743cefbdd072a95e77b44", kill_on_drop: false }`
[INFO] [stdout] 6c6048d2ba1dd8af8b6a0b19ba22dfec6ae17b8360e743cefbdd072a95e77b44
[INFO] running `Command { std: "docker" "create" "-v" "/var/lib/crater-agent-workspace/builds/worker-69/target:/opt/rustwide/target:rw,Z" "-v" "/var/lib/crater-agent-workspace/builds/worker-69/source:/opt/rustwide/workdir:ro,Z" "-v" "/var/lib/crater-agent-workspace/cargo-home:/opt/rustwide/cargo-home:ro,Z" "-v" "/var/lib/crater-agent-workspace/rustup-home:/opt/rustwide/rustup-home:ro,Z" "-e" "SOURCE_DIR=/opt/rustwide/workdir" "-e" "CARGO_TARGET_DIR=/opt/rustwide/target" "-e" "CARGO_INCREMENTAL=0" "-e" "RUST_BACKTRACE=full" "-e" "RUSTFLAGS=--cap-lints=warn" "-e" "CARGO_HOME=/opt/rustwide/cargo-home" "-e" "RUSTUP_HOME=/opt/rustwide/rustup-home" "-w" "/opt/rustwide/workdir" "-m" "1610612736" "--user" "0:0" "--network" "none" "ghcr.io/rust-lang/crates-build-env/linux@sha256:a89201d6b5b9fd45c15d5952ece0a0129e7e80cb26ec023fd59cf09bc26f1604" "/opt/rustwide/cargo-home/bin/cargo" "+beta-2021-10-15" "check" "--frozen" "--all" "--all-targets" "--message-format=json", kill_on_drop: false }`
[INFO] [stdout] 42d4c4bba5cf542f58def40a3178b06d22ded756a98a6b253b00e588c6aed320
[INFO] running `Command { std: "docker" "start" "-a" "42d4c4bba5cf542f58def40a3178b06d22ded756a98a6b253b00e588c6aed320", kill_on_drop: false }`
[INFO] [stderr] warning: Found `debug_assertions` in `target.'cfg(...)'.dependencies`. This value is not supported for selecting dependencies and will not work as expected. To learn more visit https://doc.rust-lang.org/cargo/reference/specifying-dependencies.html#platform-specific-dependencies
[INFO] [stderr]     Blocking waiting for file lock on package cache
[INFO] [stderr]    Compiling proc-macro2 v1.0.28
[INFO] [stderr]    Compiling unicode-xid v0.2.2
[INFO] [stderr]    Compiling syn v1.0.74
[INFO] [stderr]    Compiling wasm-bindgen-shared v0.2.75
[INFO] [stderr]    Compiling cfg-if v1.0.0
[INFO] [stderr]    Compiling lazy_static v1.4.0
[INFO] [stderr]    Compiling bumpalo v3.7.0
[INFO] [stderr]    Compiling wasm-bindgen v0.2.75
[INFO] [stderr]    Compiling futures-core v0.3.16
[INFO] [stderr]    Compiling libc v0.2.98
[INFO] [stderr]    Compiling proc-macro-nested v0.1.7
[INFO] [stderr]    Compiling futures-channel v0.3.16
[INFO] [stderr]    Compiling memchr v2.4.0
[INFO] [stderr]    Compiling futures-task v0.3.16
[INFO] [stderr]    Compiling serde_derive v1.0.127
[INFO] [stderr]     Checking futures-sink v0.3.16
[INFO] [stderr]    Compiling serde v1.0.127
[INFO] [stderr]     Checking slab v0.4.4
[INFO] [stderr]    Compiling ryu v1.0.5
[INFO] [stderr]     Checking futures-io v0.3.16
[INFO] [stderr]     Checking pin-project-lite v0.2.7
[INFO] [stderr]    Compiling serde_json v1.0.66
[INFO] [stderr]     Checking either v1.6.1
[INFO] [stderr]     Checking itoa v0.4.7
[INFO] [stderr]     Checking futures v0.1.31
[INFO] [stderr]     Checking scoped-tls v1.0.0
[INFO] [stderr]    Compiling futures-macro v0.3.16
[INFO] [stderr]    Compiling futures-util v0.3.16
[INFO] [stderr]    Compiling wasm-bindgen-test-macro v0.2.50
[INFO] [stderr]    Compiling log v0.4.14
[INFO] [stderr]     Checking itertools v0.10.1
[INFO] [stderr]     Checking getrandom v0.2.3
[INFO] [stderr]    Compiling quote v1.0.9
[INFO] [stderr]     Checking rand_core v0.6.3
[INFO] [stderr]     Checking rand_chacha v0.3.1
[INFO] [stderr]     Checking rand v0.8.4
[INFO] [stderr]    Compiling wasm-bindgen-backend v0.2.75
[INFO] [stderr]    Compiling wasm-bindgen-macro-support v0.2.75
[INFO] [stderr]    Compiling wasm-bindgen-macro v0.2.75
[INFO] [stderr]     Checking js-sys v0.3.52
[INFO] [stderr]     Checking console_error_panic_hook v0.1.6
[INFO] [stderr]     Checking futures-executor v0.3.16
[INFO] [stderr]     Checking futures v0.3.16
[INFO] [stderr]     Checking wasm-bindgen-futures v0.3.27
[INFO] [stderr]     Checking wasm-bindgen-futures v0.4.25
[INFO] [stderr]     Checking web-sys v0.3.51
[INFO] [stderr]     Checking wasm-bindgen-test v0.2.50
[INFO] [stderr]     Checking wasm_cluster v0.1.0 (/opt/rustwide/workdir)
[INFO] [stdout] error[E0433]: failed to resolve: could not find `wasm32` in `arch`
[INFO] [stdout]   --> src/ml/activation/softmax.rs:39:38
[INFO] [stdout]    |
[INFO] [stdout] 39 |                     Pair(core::arch::wasm32::v128), 
[INFO] [stdout]    |                                      ^^^^^^ could not find `wasm32` in `arch`
[INFO] [stdout] 
[INFO] [stdout] 
[INFO] [stdout] error[E0433]: failed to resolve: could not find `wasm32` in `arch`
[INFO] [stdout]   --> src/ml/activation/softmax.rs:39:38
[INFO] [stdout]    |
[INFO] [stdout] 39 |                     Pair(core::arch::wasm32::v128), 
[INFO] [stdout]    |                                      ^^^^^^ could not find `wasm32` in `arch`
[INFO] [stdout] 
[INFO] [stdout] 
[INFO] [stdout] error[E0433]: failed to resolve: could not find `wasm32` in `arch`
[INFO] [stdout]   --> src/ml/activation/softmax.rs:40:39
[INFO] [stdout]    |
[INFO] [stdout] 40 |                     Alone(core::arch::wasm32::v128)
[INFO] [stdout]    |                                       ^^^^^^ could not find `wasm32` in `arch`
[INFO] [stdout] 
[INFO] [stdout] 
[INFO] [stdout] error[E0433]: failed to resolve: could not find `wasm32` in `arch`
[INFO] [stdout]   --> src/ml/activation/softmax.rs:40:39
[INFO] [stdout]    |
[INFO] [stdout] 40 |                     Alone(core::arch::wasm32::v128)
[INFO] [stdout]    |                                       ^^^^^^ could not find `wasm32` in `arch`
[INFO] [stdout] 
[INFO] [stdout] 
[INFO] [stdout] error[E0433]: failed to resolve: could not find `wasm32` in `arch`
[INFO] [stdout]   --> src/ml/activation/softmax.rs:53:47
[INFO] [stdout]    |
[INFO] [stdout] 53 | ...                   let v=core::arch::wasm32::f64x2(n[0].exp(),n[1].exp());
[INFO] [stdout]    |                                         ^^^^^^ could not find `wasm32` in `arch`
[INFO] [stdout] 
[INFO] [stdout] 
[INFO] [stdout] error[E0433]: failed to resolve: could not find `wasm32` in `arch`
[INFO] [stdout]   --> src/ml/activation/softmax.rs:54:53
[INFO] [stdout]    |
[INFO] [stdout] 54 | ...                   let maxes = core::arch::wasm32::f64x2(max_x,max_x);
[INFO] [stdout]    |                                               ^^^^^^ could not find `wasm32` in `arch`
[INFO] [stdout] 
[INFO] [stdout] 
[INFO] [stdout] error[E0433]: failed to resolve: could not find `wasm32` in `arch`
[INFO] [stdout]   --> src/ml/activation/softmax.rs:55:56
[INFO] [stdout]    |
[INFO] [stdout] 55 | ...                   DataType::Pair(core::arch::wasm32::f64x2_sub(v,maxes))
[INFO] [stdout]    |                                                  ^^^^^^ could not find `wasm32` in `arch`
[INFO] [stdout] 
[INFO] [stdout] 
[INFO] [stdout] error[E0433]: failed to resolve: could not find `wasm32` in `arch`
[INFO] [stdout]   --> src/ml/activation/softmax.rs:57:47
[INFO] [stdout]    |
[INFO] [stdout] 57 | ...                   let v=core::arch::wasm32::f64x2(n[0].exp(),0f64);
[INFO] [stdout]    |                                         ^^^^^^ could not find `wasm32` in `arch`
[INFO] [stdout] 
[INFO] [stdout] 
[INFO] [stdout] error[E0433]: failed to resolve: could not find `wasm32` in `arch`
[INFO] [stdout]   --> src/ml/activation/softmax.rs:58:53
[INFO] [stdout]    |
[INFO] [stdout] 58 | ...                   let maxes = core::arch::wasm32::f64x2(max_x,max_x);
[INFO] [stdout]    |                                               ^^^^^^ could not find `wasm32` in `arch`
[INFO] [stdout] 
[INFO] [stdout] 
[INFO] [stdout] error[E0433]: failed to resolve: could not find `wasm32` in `arch`
[INFO] [stdout]   --> src/ml/activation/softmax.rs:53:47
[INFO] [stdout]    |
[INFO] [stdout] 53 | ...                   let v=core::arch::wasm32::f64x2(n[0].exp(),n[1].exp());
[INFO] [stdout]    |                                         ^^^^^^ could not find `wasm32` in `arch`
[INFO] [stdout] 
[INFO] [stdout] 
[INFO] [stdout] error[E0433]: failed to resolve: could not find `wasm32` in `arch`
[INFO] [stdout]   --> src/ml/activation/softmax.rs:59:57
[INFO] [stdout]    |
[INFO] [stdout] 59 | ...                   DataType::Alone(core::arch::wasm32::f64x2_sub(v,maxes))
[INFO] [stdout]    |                                                   ^^^^^^ could not find `wasm32` in `arch`
[INFO] [stdout] 
[INFO] [stdout] 
[INFO] [stdout] error[E0433]: failed to resolve: could not find `wasm32` in `arch`
[INFO] [stdout]   --> src/ml/activation/softmax.rs:66:53
[INFO] [stdout]    |
[INFO] [stdout] 66 | ...                   let a = core::arch::wasm32::f64x2_extract_lane::<0>(v);
[INFO] [stdout]    |                                           ^^^^^^ could not find `wasm32` in `arch`
[INFO] [stdout] 
[INFO] [stdout] 
[INFO] [stdout] error[E0433]: failed to resolve: could not find `wasm32` in `arch`
[INFO] [stdout]   --> src/ml/activation/softmax.rs:54:53
[INFO] [stdout]    |
[INFO] [stdout] 54 | ...                   let maxes = core::arch::wasm32::f64x2(max_x,max_x);
[INFO] [stdout]    |                                               ^^^^^^ could not find `wasm32` in `arch`
[INFO] [stdout] 
[INFO] [stdout] 
[INFO] [stdout] error[E0433]: failed to resolve: could not find `wasm32` in `arch`
[INFO] [stdout]   --> src/ml/activation/softmax.rs:67:53
[INFO] [stdout]    |
[INFO] [stdout] 67 | ...                   let b = core::arch::wasm32::f64x2_extract_lane::<1>(v);
[INFO] [stdout]    |                                           ^^^^^^ could not find `wasm32` in `arch`
[INFO] [stdout] 
[INFO] [stdout] 
[INFO] [stdout] error[E0433]: failed to resolve: could not find `wasm32` in `arch`
[INFO] [stdout]   --> src/ml/activation/softmax.rs:55:56
[INFO] [stdout]    |
[INFO] [stdout] 55 | ...                   DataType::Pair(core::arch::wasm32::f64x2_sub(v,maxes))
[INFO] [stdout]    |                                                  ^^^^^^ could not find `wasm32` in `arch`
[INFO] [stdout] 
[INFO] [stdout] 
[INFO] [stdout] error[E0433]: failed to resolve: could not find `wasm32` in `arch`
[INFO] [stdout]   --> src/ml/activation/softmax.rs:71:53
[INFO] [stdout]    |
[INFO] [stdout] 71 | ...                   let a = core::arch::wasm32::f64x2_extract_lane::<0>(v);
[INFO] [stdout]    |                                           ^^^^^^ could not find `wasm32` in `arch`
[INFO] [stdout] 
[INFO] [stdout] 
[INFO] [stdout] error[E0433]: failed to resolve: could not find `wasm32` in `arch`
[INFO] [stdout]   --> src/ml/activation/softmax.rs:57:47
[INFO] [stdout]    |
[INFO] [stdout] 57 | ...                   let v=core::arch::wasm32::f64x2(n[0].exp(),0f64);
[INFO] [stdout]    |                                         ^^^^^^ could not find `wasm32` in `arch`
[INFO] [stdout] 
[INFO] [stdout] 
[INFO] [stdout] error[E0433]: failed to resolve: could not find `wasm32` in `arch`
[INFO] [stdout]   --> src/ml/activation/softmax.rs:83:43
[INFO] [stdout]    |
[INFO] [stdout] 83 |                         let v=core::arch::wasm32::f64x2(x[0],x[1]);
[INFO] [stdout]    |                                           ^^^^^^ could not find `wasm32` in `arch`
[INFO] [stdout] 
[INFO] [stdout] 
[INFO] [stdout] error[E0433]: failed to resolve: could not find `wasm32` in `arch`
[INFO] [stdout]   --> src/ml/activation/softmax.rs:58:53
[INFO] [stdout]    |
[INFO] [stdout] 58 | ...                   let maxes = core::arch::wasm32::f64x2(max_x,max_x);
[INFO] [stdout]    |                                               ^^^^^^ could not find `wasm32` in `arch`
[INFO] [stdout] 
[INFO] [stdout] 
[INFO] [stdout] error[E0433]: failed to resolve: could not find `wasm32` in `arch`
[INFO] [stdout]   --> src/ml/activation/softmax.rs:59:57
[INFO] [stdout]    |
[INFO] [stdout] 59 | ...                   DataType::Alone(core::arch::wasm32::f64x2_sub(v,maxes))
[INFO] [stdout]    |                                                   ^^^^^^ could not find `wasm32` in `arch`
[INFO] [stdout] 
[INFO] [stdout] 
[INFO] [stdout] error[E0433]: failed to resolve: could not find `wasm32` in `arch`
[INFO] [stdout]   --> src/ml/activation/softmax.rs:84:47
[INFO] [stdout]    |
[INFO] [stdout] 84 |                         let exp = core::arch::wasm32::f64x2(exp_sum,exp_sum);
[INFO] [stdout]    |                                               ^^^^^^ could not find `wasm32` in `arch`
[INFO] [stdout] 
[INFO] [stdout] 
[INFO] [stdout] error[E0433]: failed to resolve: could not find `wasm32` in `arch`
[INFO] [stdout]   --> src/ml/activation/softmax.rs:66:53
[INFO] [stdout]    |
[INFO] [stdout] 66 | ...                   let a = core::arch::wasm32::f64x2_extract_lane::<0>(v);
[INFO] [stdout]    |                                           ^^^^^^ could not find `wasm32` in `arch`
[INFO] [stdout] 
[INFO] [stdout] 
[INFO] [stdout] error[E0433]: failed to resolve: could not find `wasm32` in `arch`
[INFO] [stdout]   --> src/ml/activation/softmax.rs:85:52
[INFO] [stdout]    |
[INFO] [stdout] 85 |                         DataType::Pair(core::arch::wasm32::f64x2_div(v,exp))
[INFO] [stdout]    |                                                    ^^^^^^ could not find `wasm32` in `arch`
[INFO] [stdout] 
[INFO] [stdout] 
[INFO] [stdout] error[E0433]: failed to resolve: could not find `wasm32` in `arch`
[INFO] [stdout]   --> src/ml/activation/softmax.rs:67:53
[INFO] [stdout]    |
[INFO] [stdout] 67 | ...                   let b = core::arch::wasm32::f64x2_extract_lane::<1>(v);
[INFO] [stdout]    |                                           ^^^^^^ could not find `wasm32` in `arch`
[INFO] [stdout] 
[INFO] [stdout] 
[INFO] [stdout] error[E0433]: failed to resolve: could not find `wasm32` in `arch`
[INFO] [stdout]   --> src/ml/activation/softmax.rs:87:43
[INFO] [stdout]    |
[INFO] [stdout] 87 |                         let v=core::arch::wasm32::f64x2(x[0].exp(),0f64);
[INFO] [stdout]    |                                           ^^^^^^ could not find `wasm32` in `arch`
[INFO] [stdout] 
[INFO] [stdout] 
[INFO] [stdout] error[E0433]: failed to resolve: could not find `wasm32` in `arch`
[INFO] [stdout]   --> src/ml/activation/softmax.rs:71:53
[INFO] [stdout]    |
[INFO] [stdout] 71 | ...                   let a = core::arch::wasm32::f64x2_extract_lane::<0>(v);
[INFO] [stdout]    |                                           ^^^^^^ could not find `wasm32` in `arch`
[INFO] [stdout] 
[INFO] [stdout] 
[INFO] [stdout] error[E0433]: failed to resolve: could not find `wasm32` in `arch`
[INFO] [stdout]   --> src/ml/activation/softmax.rs:88:47
[INFO] [stdout]    |
[INFO] [stdout] 88 |                         let exp = core::arch::wasm32::f64x2(exp_sum,exp_sum);
[INFO] [stdout]    |                                               ^^^^^^ could not find `wasm32` in `arch`
[INFO] [stdout] 
[INFO] [stdout] 
[INFO] [stdout] error[E0433]: failed to resolve: could not find `wasm32` in `arch`
[INFO] [stdout]   --> src/ml/activation/softmax.rs:83:43
[INFO] [stdout]    |
[INFO] [stdout] 83 |                         let v=core::arch::wasm32::f64x2(x[0],x[1]);
[INFO] [stdout]    |                                           ^^^^^^ could not find `wasm32` in `arch`
[INFO] [stdout] 
[INFO] [stdout] 
[INFO] [stdout] error[E0433]: failed to resolve: could not find `wasm32` in `arch`
[INFO] [stdout]   --> src/ml/activation/softmax.rs:89:53
[INFO] [stdout]    |
[INFO] [stdout] 89 |                         DataType::Alone(core::arch::wasm32::f64x2_div(v,exp))
[INFO] [stdout]    |                                                     ^^^^^^ could not find `wasm32` in `arch`
[INFO] [stdout] 
[INFO] [stdout] 
[INFO] [stdout] error[E0433]: failed to resolve: could not find `wasm32` in `arch`
[INFO] [stdout]   --> src/ml/activation/softmax.rs:84:47
[INFO] [stdout]    |
[INFO] [stdout] 84 |                         let exp = core::arch::wasm32::f64x2(exp_sum,exp_sum);
[INFO] [stdout]    |                                               ^^^^^^ could not find `wasm32` in `arch`
[INFO] [stdout] 
[INFO] [stdout] 
[INFO] [stdout] error[E0433]: failed to resolve: could not find `wasm32` in `arch`
[INFO] [stdout]   --> src/ml/activation/softmax.rs:94:49
[INFO] [stdout]    |
[INFO] [stdout] 94 | ...                   let a = core::arch::wasm32::f64x2_extract_lane::<0>(v);
[INFO] [stdout]    |                                           ^^^^^^ could not find `wasm32` in `arch`
[INFO] [stdout] 
[INFO] [stdout] 
[INFO] [stdout] error[E0433]: failed to resolve: could not find `wasm32` in `arch`
[INFO] [stdout]   --> src/ml/activation/softmax.rs:85:52
[INFO] [stdout]    |
[INFO] [stdout] 85 |                         DataType::Pair(core::arch::wasm32::f64x2_div(v,exp))
[INFO] [stdout]    |                                                    ^^^^^^ could not find `wasm32` in `arch`
[INFO] [stdout] 
[INFO] [stdout] 
[INFO] [stdout] error[E0433]: failed to resolve: could not find `wasm32` in `arch`
[INFO] [stdout]   --> src/ml/activation/softmax.rs:95:49
[INFO] [stdout]    |
[INFO] [stdout] 95 | ...                   let b = core::arch::wasm32::f64x2_extract_lane::<1>(v);
[INFO] [stdout]    |                                           ^^^^^^ could not find `wasm32` in `arch`
[INFO] [stdout] 
[INFO] [stdout] 
[INFO] [stdout] error[E0433]: failed to resolve: could not find `wasm32` in `arch`
[INFO] [stdout]   --> src/ml/activation/softmax.rs:87:43
[INFO] [stdout]    |
[INFO] [stdout] 87 |                         let v=core::arch::wasm32::f64x2(x[0].exp(),0f64);
[INFO] [stdout]    |                                           ^^^^^^ could not find `wasm32` in `arch`
[INFO] [stdout] 
[INFO] [stdout] 
[INFO] [stdout] error[E0433]: failed to resolve: could not find `wasm32` in `arch`
[INFO] [stdout]   --> src/ml/activation/softmax.rs:99:49
[INFO] [stdout]    |
[INFO] [stdout] 99 | ...                   let a = core::arch::wasm32::f64x2_extract_lane::<0>(v);
[INFO] [stdout]    |                                           ^^^^^^ could not find `wasm32` in `arch`
[INFO] [stdout] 
[INFO] [stdout] 
[INFO] [stdout] error[E0433]: failed to resolve: could not find `wasm32` in `arch`
[INFO] [stdout]   --> src/ml/activation/softmax.rs:88:47
[INFO] [stdout]    |
[INFO] [stdout] 88 |                         let exp = core::arch::wasm32::f64x2(exp_sum,exp_sum);
[INFO] [stdout]    |                                               ^^^^^^ could not find `wasm32` in `arch`
[INFO] [stdout] 
[INFO] [stdout] 
[INFO] [stdout] error[E0433]: failed to resolve: could not find `wasm32` in `arch`
[INFO] [stdout]   --> src/ml/activation/softmax.rs:89:53
[INFO] [stdout]    |
[INFO] [stdout] 89 |                         DataType::Alone(core::arch::wasm32::f64x2_div(v,exp))
[INFO] [stdout]    |                                                     ^^^^^^ could not find `wasm32` in `arch`
[INFO] [stdout] 
[INFO] [stdout] 
[INFO] [stdout] error[E0433]: failed to resolve: could not find `wasm32` in `arch`
[INFO] [stdout]   --> src/ml/activation/softmax.rs:94:49
[INFO] [stdout]    |
[INFO] [stdout] 94 | ...                   let a = core::arch::wasm32::f64x2_extract_lane::<0>(v);
[INFO] [stdout]    |                                           ^^^^^^ could not find `wasm32` in `arch`
[INFO] [stdout] 
[INFO] [stdout] 
[INFO] [stdout] error[E0433]: failed to resolve: could not find `wasm32` in `arch`
[INFO] [stdout]   --> src/ml/activation/softmax.rs:95:49
[INFO] [stdout]    |
[INFO] [stdout] 95 | ...                   let b = core::arch::wasm32::f64x2_extract_lane::<1>(v);
[INFO] [stdout]    |                                           ^^^^^^ could not find `wasm32` in `arch`
[INFO] [stdout] 
[INFO] [stdout] 
[INFO] [stdout] error[E0433]: failed to resolve: could not find `wasm32` in `arch`
[INFO] [stdout]   --> src/ml/activation/softmax.rs:99:49
[INFO] [stdout]    |
[INFO] [stdout] 99 | ...                   let a = core::arch::wasm32::f64x2_extract_lane::<0>(v);
[INFO] [stdout]    |                                           ^^^^^^ could not find `wasm32` in `arch`
[INFO] [stdout] 
[INFO] [stdout] 
[INFO] [stdout] warning: unused imports: `cell::RefCell`, `rc::Rc`
[INFO] [stdout]  --> src/lib.rs:3:11
[INFO] [stdout]   |
[INFO] [stdout] 3 | use std::{cell::RefCell, rc::Rc};
[INFO] [stdout]   |           ^^^^^^^^^^^^^  ^^^^^^
[INFO] [stdout]   |
[INFO] [stdout]   = note: `#[warn(unused_imports)]` on by default
[INFO] [stdout] 
[INFO] [stdout] 
[INFO] [stdout] warning: unused import: `ImageData`
[INFO] [stdout]  --> src/lib.rs:9:41
[INFO] [stdout]   |
[INFO] [stdout] 9 | use web_sys::{CanvasRenderingContext2d, ImageData};
[INFO] [stdout]   |                                         ^^^^^^^^^
[INFO] [stdout] 
[INFO] [stdout] 
[INFO] [stdout] warning: unused import: `wasm_bindgen::JsCast`
[INFO] [stdout]   --> src/lib.rs:10:5
[INFO] [stdout]    |
[INFO] [stdout] 10 | use wasm_bindgen::JsCast;
[INFO] [stdout]    |     ^^^^^^^^^^^^^^^^^^^^
[INFO] [stdout] 
[INFO] [stdout] 
[INFO] [stdout] warning: unused imports: `Sigmoid`, `SoftPlus`, `log`
[INFO] [stdout]  --> src/cluster.rs:2:13
[INFO] [stdout]   |
[INFO] [stdout] 2 | use crate::{log, ml::{activation::{CalcMod, HyperbolicTangent, RectifiedLinearUnit, Sigmoid, SoftMax, SoftPlus}, cost::cross_entropy::Cro...
[INFO] [stdout]   |             ^^^                                                                     ^^^^^^^           ^^^^^^^^
[INFO] [stdout] 
[INFO] [stdout] 
[INFO] [stdout] warning: unused imports: `cell::RefCell`, `rc::Rc`
[INFO] [stdout]  --> src/lib.rs:3:11
[INFO] [stdout]   |
[INFO] [stdout] 3 | use std::{cell::RefCell, rc::Rc};
[INFO] [stdout]   |           ^^^^^^^^^^^^^  ^^^^^^
[INFO] [stdout]   |
[INFO] [stdout]   = note: `#[warn(unused_imports)]` on by default
[INFO] [stdout] 
[INFO] [stdout] 
[INFO] [stdout] warning: unused import: `ImageData`
[INFO] [stdout]  --> src/lib.rs:9:41
[INFO] [stdout]   |
[INFO] [stdout] 9 | use web_sys::{CanvasRenderingContext2d, ImageData};
[INFO] [stdout]   |                                         ^^^^^^^^^
[INFO] [stdout] 
[INFO] [stdout] 
[INFO] [stdout] warning: unused import: `wasm_bindgen::JsCast`
[INFO] [stdout]   --> src/lib.rs:10:5
[INFO] [stdout]    |
[INFO] [stdout] 10 | use wasm_bindgen::JsCast;
[INFO] [stdout]    |     ^^^^^^^^^^^^^^^^^^^^
[INFO] [stdout] 
[INFO] [stdout] 
[INFO] [stdout] warning: unused imports: `Sigmoid`, `SoftPlus`, `log`
[INFO] [stdout]  --> src/cluster.rs:2:13
[INFO] [stdout]   |
[INFO] [stdout] 2 | use crate::{log, ml::{activation::{CalcMod, HyperbolicTangent, RectifiedLinearUnit, Sigmoid, SoftMax, SoftPlus}, cost::cross_entropy::Cro...
[INFO] [stdout]   |             ^^^                                                                     ^^^^^^^           ^^^^^^^^
[INFO] [stdout] 
[INFO] [stdout] 
[INFO] [stdout] error: aborting due to 20 previous errors; 4 warnings emitted
[INFO] [stdout] 
[INFO] [stdout] 
[INFO] [stdout] For more information about this error, try `rustc --explain E0433`.
[INFO] [stdout] 
[INFO] [stdout] error: aborting due to 20 previous errors; 4 warnings emitted
[INFO] [stdout] 
[INFO] [stdout] 
[INFO] [stdout] For more information about this error, try `rustc --explain E0433`.
[INFO] [stdout] 
[INFO] [stderr] error: could not compile `wasm_cluster` due to 21 previous errors; 4 warnings emitted
[INFO] [stderr] warning: build failed, waiting for other jobs to finish...
[INFO] [stderr] error: build failed
[INFO] running `Command { std: "docker" "inspect" "42d4c4bba5cf542f58def40a3178b06d22ded756a98a6b253b00e588c6aed320", kill_on_drop: false }`
[INFO] running `Command { std: "docker" "rm" "-f" "42d4c4bba5cf542f58def40a3178b06d22ded756a98a6b253b00e588c6aed320", kill_on_drop: false }`
[INFO] [stdout] 42d4c4bba5cf542f58def40a3178b06d22ded756a98a6b253b00e588c6aed320
