[INFO] cloning repository https://github.com/maueki/openvx-rust
[INFO] running `Command { std: "git" "-c" "credential.helper=" "-c" "credential.helper=/workspace/cargo-home/bin/git-credential-null" "clone" "--bare" "https://github.com/maueki/openvx-rust" "/workspace/cache/git-repos/https%3A%2F%2Fgithub.com%2Fmaueki%2Fopenvx-rust", kill_on_drop: false }`
[INFO] [stderr] Cloning into bare repository '/workspace/cache/git-repos/https%3A%2F%2Fgithub.com%2Fmaueki%2Fopenvx-rust'...
[INFO] running `Command { std: "git" "rev-parse" "HEAD", kill_on_drop: false }`
[INFO] [stdout] c7bc7d16f0f7a09fe9254add2d38a9e23050888d
[INFO] checking maueki/openvx-rust against beta-2021-10-15 for beta-1.56-3
[INFO] running `Command { std: "git" "clone" "/workspace/cache/git-repos/https%3A%2F%2Fgithub.com%2Fmaueki%2Fopenvx-rust" "/workspace/builds/worker-108/source", kill_on_drop: false }`
[INFO] [stderr] Cloning into '/workspace/builds/worker-108/source'...
[INFO] [stderr] done.
[INFO] validating manifest of git repo https://github.com/maueki/openvx-rust on toolchain beta-2021-10-15
[INFO] running `Command { std: "/workspace/cargo-home/bin/cargo" "+beta-2021-10-15" "metadata" "--manifest-path" "Cargo.toml" "--no-deps", kill_on_drop: false }`
[INFO] started tweaking git repo https://github.com/maueki/openvx-rust
[INFO] finished tweaking git repo https://github.com/maueki/openvx-rust
[INFO] tweaked toml for git repo https://github.com/maueki/openvx-rust written to /workspace/builds/worker-108/source/Cargo.toml
[INFO] crate git repo https://github.com/maueki/openvx-rust already has a lockfile, it will not be regenerated
[INFO] running `Command { std: "/workspace/cargo-home/bin/cargo" "+beta-2021-10-15" "fetch" "--manifest-path" "Cargo.toml", kill_on_drop: false }`
[INFO] [stderr]     Blocking waiting for file lock on package cache
[INFO] [stderr]     Updating git repository `https://github.com/maueki/nnef-parser-rs.git`
[INFO] [stderr]     Updating crates.io index
[INFO] [stderr]     Blocking waiting for file lock on package cache
[INFO] running `Command { std: "docker" "create" "-v" "/var/lib/crater-agent-workspace/builds/worker-108/target:/opt/rustwide/target:rw,Z" "-v" "/var/lib/crater-agent-workspace/builds/worker-108/source:/opt/rustwide/workdir:ro,Z" "-v" "/var/lib/crater-agent-workspace/cargo-home:/opt/rustwide/cargo-home:ro,Z" "-v" "/var/lib/crater-agent-workspace/rustup-home:/opt/rustwide/rustup-home:ro,Z" "-e" "SOURCE_DIR=/opt/rustwide/workdir" "-e" "CARGO_TARGET_DIR=/opt/rustwide/target" "-e" "CARGO_HOME=/opt/rustwide/cargo-home" "-e" "RUSTUP_HOME=/opt/rustwide/rustup-home" "-w" "/opt/rustwide/workdir" "-m" "1610612736" "--user" "0:0" "--network" "none" "ghcr.io/rust-lang/crates-build-env/linux@sha256:a89201d6b5b9fd45c15d5952ece0a0129e7e80cb26ec023fd59cf09bc26f1604" "/opt/rustwide/cargo-home/bin/cargo" "+beta-2021-10-15" "metadata" "--no-deps" "--format-version=1", kill_on_drop: false }`
[INFO] [stdout] ab50ef85b2e0f9b852f0d7a4625c00e08480c1da72ce048ef5b6d72f03702996
[INFO] running `Command { std: "docker" "start" "-a" "ab50ef85b2e0f9b852f0d7a4625c00e08480c1da72ce048ef5b6d72f03702996", kill_on_drop: false }`
[INFO] running `Command { std: "docker" "inspect" "ab50ef85b2e0f9b852f0d7a4625c00e08480c1da72ce048ef5b6d72f03702996", kill_on_drop: false }`
[INFO] running `Command { std: "docker" "rm" "-f" "ab50ef85b2e0f9b852f0d7a4625c00e08480c1da72ce048ef5b6d72f03702996", kill_on_drop: false }`
[INFO] [stdout] ab50ef85b2e0f9b852f0d7a4625c00e08480c1da72ce048ef5b6d72f03702996
[INFO] running `Command { std: "docker" "create" "-v" "/var/lib/crater-agent-workspace/builds/worker-108/target:/opt/rustwide/target:rw,Z" "-v" "/var/lib/crater-agent-workspace/builds/worker-108/source:/opt/rustwide/workdir:ro,Z" "-v" "/var/lib/crater-agent-workspace/cargo-home:/opt/rustwide/cargo-home:ro,Z" "-v" "/var/lib/crater-agent-workspace/rustup-home:/opt/rustwide/rustup-home:ro,Z" "-e" "SOURCE_DIR=/opt/rustwide/workdir" "-e" "CARGO_TARGET_DIR=/opt/rustwide/target" "-e" "CARGO_INCREMENTAL=0" "-e" "RUST_BACKTRACE=full" "-e" "RUSTFLAGS=--cap-lints=warn" "-e" "CARGO_HOME=/opt/rustwide/cargo-home" "-e" "RUSTUP_HOME=/opt/rustwide/rustup-home" "-w" "/opt/rustwide/workdir" "-m" "1610612736" "--user" "0:0" "--network" "none" "ghcr.io/rust-lang/crates-build-env/linux@sha256:a89201d6b5b9fd45c15d5952ece0a0129e7e80cb26ec023fd59cf09bc26f1604" "/opt/rustwide/cargo-home/bin/cargo" "+beta-2021-10-15" "check" "--frozen" "--all" "--all-targets" "--message-format=json", kill_on_drop: false }`
[INFO] [stdout] f40015cab966e427bc910190ce643bfb9f5af881960e0e965d1cd1262d38d74a
[INFO] running `Command { std: "docker" "start" "-a" "f40015cab966e427bc910190ce643bfb9f5af881960e0e965d1cd1262d38d74a", kill_on_drop: false }`
[INFO] [stderr]     Blocking waiting for file lock on package cache
[INFO] [stderr]    Compiling libc v0.2.39
[INFO] [stderr]    Compiling quote v0.3.15
[INFO] [stderr]    Compiling lazy_static v1.0.0
[INFO] [stderr]    Compiling glob v0.2.11
[INFO] [stderr]    Compiling void v1.0.2
[INFO] [stderr]    Compiling libloading v0.4.3
[INFO] [stderr]    Compiling ucd-util v0.1.1
[INFO] [stderr]    Compiling utf8-ranges v1.0.0
[INFO] [stderr]    Compiling unicode-width v0.1.4
[INFO] [stderr]    Compiling quick-error v1.2.1
[INFO] [stderr]    Compiling cfg-if v0.1.2
[INFO] [stderr]    Compiling cc v1.0.5
[INFO] [stderr]    Compiling strsim v0.7.0
[INFO] [stderr]    Compiling ansi_term v0.11.0
[INFO] [stderr]    Compiling bitflags v1.0.1
[INFO] [stderr]    Compiling vec_map v0.8.0
[INFO] [stderr]    Compiling termcolor v0.3.5
[INFO] [stderr]    Compiling bindgen v0.33.1
[INFO] [stderr]    Compiling peeking_take_while v0.1.2
[INFO] [stderr]     Checking rustc-demangle v0.1.7
[INFO] [stderr]     Checking byteorder v1.2.1
[INFO] [stderr]    Compiling unicode-xid v0.0.4
[INFO] [stderr]    Compiling gcc v0.3.54
[INFO] [stderr]     Checking ascii v0.9.3
[INFO] [stderr]     Checking either v1.6.1
[INFO] [stderr]    Compiling unreachable v1.0.0
[INFO] [stderr]    Compiling log v0.4.1
[INFO] [stderr]    Compiling thread_local v0.3.5
[INFO] [stderr]    Compiling regex-syntax v0.5.0
[INFO] [stderr]    Compiling memchr v2.0.1
[INFO] [stderr]    Compiling memchr v1.0.2
[INFO] [stderr]    Compiling atty v0.2.8
[INFO] [stderr]    Compiling which v1.0.5
[INFO] [stderr]    Compiling humantime v1.1.1
[INFO] [stderr]    Compiling textwrap v0.9.0
[INFO] [stderr]    Compiling synom v0.11.3
[INFO] [stderr]    Compiling aho-corasick v0.6.4
[INFO] [stderr]    Compiling clang-sys v0.21.2
[INFO] [stderr]    Compiling nom v3.2.1
[INFO] [stderr]    Compiling syn v0.11.11
[INFO] [stderr]    Compiling clap v2.31.1
[INFO] [stderr]     Checking iovec v0.1.2
[INFO] [stderr]     Checking bytes v0.4.6
[INFO] [stderr]     Checking combine v3.6.7
[INFO] [stderr]    Compiling cv v0.2.1 (https://github.com/nebgnahz/cv-rs.git#4d299166)
[INFO] [stderr]    Compiling backtrace-sys v0.1.16
[INFO] [stderr] The following warnings were emitted during compilation:
[INFO] [stderr] 
[INFO] [stderr] warning: In file included from native/text.h:4,
[INFO] [stderr] warning:                  from native/text.cc:1:
[INFO] [stderr] warning: native/common.h:6:10: fatal error: opencv2/core.hpp: No such file or directory
[INFO] [stderr] warning:     6 | #include <opencv2/core.hpp>
[INFO] [stderr] warning:       |          ^~~~~~~~~~~~~~~~~~
[INFO] [stderr] warning: compilation terminated.
[INFO] [stderr] 
[INFO] [stderr] error: failed to run custom build command for `cv v0.2.1 (https://github.com/nebgnahz/cv-rs.git#4d299166)`
[INFO] [stderr] 
[INFO] [stderr] Caused by:
[INFO] [stderr]   process didn't exit successfully: `/opt/rustwide/target/debug/build/cv-d441fb4eb94566f1/build-script-build` (exit status: 101)
[INFO] [stderr]   --- stdout
[INFO] [stderr]   TARGET = Some("x86_64-unknown-linux-gnu")
[INFO] [stderr]   OPT_LEVEL = Some("0")
[INFO] [stderr]   TARGET = Some("x86_64-unknown-linux-gnu")
[INFO] [stderr]   HOST = Some("x86_64-unknown-linux-gnu")
[INFO] [stderr]   TARGET = Some("x86_64-unknown-linux-gnu")
[INFO] [stderr]   TARGET = Some("x86_64-unknown-linux-gnu")
[INFO] [stderr]   HOST = Some("x86_64-unknown-linux-gnu")
[INFO] [stderr]   CXX_x86_64-unknown-linux-gnu = None
[INFO] [stderr]   CXX_x86_64_unknown_linux_gnu = None
[INFO] [stderr]   HOST_CXX = None
[INFO] [stderr]   CXX = None
[INFO] [stderr]   HOST = Some("x86_64-unknown-linux-gnu")
[INFO] [stderr]   TARGET = Some("x86_64-unknown-linux-gnu")
[INFO] [stderr]   HOST = Some("x86_64-unknown-linux-gnu")
[INFO] [stderr]   CXXFLAGS_x86_64-unknown-linux-gnu = None
[INFO] [stderr]   CXXFLAGS_x86_64_unknown_linux_gnu = None
[INFO] [stderr]   HOST_CXXFLAGS = None
[INFO] [stderr]   CXXFLAGS = None
[INFO] [stderr]   DEBUG = Some("true")
[INFO] [stderr]   running: "c++" "-O0" "-ffunction-sections" "-fdata-sections" "-fPIC" "-g" "-m64" "-I" "native" "-I" "/usr/local/include" "--std=c++11" "-Wall" "-Wextra" "-o" "/opt/rustwide/target/debug/build/cv-93d9f56e87d0a26a/out/native/text.o" "-c" "native/text.cc"
[INFO] [stderr]   cargo:warning=In file included from native/text.h:4,
[INFO] [stderr]   cargo:warning=                 from native/text.cc:1:
[INFO] [stderr]   cargo:warning=native/common.h:6:10: fatal error: opencv2/core.hpp: No such file or directory
[INFO] [stderr]   cargo:warning=    6 | #include <opencv2/core.hpp>
[INFO] [stderr]   cargo:warning=      |          ^~~~~~~~~~~~~~~~~~
[INFO] [stderr]   cargo:warning=compilation terminated.
[INFO] [stderr]   exit status: 1
[INFO] [stderr] 
[INFO] [stderr]   --- stderr
[INFO] [stderr]   thread 'main' panicked at '
[INFO] [stderr] 
[INFO] [stderr]   Internal error occurred: Command "c++" "-O0" "-ffunction-sections" "-fdata-sections" "-fPIC" "-g" "-m64" "-I" "native" "-I" "/usr/local/include" "--std=c++11" "-Wall" "-Wextra" "-o" "/opt/rustwide/target/debug/build/cv-93d9f56e87d0a26a/out/native/text.o" "-c" "native/text.cc" with args "c++" did not execute successfully (status code exit status: 1).
[INFO] [stderr] 
[INFO] [stderr]   ', /opt/rustwide/cargo-home/registry/src/github.com-1ecc6299db9ec823/gcc-0.3.54/src/lib.rs:1670:5
[INFO] [stderr]   stack backtrace:
[INFO] [stderr]      0:     0x558b0e56c9fc - std::backtrace_rs::backtrace::libunwind::trace::h51faa62df48810e4
[INFO] [stderr]                                  at /rustc/58268ff091703ace98c3c2a8c5f2fb2c3aecace2/library/std/src/../../backtrace/src/backtrace/libunwind.rs:90:5
[INFO] [stderr]      1:     0x558b0e56c9fc - std::backtrace_rs::backtrace::trace_unsynchronized::h91de4d8e16d607e4
[INFO] [stderr]                                  at /rustc/58268ff091703ace98c3c2a8c5f2fb2c3aecace2/library/std/src/../../backtrace/src/backtrace/mod.rs:66:5
[INFO] [stderr]      2:     0x558b0e56c9fc - std::sys_common::backtrace::_print_fmt::h71b0935f97e4322c
[INFO] [stderr]                                  at /rustc/58268ff091703ace98c3c2a8c5f2fb2c3aecace2/library/std/src/sys_common/backtrace.rs:67:5
[INFO] [stderr]      3:     0x558b0e56c9fc - <std::sys_common::backtrace::_print::DisplayBacktrace as core::fmt::Display>::fmt::h9a78218788c14e18
[INFO] [stderr]                                  at /rustc/58268ff091703ace98c3c2a8c5f2fb2c3aecace2/library/std/src/sys_common/backtrace.rs:46:22
[INFO] [stderr]      4:     0x558b0e58c97c - core::fmt::write::h3381b3176fe2b3d3
[INFO] [stderr]                                  at /rustc/58268ff091703ace98c3c2a8c5f2fb2c3aecace2/library/core/src/fmt/mod.rs:1150:17
[INFO] [stderr]      5:     0x558b0e569195 - std::io::Write::write_fmt::h1d5220480c7a2437
[INFO] [stderr]                                  at /rustc/58268ff091703ace98c3c2a8c5f2fb2c3aecace2/library/std/src/io/mod.rs:1667:15
[INFO] [stderr]      6:     0x558b0e56e440 - std::sys_common::backtrace::_print::h4b77abc4d907ed0e
[INFO] [stderr]                                  at /rustc/58268ff091703ace98c3c2a8c5f2fb2c3aecace2/library/std/src/sys_common/backtrace.rs:49:5
[INFO] [stderr]      7:     0x558b0e56e440 - std::sys_common::backtrace::print::hb170c60b542377ad
[INFO] [stderr]                                  at /rustc/58268ff091703ace98c3c2a8c5f2fb2c3aecace2/library/std/src/sys_common/backtrace.rs:36:9
[INFO] [stderr]      8:     0x558b0e56e440 - std::panicking::default_hook::{{closure}}::h12bbda9af8901ee3
[INFO] [stderr]                                  at /rustc/58268ff091703ace98c3c2a8c5f2fb2c3aecace2/library/std/src/panicking.rs:210:50
[INFO] [stderr]      9:     0x558b0e56dff7 - std::panicking::default_hook::h8c6c66d3f3ba6768
[INFO] [stderr]                                  at /rustc/58268ff091703ace98c3c2a8c5f2fb2c3aecace2/library/std/src/panicking.rs:227:9
[INFO] [stderr]     10:     0x558b0e56eaf4 - std::panicking::rust_panic_with_hook::h36f2fa0bb09f4069
[INFO] [stderr]                                  at /rustc/58268ff091703ace98c3c2a8c5f2fb2c3aecace2/library/std/src/panicking.rs:624:17
[INFO] [stderr]     11:     0x558b0e56e5d0 - std::panicking::begin_panic_handler::{{closure}}::h9c42b65a42d06a7a
[INFO] [stderr]                                  at /rustc/58268ff091703ace98c3c2a8c5f2fb2c3aecace2/library/std/src/panicking.rs:521:13
[INFO] [stderr]     12:     0x558b0e56cec4 - std::sys_common::backtrace::__rust_end_short_backtrace::hc791bddfe31e532c
[INFO] [stderr]                                  at /rustc/58268ff091703ace98c3c2a8c5f2fb2c3aecace2/library/std/src/sys_common/backtrace.rs:141:18
[INFO] [stderr]     13:     0x558b0e56e539 - rust_begin_unwind
[INFO] [stderr]                                  at /rustc/58268ff091703ace98c3c2a8c5f2fb2c3aecace2/library/std/src/panicking.rs:517:5
[INFO] [stderr]     14:     0x558b0e513bbb - std::panicking::begin_panic_fmt::h32ac317c038a272d
[INFO] [stderr]                                  at /rustc/58268ff091703ace98c3c2a8c5f2fb2c3aecace2/library/std/src/panicking.rs:460:5
[INFO] [stderr]     15:     0x558b0e52a0fb - gcc::fail::hf736217bd27d37b2
[INFO] [stderr]                                  at /opt/rustwide/cargo-home/registry/src/github.com-1ecc6299db9ec823/gcc-0.3.54/src/lib.rs:1670:5
[INFO] [stderr]     16:     0x558b0e51c699 - gcc::Build::compile::h66af854b2606f93b
[INFO] [stderr]                                  at /opt/rustwide/cargo-home/registry/src/github.com-1ecc6299db9ec823/gcc-0.3.54/src/lib.rs:783:13
[INFO] [stderr]     17:     0x558b0e516c86 - build_script_build::main::hd2e21b77c5ec6526
[INFO] [stderr]                                  at /opt/rustwide/cargo-home/git/checkouts/cv-rs-2ef8cae194ab26b5/4d29916/build.rs:87:5
[INFO] [stderr]     18:     0x558b0e515adb - core::ops::function::FnOnce::call_once::h4a7bf1eb8274de2c
[INFO] [stderr]                                  at /rustc/58268ff091703ace98c3c2a8c5f2fb2c3aecace2/library/core/src/ops/function.rs:227:5
[INFO] [stderr]     19:     0x558b0e5165be - std::sys_common::backtrace::__rust_begin_short_backtrace::h68c511c04fd7f5b8
[INFO] [stderr]                                  at /rustc/58268ff091703ace98c3c2a8c5f2fb2c3aecace2/library/std/src/sys_common/backtrace.rs:125:18
[INFO] [stderr]     20:     0x558b0e516651 - std::rt::lang_start::{{closure}}::h9ecf06ccc2bb1fb1
[INFO] [stderr]                                  at /rustc/58268ff091703ace98c3c2a8c5f2fb2c3aecace2/library/std/src/rt.rs:63:18
[INFO] [stderr]     21:     0x558b0e56effa - core::ops::function::impls::<impl core::ops::function::FnOnce<A> for &F>::call_once::hc590b210ed55e22f
[INFO] [stderr]                                  at /rustc/58268ff091703ace98c3c2a8c5f2fb2c3aecace2/library/core/src/ops/function.rs:259:13
[INFO] [stderr]     22:     0x558b0e56effa - std::panicking::try::do_call::h5f0600b7a33ea1af
[INFO] [stderr]                                  at /rustc/58268ff091703ace98c3c2a8c5f2fb2c3aecace2/library/std/src/panicking.rs:403:40
[INFO] [stderr]     23:     0x558b0e56effa - std::panicking::try::he15826df0f376a33
[INFO] [stderr]                                  at /rustc/58268ff091703ace98c3c2a8c5f2fb2c3aecace2/library/std/src/panicking.rs:367:19
[INFO] [stderr]     24:     0x558b0e56effa - std::panic::catch_unwind::hd8af3a578b6b4c86
[INFO] [stderr]                                  at /rustc/58268ff091703ace98c3c2a8c5f2fb2c3aecace2/library/std/src/panic.rs:129:14
[INFO] [stderr]     25:     0x558b0e56effa - std::rt::lang_start_internal::{{closure}}::h301d1329324ae1f0
[INFO] [stderr]                                  at /rustc/58268ff091703ace98c3c2a8c5f2fb2c3aecace2/library/std/src/rt.rs:45:48
[INFO] [stderr]     26:     0x558b0e56effa - std::panicking::try::do_call::h941e8fdb0bd03655
[INFO] [stderr]                                  at /rustc/58268ff091703ace98c3c2a8c5f2fb2c3aecace2/library/std/src/panicking.rs:403:40
[INFO] [stderr]     27:     0x558b0e56effa - std::panicking::try::ha20a77bf65530f63
[INFO] [stderr]                                  at /rustc/58268ff091703ace98c3c2a8c5f2fb2c3aecace2/library/std/src/panicking.rs:367:19
[INFO] [stderr]     28:     0x558b0e56effa - std::panic::catch_unwind::h33afc061cc69ef90
[INFO] [stderr]                                  at /rustc/58268ff091703ace98c3c2a8c5f2fb2c3aecace2/library/std/src/panic.rs:129:14
[INFO] [stderr]     29:     0x558b0e56effa - std::rt::lang_start_internal::hc05c244593147106
[INFO] [stderr]                                  at /rustc/58268ff091703ace98c3c2a8c5f2fb2c3aecace2/library/std/src/rt.rs:45:20
[INFO] [stderr]     30:     0x558b0e516620 - std::rt::lang_start::h341787abd00cfb5f
[INFO] [stderr]                                  at /rustc/58268ff091703ace98c3c2a8c5f2fb2c3aecace2/library/std/src/rt.rs:62:5
[INFO] [stderr]     31:     0x558b0e516f3c - main
[INFO] [stderr]     32:     0x7f8585d470b3 - __libc_start_main
[INFO] [stderr]     33:     0x558b0e514a6e - _start
[INFO] [stderr]     34:                0x0 - <unknown>
[INFO] [stderr] warning: build failed, waiting for other jobs to finish...
[INFO] [stderr] error: build failed
[INFO] running `Command { std: "docker" "inspect" "f40015cab966e427bc910190ce643bfb9f5af881960e0e965d1cd1262d38d74a", kill_on_drop: false }`
[INFO] running `Command { std: "docker" "rm" "-f" "f40015cab966e427bc910190ce643bfb9f5af881960e0e965d1cd1262d38d74a", kill_on_drop: false }`
[INFO] [stdout] f40015cab966e427bc910190ce643bfb9f5af881960e0e965d1cd1262d38d74a
